000
CXUS54 KHGX 011510
CF6SGR
PRELIMINARY LOCAL CLIMATOLOGICAL DATA (WS FORM: F-6)
STATION: SUGAR LAND/HULL FLD
MONTH: JANUARY
YEAR: 2023
LATITUDE: 29 37 N
LONGITUDE: 95 39 W
TEMPERATURE IN F: :PCPN: SNOW: WIND :SUNSHINE: SKY :PK WND
================================================================================
1 2 3 4 5 6A 6B 7 8 9 10 11 12 13 14 15 16 17 18
12Z AVG MX 2MIN
DY MAX MIN AVG DEP HDD CDD WTR SNW DPTH SPD SPD DIR MIN PSBL S-S WX SPD DR
================================================================================
1 82 54 68 14 0 3 0.00 0.0 0 7.4 17 170 M M 8 12 23 160
2 78 73 76 22 0 11 0.09 0.0 0 15.3 29 200 M M 10 13 35 200
3 80 54 67 13 0 2 0.03 0.0 0 7.0 15 340 M M 4 13 18 320
4 75 47 61 7 4 0 0.00 0.0 0 3.7 15 290 M M 0 22 280
5 76 42 59 5 6 0 0.00 0.0 0 2.9 9 30 M M 0 11 20
6 81 53 67 13 0 2 0.00 0.0 0 8.3 23 180 M M 2 12 29 170
7 83 59 71 17 0 6 0.01 0.0 0 6.5 15 170 M M 5 13 21 150
8 72 50 61 7 4 0 0.43 0.0 0 8.4 22 30 M M 3 13 29 30
9 72 46 59 5 6 0 0.00 0.0 0 6.6 13 150 M M 2 19 110
10 78 57 68 14 0 3 0.00 0.0 0 6.8 17 230 M M 6 12 22 240
11 82 64 73 19 0 8 0.00 0.0 0 15.5 24 210 M M 7 1 34 220
12 72 51 62 8 3 0 T 0.0 0 14.1 24 330 M M 2 36 340
13 64 40 52 -2 13 0 0.00 0.0 0 9.6 21 10 M M 0 28 20
14 66 34 50 -4 15 0 0.00 0.0 0 6.2 16 140 M M 0 22 140
15 76 50 63 9 2 0 0.00 0.0 0 12.3 28 210 M M 7 31 180
16 78 62 70 16 0 5 0.01 0.0 0 10.0 22 180 M M 10 18 30 170
17 81 66 74 19 0 9 T 0.0 0 8.1 17 140 M M 9 1 22 150
18 81 49 65 10 0 0 T 0.0 0 8.1 22 330 M M 7 29 210
19 73 45 59 4 6 0 0.00 0.0 0 7.3 17 360 M M 0 24 10
20 57 52 55 0 10 0 T 0.0 0 11.5 18 50 M M 8 24 50
21 57 50 54 -1 11 0 T 0.0 0 8.6 20 100 M M 10 27 110
22 61 41 51 -4 14 0 0.00 0.0 0 8.7 20 340 M M 2 1 27 310
23 61 34 48 -7 17 0 0.00 0.0 0 8.5 17 80 M M 2 22 80
24 72 45 59 4 6 0 1.98 0.0 0 14.8 29 160 M M 7 123 51 180
25 55 39 47 -8 18 0 0.00 0.0 0 10.8 21 330 M M 4 31 340
26 58 32 45 -10 20 0 0.00 0.0 0 3.8 13 20 M M 0 16 20
27 59 34 47 -9 18 0 0.00 0.0 0 4.9 12 140 M M 6 17 140
28 71 58 65 9 0 0 0.25 0.0 0 9.6 20 170 M M 10 1 29 180
29 78 54 66 10 0 1 0.24 0.0 0 10.6 21 220 M M 10 13 30 200
30 54 38 46 -10 19 0 T 0.0 0 11.7 17 360 M M 10 1 22 360
31 44 37 41 -15 24 0 T 0.0 0 12.9 20 10 M M 10 1 27 360
================================================================================
SM 2177 1510 216 50 3.04 0.0 280.5 M 161
================================================================================
AV 70.2 48.7 9.0 FASTST M M 5 MAX(MPH)
MISC ----> # 29 200 51 180
================================================================================
NOTES:
# LAST OF SEVERAL OCCURRENCES
COLUMN 17 PEAK WIND IN M.P.H.
PRELIMINARY LOCAL CLIMATOLOGICAL DATA (WS FORM: F-6) , PAGE 2
STATION: SUGAR LAND/HULL FLD
MONTH: JANUARY
YEAR: 2023
LATITUDE: 29 37 N
LONGITUDE: 95 39 W
[TEMPERATURE DATA] [PRECIPITATION DATA] SYMBOLS USED IN COLUMN 16
AVERAGE MONTHLY: 59.5 TOTAL FOR MONTH: 3.04 1 = FOG OR MIST
DPTR FM NORMAL: 4.7 DPTR FM NORMAL: -0.59 2 = FOG REDUCING VISIBILITY
HIGHEST: 83 ON 7 GRTST 24HR 2.34 ON 28-29 TO 1/4 MILE OR LESS
LOWEST: 32 ON 26 3 = THUNDER
SNOW, ICE PELLETS, HAIL 4 = ICE PELLETS
TOTAL MONTH: 0.0 INCH 5 = HAIL
GRTST 24HR 0.0 6 = FREEZING RAIN OR DRIZZLE
GRTST DEPTH: 0 7 = DUSTSTORM OR SANDSTORM:
VSBY 1/2 MILE OR LESS
8 = SMOKE OR HAZE
[NO. OF DAYS WITH] [WEATHER - DAYS WITH] 9 = BLOWING SNOW
X = TORNADO
MAX 32 OR BELOW: 0 0.01 INCH OR MORE: 8
MAX 90 OR ABOVE: 0 0.10 INCH OR MORE: 4
MIN 32 OR BELOW: 1 0.50 INCH OR MORE: 1
MIN 0 OR BELOW: 0 1.00 INCH OR MORE: 1
[HDD (BASE 65) ]
TOTAL THIS MO. 216 CLEAR (SCALE 0-3) 11
DPTR FM NORMAL -122 PTCLDY (SCALE 4-7) 10
TOTAL FM JUL 1 721 CLOUDY (SCALE 8-10) 10
DPTR FM NORMAL -80
[CDD (BASE 65) ]
TOTAL THIS MO. 50
DPTR FM NORMAL 28 [PRESSURE DATA]
TOTAL FM JAN 1 50 HIGHEST SLP 30.46 ON 26
DPTR FM NORMAL 28 LOWEST SLP 29.55 ON 24
[REMARKS]
#FINAL-01-23#