000
CXUS55 KBYZ 011100
CF6SHR
PRELIMINARY LOCAL CLIMATOLOGICAL DATA (WS FORM: F-6)
STATION: SHERIDAN WY
MONTH: NOVEMBER
YEAR: 2023
LATITUDE: 44 46 N
LONGITUDE: 106 58 W
TEMPERATURE IN F: :PCPN: SNOW: WIND :SUNSHINE: SKY :PK WND
================================================================================
1 2 3 4 5 6A 6B 7 8 9 10 11 12 13 14 15 16 17 18
12Z AVG MX 2MIN
DY MAX MIN AVG DEP HDD CDD WTR SNW DPTH SPD SPD DIR MIN PSBL S-S WX SPD DR
================================================================================
1 57 22 40 1 25 0 0.00 M M 1.4 7 190 M M 0 9 190
2 58 27 43 5 22 0 0.01 M M 2.2 10 200 M M 5 8 12 320
3 62 32 47 9 18 0 0.01 M M 4.0 14 310 M M 5 16 310
4 63 28 46 8 19 0 0.00 M M 5.0 15 130 M M 2 23 130
5 64 35 50 13 15 0 0.00 M M 9.4 35 340 M M 2 47 350
6 66 30 48 11 17 0 0.00 M M 5.5 28 250 M M 0 48 260
7 57 30 44 8 21 0 0.00 M M 5.8 21 300 M M 0 29 300
8 50 26 38 2 27 0 0.06 M M 11.0 29 330 M M 5 1 36 330
9 47 22 35 -1 30 0 0.00 M M 7.4 21 340 M M 1 26 340
10 54 21 38 3 27 0 0.00 M M 3.4 9 300 M M 1 12 350
11 60 22 41 6 24 0 0.00 M M 3.3 15 260 M M 0 22 260
12 65 30 48 13 17 0 0.00 M M 5.5 22 300 M M 0 28 280
13 57 30 44 10 21 0 0.00 M M 3.5 12 190 M M 0 8 14 40
14 64 31 48 14 17 0 0.00 M M 4.6 15 270 M M 0 19 260
15 61 27 44 10 21 0 0.00 M M 4.9 16 340 M M 0 17 340
16 62 24 43 10 22 0 0.00 M M 9.2 33 320 M M 3 47 300
17 62 22 42 9 23 0 0.00 M M 3.8 14 140 M M 0 18 140
18 62 24 43 11 22 0 0.00 M M 2.3 16 150 M M 0 23 150
19 60 26 43 11 22 0 T M M 6.6 26 310 M M 2 34 310
20 48 23 36 4 29 0 T M M 13.2 32 310 M M 6 45 300
21 62 20 41 10 24 0 0.00 M M 2.6 10 180 M M 0 13 130
22 59 30 45 14 20 0 T M M 5.1 18 330 M M 3 23 330
23 40 22 31 1 34 0 0.39 M M 6.7 14 360 M M 10 1 18 350
24 24 8 16 -14 49 0 0.02 M M 6.6 18 130 M M 9 18 24 160
25 36 10 23 -7 42 0 0.00 M M 8.4 26 310 M M 5 35 310
26 40 22 31 2 34 0 0.00 M M 10.5 22 290 M M 8 30 330
27 39 16 28 -1 37 0 0.00 M M 3.5 12 280 M M 1 14 270
28 50 17 34 5 31 0 0.00 M M 3.2 7 220 M M 0 11 300
29 51 14 33 5 32 0 0.00 M M 2.5 13 300 M M 0 16 290
30 36 15 26 -2 39 0 0.00 M M 4.9 18 130 M M 4 27 120
================================================================================
SM 1616 706 781 0 0.49 M 166.0 M 72
================================================================================
AV 53.9 23.5 5.5 FASTST M M 2 MAX(MPH)
MISC ----> 35 340 48 260
================================================================================
NOTES:
# LAST OF SEVERAL OCCURRENCES
COLUMN 17 PEAK WIND IN M.P.H.
PRELIMINARY LOCAL CLIMATOLOGICAL DATA (WS FORM: F-6) , PAGE 2
STATION: SHERIDAN WY
MONTH: NOVEMBER
YEAR: 2023
LATITUDE: 44 46 N
LONGITUDE: 106 58 W
[TEMPERATURE DATA] [PRECIPITATION DATA] SYMBOLS USED IN COLUMN 16
AVERAGE MONTHLY: 38.7 TOTAL FOR MONTH: 0.49 1 = FOG OR MIST
DPTR FM NORMAL: 5.4 DPTR FM NORMAL: -0.27 2 = FOG REDUCING VISIBILITY
HIGHEST: 66 ON 6 GRTST 24HR 0.40 ON 23-24 TO 1/4 MILE OR LESS
LOWEST: 8 ON 24 3 = THUNDER
SNOW, ICE PELLETS, HAIL 4 = ICE PELLETS
TOTAL MONTH: M 5 = HAIL
GRTST 24HR M ON M 6 = FREEZING RAIN OR DRIZZLE
GRTST DEPTH: M ON M 7 = DUSTSTORM OR SANDSTORM:
VSBY 1/2 MILE OR LESS
8 = SMOKE OR HAZE
[NO. OF DAYS WITH] [WEATHER - DAYS WITH] 9 = BLOWING SNOW
X = TORNADO
MAX 32 OR BELOW: 1 0.01 INCH OR MORE: 5
MAX 90 OR ABOVE: 0 0.10 INCH OR MORE: 1
MIN 32 OR BELOW: 29 0.50 INCH OR MORE: 0
MIN 0 OR BELOW: 0 1.00 INCH OR MORE: 0
[HDD (BASE 65) ]
TOTAL THIS MO. 781 CLEAR (SCALE 0-3) 21
DPTR FM NORMAL -170 PTCLDY (SCALE 4-7) 7
TOTAL FM JUL 1 1524 CLOUDY (SCALE 8-10) 2
DPTR FM NORMAL -306
[CDD (BASE 65) ]
TOTAL THIS MO. 0
DPTR FM NORMAL 0 [PRESSURE DATA]
TOTAL FM JAN 1 385 HIGHEST SLP 30.60 ON 20
DPTR FM NORMAL -57 LOWEST SLP 29.57 ON 6
[REMARKS]
#FINAL-11-23#