000
CXUS55 KBYZ 011000
CF6SHR
PRELIMINARY LOCAL CLIMATOLOGICAL DATA (WS FORM: F-6)
STATION: SHERIDAN WY
MONTH: SEPTEMBER
YEAR: 2023
LATITUDE: 44 46 N
LONGITUDE: 106 58 W
TEMPERATURE IN F: :PCPN: SNOW: WIND :SUNSHINE: SKY :PK WND
================================================================================
1 2 3 4 5 6A 6B 7 8 9 10 11 12 13 14 15 16 17 18
12Z AVG MX 2MIN
DY MAX MIN AVG DEP HDD CDD WTR SNW DPTH SPD SPD DIR MIN PSBL S-S WX SPD DR
================================================================================
1 93 46 70 6 0 5 0.00 M M 6.0 25 240 M M 0 38 230
2 96 58 77 13 0 12 0.00 M M 5.4 18 300 M M 1 26 250
3 94 56 75 11 0 10 T M M 5.3 24 310 M M 2 3 31 320
4 70 54 62 -2 3 0 1.45 M M 10.2 23 310 M M 7 13 30 320
5 71 50 61 -2 4 0 0.02 M M 6.4 17 310 M M 6 18 22 310
6 83 48 66 3 0 1 0.00 M M 2.4 10 110 M M 2 18 13 100
7 82 52 67 5 0 2 T M M 5.2 17 300 M M 1 23 310
8 79 50 65 3 0 0 T M M 6.1 25 330 M M 1 3 37 320
9 75 52 64 2 1 0 0.11 M M 3.5 26 330 M M 5 13 38 320
10 74 49 62 1 3 0 0.00 M M 3.6 17 40 M M 5 3 22 30
11 76 44 60 -1 5 0 0.00 M M 1.3 8 70 M M 0 11 80
12 82 45 64 3 1 0 0.00 M M 2.1 10 110 M M 1 14 110
13 80 47 64 4 1 0 0.01 M M 7.2 24 290 M M 4 32 300
14 75 48 62 2 3 0 T M M 4.1 13 300 M M 7 17 300
15 77 44 61 1 4 0 0.00 M M 2.0 10 30 M M 0 14 30
16 84 43 64 5 1 0 0.00 M M 1.4 8 180 M M 0 11 110
17 87 44 66 7 0 1 0.00 M M 2.9 12 270 M M 0 14 350
18 86 52 69 11 0 4 T M M 3.3 32 220 M M 0 43 220
19 78 49 64 6 1 0 0.00 M M 4.6 16 300 M M 0 20 300
20 72 50 61 4 4 0 0.00 M M 5.7 20 310 M M 1 24 310
21 70 49 60 3 5 0 0.16 M M 7.9 21 310 M M 2 13 28 290
22 60 49 55 -1 10 0 1.03 M M 5.6 20 260 M M 9 13 25 270
23 65 45 55 -1 10 0 0.00 M M 10.3 26 330 M M 6 33 330
24 74 40 57 1 8 0 0.00 M M 1.9 8 170 M M 0 10 30
25 80 39 60 5 5 0 0.00 M M 3.0 13 120 M M 0 19 130
26 83 39 61 6 4 0 0.00 M M 2.0 9 210 M M 0 11 70
27 79 44 62 8 3 0 0.00 M M 6.7 32 310 M M 0 53 300
28 66 41 54 0 11 0 0.00 M M 5.2 33 310 M M 2 45 300
29 74 38 56 3 9 0 0.00 M M 4.0 12 280 M M 0 14 40
30 71 42 57 4 8 0 0.00 M M 7.4 17 300 M M 0 21 300
================================================================================
SM 2336 1407 104 35 2.78 M 142.7 M 62
================================================================================
AV 77.9 46.9 4.8 FASTST M M 2 MAX(MPH)
MISC ----> 33 310 53 300
================================================================================
NOTES:
# LAST OF SEVERAL OCCURRENCES
COLUMN 17 PEAK WIND IN M.P.H.
PRELIMINARY LOCAL CLIMATOLOGICAL DATA (WS FORM: F-6) , PAGE 2
STATION: SHERIDAN WY
MONTH: SEPTEMBER
YEAR: 2023
LATITUDE: 44 46 N
LONGITUDE: 106 58 W
[TEMPERATURE DATA] [PRECIPITATION DATA] SYMBOLS USED IN COLUMN 16
AVERAGE MONTHLY: 62.4 TOTAL FOR MONTH: 2.78 1 = FOG OR MIST
DPTR FM NORMAL: 3.3 DPTR FM NORMAL: 1.31 2 = FOG REDUCING VISIBILITY
HIGHEST: 96 ON 2 GRTST 24HR 1.47 ON 4- 5 TO 1/4 MILE OR LESS
LOWEST: 38 ON 29 3 = THUNDER
SNOW, ICE PELLETS, HAIL 4 = ICE PELLETS
TOTAL MONTH: M 5 = HAIL
GRTST 24HR M ON M 6 = FREEZING RAIN OR DRIZZLE
GRTST DEPTH: M ON M 7 = DUSTSTORM OR SANDSTORM:
VSBY 1/2 MILE OR LESS
8 = SMOKE OR HAZE
[NO. OF DAYS WITH] [WEATHER - DAYS WITH] 9 = BLOWING SNOW
X = TORNADO
MAX 32 OR BELOW: 0 0.01 INCH OR MORE: 6
MAX 90 OR ABOVE: 3 0.10 INCH OR MORE: 4
MIN 32 OR BELOW: 0 0.50 INCH OR MORE: 2
MIN 0 OR BELOW: 0 1.00 INCH OR MORE: 2
[HDD (BASE 65) ]
TOTAL THIS MO. 104 CLEAR (SCALE 0-3) 22
DPTR FM NORMAL -108 PTCLDY (SCALE 4-7) 7
TOTAL FM JUL 1 139 CLOUDY (SCALE 8-10) 1
DPTR FM NORMAL -132
[CDD (BASE 65) ]
TOTAL THIS MO. 35
DPTR FM NORMAL 1 [PRESSURE DATA]
TOTAL FM JAN 1 385 HIGHEST SLP 30.29 ON 9
DPTR FM NORMAL -55 LOWEST SLP 29.61 ON 4
[REMARKS]
#FINAL-09-23#