000
CXUS54 KSHV 011300
CF6SHV
PRELIMINARY LOCAL CLIMATOLOGICAL DATA (WS FORM: F-6)
STATION: SHREVEPORT
MONTH: MARCH
YEAR: 2021
LATITUDE: 32 28 N
LONGITUDE: 93 49 W
TEMPERATURE IN F: :PCPN: SNOW: WIND :SUNSHINE: SKY :PK WND
================================================================================
1 2 3 4 5 6A 6B 7 8 9 10 11 12 13 14 15 16 17 18
12Z AVG MX 2MIN
DY MAX MIN AVG DEP HDD CDD WTR SNW DPTH SPD SPD DIR MIN PSBL S-S WX SPD DR
================================================================================
1 68 46 57 3 8 0 1.95 0.0 0 11.8 26 10 M M 10 1 34 10
2 60 40 50 -4 15 0 T 0.0 0 7.1 16 90 M M 5 21 30
3 69 34 52 -3 13 0 0.00 0.0 0 1.4 8 160 M M 0 1 11 140
4 73 37 55 0 10 0 0.00 0.0 0 3.3 13 100 M M 2 16 120
5 61 46 54 -1 11 0 0.09 0.0 0 6.3 21 30 M M 9 3 28 30
6 66 41 54 -1 11 0 0.00 0.0 0 8.0 17 30 M M 2 23 50
7 69 36 53 -3 12 0 0.00 0.0 0 3.8 18 100 M M 3 24 80
8 74 35 55 -1 10 0 0.00 0.0 0 5.8 16 190 M M 1 22 190
9 77 50 64 8 1 0 0.00 0.0 0 11.5 23 170 M M 6 32 150
10 80 57 69 13 0 4 0.00 0.0 0 13.8 24 170 M M 9 32 170
11 82 68 75 18 0 10 T 0.0 0 11.1 22 170 M M 9 29 170
12 83 66 75 18 0 10 0.00 0.0 0 10.3 22 180 M M 9 27 200
13 83 59 71 14 0 6 0.00 0.0 0 8.3 16 170 M M 6 18 23 160
14 79 58 69 11 0 4 0.38 0.0 0 9.1 23 150 M M 9 1 29 140
15 83 54 69 11 0 4 0.00 0.0 0 5.8 16 230 M M 6 12 22 230
16 85 62 74 16 0 9 T 0.0 0 7.2 17 160 M M 8 8 23 140
17 77 52 65 7 0 0 0.44 0.0 0 15.3 29 280 M M 7 3 37 280
18 60 49 55 -3 10 0 0.00 0.0 0 16.1 29 280 M M 7 38 270
19 60 43 52 -7 13 0 0.00 0.0 0 8.2 20 360 M M 7 24 360
20 60 39 50 -9 15 0 0.00 0.0 0 3.7 13 30 M M 4 18 40
21 72 38 55 -4 10 0 0.00 0.0 0 6.5 17 160 M M 4 1 22 120
22 74 48 61 2 4 0 0.07 0.0 0 10.4 33 140 M M 8 13 44 150
23 79 53 66 6 0 1 0.86 0.0 0 7.9 22 250 M M 3 13 31 210
24 79 51 65 5 0 0 T 0.0 0 7.8 17 150 M M 7 128 22 160
25 77 52 65 5 0 0 0.02 0.0 0 6.7 23 280 M M 6 1 29 260
26 82 45 64 4 1 0 0.00 0.0 0 4.3 15 160 M M 1 18 150
27 82 66 74 14 0 9 1.05 0.0 0 6.1 18 190 M M 9 1238 22 170
28 72 45 59 -2 6 0 0.01 0.0 0 11.2 23 20 M M 5 1 34 10
29 74 42 58 -3 7 0 0.00 0.0 0 5.7 10 130 M M 0 M M
30 80 52 66 5 0 1 T 0.0 0 7.7 17 200 M M 9 18 23 170
31 72 44 58 -4 7 0 0.03 0.0 0 11.5 29 10 M M 7 1 36 30
================================================================================
SM 2292 1508 164 58 4.90 0.0 253.7 M 178
================================================================================
AV 73.9 48.6 8.2 FASTST M M 6 MAX(MPH)
MISC ----> 33 140 44 150
================================================================================
NOTES:
# LAST OF SEVERAL OCCURRENCES
COLUMN 17 PEAK WIND IN M.P.H.
PRELIMINARY LOCAL CLIMATOLOGICAL DATA (WS FORM: F-6) , PAGE 2
STATION: SHREVEPORT
MONTH: MARCH
YEAR: 2021
LATITUDE: 32 28 N
LONGITUDE: 93 49 W
[TEMPERATURE DATA] [PRECIPITATION DATA] SYMBOLS USED IN COLUMN 16
AVERAGE MONTHLY: 61.3 TOTAL FOR MONTH: 4.90 1 = FOG OR MIST
DPTR FM NORMAL: 3.4 DPTR FM NORMAL: 0.76 2 = FOG REDUCING VISIBILITY
HIGHEST: 85 ON 16 GRTST 24HR 2.24 ON 28- 1 TO 1/4 MILE OR LESS
LOWEST: 34 ON 3 3 = THUNDER
SNOW, ICE PELLETS, HAIL 4 = ICE PELLETS
TOTAL MONTH: 0.0 INCH 5 = HAIL
GRTST 24HR 0.0 6 = FREEZING RAIN OR DRIZZLE
GRTST DEPTH: 0 7 = DUSTSTORM OR SANDSTORM:
VSBY 1/2 MILE OR LESS
8 = SMOKE OR HAZE
[NO. OF DAYS WITH] [WEATHER - DAYS WITH] 9 = BLOWING SNOW
X = TORNADO
MAX 32 OR BELOW: 0 0.01 INCH OR MORE: 10
MAX 90 OR ABOVE: 0 0.10 INCH OR MORE: 5
MIN 32 OR BELOW: 0 0.50 INCH OR MORE: 3
MIN 0 OR BELOW: 0 1.00 INCH OR MORE: 2
[HDD (BASE 65) ]
TOTAL THIS MO. 164 CLEAR (SCALE 0-3) 7
DPTR FM NORMAL -87 PTCLDY (SCALE 4-7) 15
TOTAL FM JUL 1 1908 CLOUDY (SCALE 8-10) 9
DPTR FM NORMAL -224
[CDD (BASE 65) ]
TOTAL THIS MO. 58
DPTR FM NORMAL 27 [PRESSURE DATA]
TOTAL FM JAN 1 67 HIGHEST SLP 30.49 ON 8
DPTR FM NORMAL 26 LOWEST SLP 29.58 ON 25
[REMARKS]
#FINAL-03-21#