000
CXUS54 KSHV 011400
CF6SHV
PRELIMINARY LOCAL CLIMATOLOGICAL DATA (WS FORM: F-6)
STATION: SHREVEPORT
MONTH: DECEMBER
YEAR: 2023
LATITUDE: 32 28 N
LONGITUDE: 93 49 W
TEMPERATURE IN F: :PCPN: SNOW: WIND :SUNSHINE: SKY :PK WND
================================================================================
1 2 3 4 5 6A 6B 7 8 9 10 11 12 13 14 15 16 17 18
12Z AVG MX 2MIN
DY MAX MIN AVG DEP HDD CDD WTR SNW DPTH SPD SPD DIR MIN PSBL S-S WX SPD DR
================================================================================
1 74 53 64 12 1 0 0.00 0.0 0 5.5 13 310 M M 7 12 16 270
2 72 47 60 8 5 0 0.00 0.0 0 4.1 12 320 M M 8 16 360
3 71 44 58 6 7 0 0.00 0.0 0 5.3 13 200 M M 7 17 200
4 66 40 53 1 12 0 0.00 0.0 0 6.4 15 350 M M 1 21 330
5 73 36 55 4 10 0 0.00 0.0 0 4.6 14 300 M M 1 17 300
6 63 42 53 2 12 0 0.00 0.0 0 2.9 12 80 M M 3 16 70
7 68 37 53 2 12 0 0.00 0.0 0 8.2 21 180 M M 7 29 180
8 72 56 64 13 1 0 T 0.0 0 11.6 22 180 M M 9 29 170
9 81 56 69 19 0 4 T 0.0 0 13.6 25 340 M M 8 35 340
10 58 35 47 -3 18 0 0.00 0.0 0 8.6 21 340 M M 0 29 330
11 63 29 46 -4 19 0 0.00 0.0 0 2.4 8 220 M M 1 12 210
12 67 35 51 1 14 0 0.00 0.0 0 2.4 10 110 M M 7 1 15 110
13 62 36 49 -1 16 0 0.00 0.0 0 5.9 17 70 M M 8 1 22 60
14 71 46 59 9 6 0 0.00 0.0 0 8.1 16 100 M M 4 24 100
15 70 46 58 9 7 0 0.59 0.0 0 6.7 17 340 M M 6 1 22 320
16 61 43 52 3 13 0 0.33 0.0 0 7.9 15 330 M M 6 1 19 340
17 65 34 50 1 15 0 0.00 0.0 0 1.5 9 330 M M 1 1 12 330
18 67 38 53 4 12 0 0.00 0.0 0 5.4 16 10 M M 0 21 10
19 55 35 45 -4 20 0 0.00 0.0 0 5.8 13 40 M M 6 19 160
20 66 38 52 3 13 0 0.00 0.0 0 5.6 13 160 M M 8 16 180
21 59 45 52 4 13 0 0.00 0.0 0 4.0 8 110 M M 10 12 130
22 70 53 62 14 3 0 0.01 0.0 0 3.9 10 190 M M 10 14 160
23 67 59 63 15 2 0 0.17 0.0 0 6.3 15 140 M M 10 1 22 130
24 66 57 62 14 3 0 0.48 0.0 0 10.4 20 140 M M 10 1 28 150
25 60 38 49 1 16 0 0.00 0.0 0 10.6 21 290 M M 7 30 280
26 59 30 45 -3 20 0 0.00 0.0 0 4.8 14 170 M M 2 17 160
27 58 37 48 0 17 0 0.00 0.0 0 9.9 21 300 M M 1 30 260
28 49 32 41 -7 24 0 0.00 0.0 0 8.9 21 300 M M 4 27 290
29 56 32 44 -4 21 0 0.00 0.0 0 9.3 23 270 M M 2 32 260
30 63 28 46 -2 19 0 0.00 0.0 0 2.7 13 240 M M 0 17 210
31 69 33 51 3 14 0 0.00 0.0 0 3.9 16 230 M M 5 23 230
================================================================================
SM 2021 1270 365 4 1.58 0.0 197.2 M 159
================================================================================
AV 65.2 41.0 6.4 FASTST M M 5 MAX(MPH)
MISC ----> 25 340 35 340
================================================================================
NOTES:
# LAST OF SEVERAL OCCURRENCES
COLUMN 17 PEAK WIND IN M.P.H.
PRELIMINARY LOCAL CLIMATOLOGICAL DATA (WS FORM: F-6) , PAGE 2
STATION: SHREVEPORT
MONTH: DECEMBER
YEAR: 2023
LATITUDE: 32 28 N
LONGITUDE: 93 49 W
[TEMPERATURE DATA] [PRECIPITATION DATA] SYMBOLS USED IN COLUMN 16
AVERAGE MONTHLY: 53.1 TOTAL FOR MONTH: 1.58 1 = FOG OR MIST
DPTR FM NORMAL: 3.6 DPTR FM NORMAL: -3.36 2 = FOG REDUCING VISIBILITY
HIGHEST: 81 ON 9 GRTST 24HR 0.59 ON 15-15 TO 1/4 MILE OR LESS
LOWEST: 28 ON 30 3 = THUNDER
SNOW, ICE PELLETS, HAIL 4 = ICE PELLETS
TOTAL MONTH: 0.0 INCH 5 = HAIL
GRTST 24HR 0.0 6 = FREEZING RAIN OR DRIZZLE
GRTST DEPTH: 0 7 = DUSTSTORM OR SANDSTORM:
VSBY 1/2 MILE OR LESS
8 = SMOKE OR HAZE
[NO. OF DAYS WITH] [WEATHER - DAYS WITH] 9 = BLOWING SNOW
X = TORNADO
MAX 32 OR BELOW: 0 0.01 INCH OR MORE: 5
MAX 90 OR ABOVE: 0 0.10 INCH OR MORE: 4
MIN 32 OR BELOW: 5 0.50 INCH OR MORE: 1
MIN 0 OR BELOW: 0 1.00 INCH OR MORE: 0
[HDD (BASE 65) ]
TOTAL THIS MO. 365 CLEAR (SCALE 0-3) 10
DPTR FM NORMAL -125 PTCLDY (SCALE 4-7) 15
TOTAL FM JUL 1 628 CLOUDY (SCALE 8-10) 6
DPTR FM NORMAL -212
[CDD (BASE 65) ]
TOTAL THIS MO. 4
DPTR FM NORMAL -4 [PRESSURE DATA]
TOTAL FM JAN 1 3313 HIGHEST SLP M ON M
DPTR FM NORMAL 639 LOWEST SLP 29.71 ON 24
[REMARKS]
#FINAL-12-23#