000
CXUS56 KMFR 010930
CF6SIY
PRELIMINARY LOCAL CLIMATOLOGICAL DATA (WS FORM: F-6)
STATION: MONTAGUE CA
MONTH: JULY
YEAR: 2023
LATITUDE: 41 46 N
LONGITUDE: 122 28 W
TEMPERATURE IN F: :PCPN: SNOW: WIND :SUNSHINE: SKY :PK WND
================================================================================
1 2 3 4 5 6A 6B 7 8 9 10 11 12 13 14 15 16 17 18
12Z AVG MX 2MIN
DY MAX MIN AVG DEP HDD CDD WTR SNW DPTH SPD SPD DIR MIN PSBL S-S WX SPD DR
================================================================================
1 102 58 80 10 0 15 0.00 M M 8.3 22 340 M M 0 28 310
2 103 60 82 11 0 17 0.00 M M 7.0 20 360 M M 0 25 300
3 99 58 79 8 0 14 0.00 M M 7.7 22 360 M M 0 27 10
4 99 58 79 7 0 14 0.00 M M 5.2 17 360 M M 0 22 360
5 100 58 79 7 0 14 0.00 M M 4.8 20 350 M M 1 3 26 310
6 97 57 77 5 0 12 0.00 M M 7.4 21 10 M M 0 29 360
7 95 56 76 4 0 11 0.00 M M 6.2 21 360 M M 0 27 320
8 96 53 75 2 0 10 0.00 M M 5.8 18 330 M M 0 24 350
9 93 54 74 1 0 9 0.00 M M 5.2 22 340 M M 0 29 330
10 91 52 72 -1 0 7 0.00 M M 7.1 18 30 M M 0 24 20
11 94 51 73 -1 0 8 0.00 M M 6.6 20 10 M M 0 28 20
12 93 57 75 1 0 10 0.00 M M 7.0 20 360 M M 0 25 360
13 95 58 77 3 0 12 0.00 M M 6.7 20 360 M M 0 25 360
14 101 60 81 7 0 16 0.00 M M 6.2 18 360 M M 0 24 10
15 107 63 85 11 0 20 0.00 M M 6.1 21 350 M M 0 26 350
16 105 64 85 10 0 20 0.00 M M 7.2 21 330 M M 0 27 340
17 95 59 77 2 0 12 0.00 M M 10.8 21 10 M M 0 8 27 10
18 100 56 78 3 0 13 0.00 M M 6.3 20 330 M M 0 26 340
19 100 59 80 5 0 15 0.00 M M 5.8 18 330 M M 0 23 340
20 100 63 82 7 0 17 0.00 M M 5.1 17 310 M M 0 23 310
21 101 58 80 5 0 15 0.00 M M 6.3 18 360 M M 0 22 340
22 101 59 80 5 0 15 0.00 M M 6.9 21 20 M M 0 25 360
23 98 60 79 4 0 14 0.00 M M 6.2 17 330 M M 0 22 320
24 92 60 76 1 0 11 0.00 M M 10.6 18 10 M M 0 34 310
25 94 58 76 1 0 11 0.00 M M 8.2 20 350 M M 0 26 350
26 96 61 79 4 0 14 0.00 M M 8.4 21 340 M M M 26 350
27 91 61 76 1 0 11 0.00 M M 5.0 14 350 M M 0 20 200
28 94 56 75 0 0 10 0.00 M M 7.6 17 230 M M 0 24 160
29 95 58 77 2 0 12 0.00 M M 7.9 21 170 M M 0 31 190
30 94 55 75 0 0 10 0.00 M M 7.3 23 350 M M 0 29 340
31 96 54 75 0 0 10 0.00 M M 5.9 22 330 M M 0 26 320
================================================================================
SM 3017 1794 0 399 0.00 M 212.8 M 1
================================================================================
AV 97.3 57.9 6.9 FASTST M M 0 MAX(MPH)
MISC ----> 23 350 34 310
================================================================================
NOTES:
# LAST OF SEVERAL OCCURRENCES
COLUMN 17 PEAK WIND IN M.P.H.
PRELIMINARY LOCAL CLIMATOLOGICAL DATA (WS FORM: F-6) , PAGE 2
STATION: MONTAGUE CA
MONTH: JULY
YEAR: 2023
LATITUDE: 41 46 N
LONGITUDE: 122 28 W
[TEMPERATURE DATA] [PRECIPITATION DATA] SYMBOLS USED IN COLUMN 16
AVERAGE MONTHLY: 77.6 TOTAL FOR MONTH: 0.00 1 = FOG OR MIST
DPTR FM NORMAL: 3.6 DPTR FM NORMAL: -0.16 2 = FOG REDUCING VISIBILITY
HIGHEST: 107 ON 15 GRTST 24HR 0.00 ON 1- 1 TO 1/4 MILE OR LESS
LOWEST: 51 ON 11 3 = THUNDER
SNOW, ICE PELLETS, HAIL 4 = ICE PELLETS
TOTAL MONTH: M 5 = HAIL
GRTST 24HR M ON M 6 = FREEZING RAIN OR DRIZZLE
GRTST DEPTH: M ON M 7 = DUSTSTORM OR SANDSTORM:
VSBY 1/2 MILE OR LESS
8 = SMOKE OR HAZE
[NO. OF DAYS WITH] [WEATHER - DAYS WITH] 9 = BLOWING SNOW
X = TORNADO
MAX 32 OR BELOW: 0 0.01 INCH OR MORE: 0
MAX 90 OR ABOVE: 31 0.10 INCH OR MORE: 0
MIN 32 OR BELOW: 0 0.50 INCH OR MORE: 0
MIN 0 OR BELOW: 0 1.00 INCH OR MORE: 0
[HDD (BASE 65) ]
TOTAL THIS MO. 0 CLEAR (SCALE 0-3) 30
DPTR FM NORMAL -4 PTCLDY (SCALE 4-7) 0
TOTAL FM JUL 1 0 CLOUDY (SCALE 8-10) 1
DPTR FM NORMAL 0
[CDD (BASE 65) ]
TOTAL THIS MO. 399
DPTR FM NORMAL 118 [PRESSURE DATA]
TOTAL FM JAN 1 554 HIGHEST SLP M ON M
DPTR FM NORMAL 172 LOWEST SLP 29.74 ON 7
[REMARKS]
#FINAL-07-23#