000
CXUS56 KSLC 010723
CF6SLC
PRELIMINARY LOCAL CLIMATOLOGICAL DATA (WS FORM: F-6)
STATION: SALT LAKE CITY UT
MONTH: NOVEMBER
YEAR: 2022
LATITUDE: 40 46 N
LONGITUDE: 111 58 W
TEMPERATURE IN F: :PCPN: SNOW: WIND :SUNSHINE: SKY :PK WND
================================================================================
1 2 3 4 5 6A 6B 7 8 9 10 11 12 13 14 15 16 17 18
12Z AVG MX 2MIN
DY MAX MIN AVG DEP HDD CDD WTR SNW DPTH SPD SPD DIR MIN PSBL S-S WX SPD DR
================================================================================
1 67 48 58 10 7 0 0.00 0.0 0 18.9 32 170 M M 2 46 180
2 61 34 48 1 17 0 0.46 T 0 9.2 36 180 M M 10 1 50 170
3 45 32 39 -8 26 0 0.00 0.0 0 10.2 20 320 M M 4 27 320
4 43 29 36 -10 29 0 0.00 0.0 0 10.2 21 170 M M 7 33 170
5 50 40 45 -1 20 0 0.18 0.0 0 11.6 28 350 M M 10 1 39 360
6 50 40 45 -1 20 0 0.00 0.0 0 9.7 18 150 M M 8 25 160
7 61 41 51 6 14 0 0.00 0.0 0 16.4 32 190 M M 6 45 180
8 58 39 49 4 16 0 0.73 T 0 9.8 30 170 M M 9 1 42 180
9 48 34 41 -3 24 0 0.36 T 0 11.6 30 140 M M 9 18 42 130
10 39 29 34 -10 31 0 0.03 0.4 0 8.0 23 300 M M 6 1 31 290
11 40 26 33 -11 32 0 0.00 0.0 0 4.5 12 310 M M 1 15 320
12 42 27 35 -8 30 0 0.00 0.0 0 4.9 10 290 M M 0 13 320
13 41 26 34 -9 31 0 0.00 0.0 0 5.6 17 310 M M 2 21 350
14 39 26 33 -9 32 0 0.00 0.0 0 4.4 12 330 M M 2 17 330
15 39 24 32 -10 33 0 0.00 0.0 0 5.4 15 310 M M 0 19 310
16 41 24 33 -9 32 0 0.00 0.0 0 4.5 12 320 M M 0 15 320
17 46 25 36 -5 29 0 0.00 0.0 0 5.6 9 310 M M 1 15 330
18 38 26 32 -9 33 0 T T 0 6.0 15 340 M M 4 20 300
19 37 21 29 -11 36 0 0.00 0.0 0 3.3 10 350 M M 0 13 330
20 40 21 31 -9 34 0 0.00 0.0 0 3.5 8 300 M M 0 8 12 320
21 42 22 32 -7 33 0 0.00 0.0 0 3.3 8 290 M M 0 8 11 340
22 45 24 35 -4 30 0 0.00 0.0 0 3.7 10 170 M M 0 8 14 120
23 45 28 37 -2 28 0 0.02 0.1 T 5.7 14 350 M M 6 18 17 350
24 43 26 35 -3 30 0 0.00 0.0 0 4.3 14 330 M M 0 17 330
25 47 26 37 -1 28 0 0.00 0.0 0 4.9 9 160 M M 0 12 160
26 40 27 34 -3 31 0 T T 0 4.4 13 290 M M 5 18 14 290
27 45 32 39 2 26 0 0.00 0.0 0 7.2 17 180 M M 7 1 23 180
28 45 27 36 -1 29 0 0.06 1.8 2 6.1 26 340 M M 8 12 32 350
29 33 23 28 -8 37 0 0.06 0.8 2 8.6 21 310 M M 4 1 28 320
30 47 26 37 1 28 0 0.00 0.0 2 11.4 22 180 M M 2 31 170
================================================================================
SM 1357 873 826 0 1.90 3.1 222.9 M 113
================================================================================
AV 45.2 29.1 7.4 FASTST M M 4 MAX(MPH)
MISC ----> 36 180 50 170
================================================================================
NOTES:
# LAST OF SEVERAL OCCURRENCES
COLUMN 17 PEAK WIND IN M.P.H.
PRELIMINARY LOCAL CLIMATOLOGICAL DATA (WS FORM: F-6) , PAGE 2
STATION: SALT LAKE CITY UT
MONTH: NOVEMBER
YEAR: 2022
LATITUDE: 40 46 N
LONGITUDE: 111 58 W
[TEMPERATURE DATA] [PRECIPITATION DATA] SYMBOLS USED IN COLUMN 16
AVERAGE MONTHLY: 37.2 TOTAL FOR MONTH: 1.90 1 = FOG OR MIST
DPTR FM NORMAL: -4.5 DPTR FM NORMAL: 0.58 2 = FOG REDUCING VISIBILITY
HIGHEST: 67 ON 1 GRTST 24HR 1.05 ON 8- 9 TO 1/4 MILE OR LESS
LOWEST: 21 ON 20,19 3 = THUNDER
SNOW, ICE PELLETS, HAIL 4 = ICE PELLETS
TOTAL MONTH: 3.1 INCHES 5 = HAIL
GRTST 24HR 1.8 ON 28-28 6 = FREEZING RAIN OR DRIZZLE
GRTST DEPTH: 2 ON 30,29 7 = DUSTSTORM OR SANDSTORM:
VSBY 1/2 MILE OR LESS
8 = SMOKE OR HAZE
[NO. OF DAYS WITH] [WEATHER - DAYS WITH] 9 = BLOWING SNOW
X = TORNADO
MAX 32 OR BELOW: 0 0.01 INCH OR MORE: 8
MAX 90 OR ABOVE: 0 0.10 INCH OR MORE: 4
MIN 32 OR BELOW: 23 0.50 INCH OR MORE: 1
MIN 0 OR BELOW: 0 1.00 INCH OR MORE: 0
[HDD (BASE 65) ]
TOTAL THIS MO. 826 CLEAR (SCALE 0-3) 15
DPTR FM NORMAL 128 PTCLDY (SCALE 4-7) 9
TOTAL FM JUL 1 1049 CLOUDY (SCALE 8-10) 6
DPTR FM NORMAL -47
[CDD (BASE 65) ]
TOTAL THIS MO. 0
DPTR FM NORMAL 0 [PRESSURE DATA]
TOTAL FM JAN 1 1943 HIGHEST SLP M ON M
DPTR FM NORMAL 523 LOWEST SLP 29.45 ON 9
[REMARKS]
#FINAL-11-22#