000
CXUS45 KSLC 011201
CLMSLC
CLIMATE REPORT
NATIONAL WEATHER SERVICE SALT LAKE CITY UT
601 AM MDT TUE AUG 01 2023
...................................
...THE SALT LAKE CITY UT CLIMATE SUMMARY FOR THE MONTH OF JULY 2023...
CLIMATE NORMAL PERIOD 1991 TO 2020
CLIMATE RECORD PERIOD 1874 TO 2023
WEATHER OBSERVED NORMAL DEPART LAST YEAR`S
VALUE DATE(S) VALUE FROM VALUE DATE(S)
NORMAL
................................................................
TEMPERATURE (F)
RECORD
HIGH 107 07/13/2002
07/26/1960
LOW 40 07/01/1968
HIGHEST 106 07/16 107 07/17
07/22
LOWEST 57 07/06 68 07/11
AVG. MAXIMUM 98.3 94.0 4.3 99.7
AVG. MINIMUM 72.2 68.2 4.0 74.9
MEAN 85.3 81.1 4.2 87.3
DAYS MAX >= 90 30 24.3 5.7 31
DAYS MAX <= 32 0 0.0 0.0 0
DAYS MIN <= 32 0 0.0 0.0 0
DAYS MIN <= 0 0 0.0 0.0 0
PRECIPITATION (INCHES)
TOTALS 0.06 0.49 -0.43 0.12
DAYS >= .01 3 3.9 -0.9 2
DAYS >= .10 0 1.5 -1.5 0
DAYS >= .50 0 0.2 -0.2 0
DAYS >= 1.00 0 0.0 0.0 0
SNOWFALL (INCHES)
TOTALS 0.0 0.0 0.0 0.0
SINCE 7/1 0.0 0.0 MM
DEGREE DAYS
HEATING TOTAL 0 1 -1 0
SINCE 7/1 0 0 0 MM
COOLING TOTAL 636 500 136 700
SINCE 1/1 980 802 178 MM
................................................................
WIND (MPH)
AVERAGE WIND SPEED 8.9
HIGHEST WIND SPEED/DIRECTION 38/270 DATE 07/03
HIGHEST GUST SPEED/DIRECTION 57/270 DATE 07/03
WEATHER CONDITIONS. NUMBER OF DAYS WITH
THUNDERSTORM 8 RAIN 0
HAIL 0 SNOW 0
FOG 0 FOG W/VIS <= 1/4 MILE 0
HAZE 7
- INDICATES NEGATIVE NUMBERS.
R INDICATES RECORD WAS SET OR TIED.
MM INDICATES DATA IS MISSING.
T INDICATES TRACE AMOUNT.
$$