000
CXUS51 KBTV 010700
CF6SLK
PRELIMINARY LOCAL CLIMATOLOGICAL DATA (WS FORM: F-6)
STATION: SARANAC LAKE NY
MONTH: JULY
YEAR: 2022
LATITUDE: 44 23 N
LONGITUDE: 74 12 W
TEMPERATURE IN F: :PCPN: SNOW: WIND :SUNSHINE: SKY :PK WND
================================================================================
1 2 3 4 5 6A 6B 7 8 9 10 11 12 13 14 15 16 17 18
12Z AVG MX 2MIN
DY MAX MIN AVG DEP HDD CDD WTR SNW DPTH SPD SPD DIR MIN PSBL S-S WX SPD DR
================================================================================
1 83 54 69 6 0 4 0.00 M M 8.1 23 220 M M 1 1 32 210
2 76 50 63 0 2 0 0.56 M M 6.9 18 230 M M 4 13 26 220
3 72 47 60 -3 5 0 0.00 M M 5.0 14 260 M M 1 22 290
4 75 47 61 -2 4 0 0.00 M M 2.8 12 290 M M 4 16 280
5 68 49 59 -4 6 0 0.40 M M 2.1 12 210 M M 8 1 15 210
6 72 47 60 -3 5 0 0.01 M M 4.0 15 30 M M 6 1 19 30
7 76 44 60 -4 5 0 0.00 M M 2.4 13 220 M M 4 12 17 240
8 74 44 59 -5 6 0 0.00 M M 3.4 12 270 M M 4 1 17 330
9 71 36 54 -10 11 0 0.00 M M 3.1 10 360 M M 0 19 30
10 76 34 55 -9 10 0 0.00 M M 2.9 13 230 M M 2 1 19 240
11 81 44 63 -1 2 0 0.00 M M 6.8 20 210 M M 0 1 26 220
12 78 56 67 3 0 2 0.64 M M 9.2 22 240 M M 7 138 35 260
13 76 58 67 3 0 2 0.08 M M 2.3 12 280 M M 5 1 17 280
14 70 47 59 -5 6 0 0.49 M M 2.3 10 350 M M 7 1 16 10
15 77 43 60 -4 5 0 0.00 M M 1.7 13 220 M M 5 12 15 230
16 81 48 65 1 0 0 0.00 M M 3.1 15 220 M M 1 19 240
17 84 46 65 1 0 0 0.00 0.0 0 1.8 9 240 M M 3 12 12 290
18 72 54 63 -1 2 0 0.80 M M 4.8 16 200 M M 7 1 22 190
19 81 64 73 9 0 8 0.06 M M 7.2 15 240 M M 6 1 24 280
20 88 66 77 13 0 12 0.00 M M 7.3 17 200 M M 2 18 24 190
21 82 65 74 10 0 9 0.01 M M 11.5 22 240 M M 5 138 31 230
22 82 55 69 5 0 4 0.00 M M 6.5 16 250 M M 1 18 25 230
23 85 52 69 5 0 4 0.00 M M 6.7 20 220 M M 2 1 28 210
24 83 55 69 5 0 4 0.00 M M 9.6 24 220 M M 1 18 33 210
25 75 58 67 3 0 2 0.25 M M 8.9 21 260 M M 6 13 34 250
26 71 47 59 -5 6 0 0.00 M M 6.4 14 240 M M 2 1 20 240
27 75 43 59 -5 6 0 0.00 M M 3.7 13 230 M M 0 1 17 230
28 79 51 65 1 0 0 0.48 M M 5.3 18 210 M M 7 13 24 250
29 74 52 63 -1 2 0 0.03 M M 7.7 17 240 M M 4 1 26 240
30 68 52 60 -4 5 0 0.00 M M 4.4 13 280 M M 7 1 20 290
31 76 52 64 1 1 0 0.00 M M 5.6 15 220 M M 4 12 24 280
================================================================================
SM 2381 1560 89 51 3.81 0.0 163.5 M 116
================================================================================
AV 76.8 50.3 5.3 FASTST M M 4 MAX(MPH)
MISC ----> 24 220 35 260
================================================================================
NOTES:
# LAST OF SEVERAL OCCURRENCES
COLUMN 17 PEAK WIND IN M.P.H.
PRELIMINARY LOCAL CLIMATOLOGICAL DATA (WS FORM: F-6) , PAGE 2
STATION: SARANAC LAKE NY
MONTH: JULY
YEAR: 2022
LATITUDE: 44 23 N
LONGITUDE: 74 12 W
[TEMPERATURE DATA] [PRECIPITATION DATA] SYMBOLS USED IN COLUMN 16
AVERAGE MONTHLY: 63.6 TOTAL FOR MONTH: 3.81 1 = FOG OR MIST
DPTR FM NORMAL: 0.0 DPTR FM NORMAL: -0.25 2 = FOG REDUCING VISIBILITY
HIGHEST: 88 ON 20 GRTST 24HR 0.86 ON 18-19 TO 1/4 MILE OR LESS
LOWEST: 34 ON 10 3 = THUNDER
SNOW, ICE PELLETS, HAIL 4 = ICE PELLETS
TOTAL MONTH: 0.0 INCH 5 = HAIL
GRTST 24HR 0.0 6 = FREEZING RAIN OR DRIZZLE
GRTST DEPTH: 0 7 = DUSTSTORM OR SANDSTORM:
VSBY 1/2 MILE OR LESS
8 = SMOKE OR HAZE
[NO. OF DAYS WITH] [WEATHER - DAYS WITH] 9 = BLOWING SNOW
X = TORNADO
MAX 32 OR BELOW: 0 0.01 INCH OR MORE: 12
MAX 90 OR ABOVE: 0 0.10 INCH OR MORE: 7
MIN 32 OR BELOW: 0 0.50 INCH OR MORE: 3
MIN 0 OR BELOW: 0 1.00 INCH OR MORE: 0
[HDD (BASE 65) ]
TOTAL THIS MO. 89 CLEAR (SCALE 0-3) 13
DPTR FM NORMAL -2 PTCLDY (SCALE 4-7) 17
TOTAL FM JUL 1 89 CLOUDY (SCALE 8-10) 1
DPTR FM NORMAL -7
[CDD (BASE 65) ]
TOTAL THIS MO. 51
DPTR FM NORMAL 1 [PRESSURE DATA]
TOTAL FM JAN 1 74 HIGHEST SLP M ON M
DPTR FM NORMAL -5 LOWEST SLP 29.52 ON 21
[REMARKS]
#FINAL-07-22#