000
CXUS53 KICT 011510
CF6SLN
PRELIMINARY LOCAL CLIMATOLOGICAL DATA (WS FORM: F-6)
STATION: SALINA KS
MONTH: NOVEMBER
YEAR: 2023
LATITUDE: 38 47 N
LONGITUDE: 97 39 W
TEMPERATURE IN F: :PCPN: SNOW: WIND :SUNSHINE: SKY :PK WND
================================================================================
1 2 3 4 5 6A 6B 7 8 9 10 11 12 13 14 15 16 17 18
12Z AVG MX 2MIN
DY MAX MIN AVG DEP HDD CDD WTR SNW DPTH SPD SPD DIR MIN PSBL S-S WX SPD DR
================================================================================
1 56 20 38 -12 27 0 0.00 M M 11.5 23 200 M M 0 31 190
2 66 32 49 -1 16 0 0.00 M M 11.4 22 200 M M 0 29 190
3 70 42 56 7 9 0 0.00 M M 8.4 20 200 M M 0 29 200
4 66 43 55 6 10 0 0.00 M M 5.2 16 60 M M 1 21 70
5 75 37 56 8 9 0 0.00 M M 9.2 26 200 M M 0 33 170
6 70 42 56 8 9 0 0.00 M M 5.0 17 330 M M 1 12 21 320
7 75 42 59 12 6 0 0.00 M M 4.0 17 170 M M 1 128 23 140
8 68 44 56 9 9 0 0.00 M M 13.2 29 360 M M 6 12 36 360
9 60 32 46 0 19 0 0.00 M M 5.2 10 190 M M 0 14 360
10 61 30 46 0 19 0 0.00 M M 7.3 14 130 M M 0 20 120
11 62 38 50 4 15 0 0.04 M M 9.9 20 190 M M 6 25 200
12 72 38 55 10 10 0 0.00 M M 6.0 14 210 M M 0 18 210
13 72 30 51 6 14 0 0.00 M M 6.0 16 160 M M 0 21 150
14 70 36 53 9 12 0 0.00 M M 11.6 28 190 M M 0 36 190
15 73 37 55 11 10 0 0.00 M M 8.1 13 160 M M 0 19 190
16 68 47 58 15 7 0 0.00 M M 11.9 28 200 M M 2 35 190
17 58 32 45 2 20 0 0.00 M M 5.7 21 360 M M 0 28 10
18 70 29 50 8 15 0 0.00 M M 5.8 12 160 M M 0 8 19 280
19 57 50 54 12 11 0 0.43 M M 13.2 24 130 M M 10 1 32 140
20 50 42 46 4 19 0 0.32 M M 13.2 24 360 M M 10 1 32 360
21 49 27 38 -3 27 0 0.00 M M 16.1 31 340 M M 3 18 42 340
22 62 25 44 3 21 0 0.00 M M 7.1 18 200 M M 0 23 200
23 47 29 38 -2 27 0 0.00 M M 12.7 22 40 M M 0 30 30
24 35 25 30 -10 35 0 0.00 M M 12.5 20 30 M M 2 28 40
25 29 25 27 -12 38 0 0.35 M M 7.4 14 360 M M 10 128 17 10
26 40 15 28 -11 37 0 T M M 10.1 23 300 M M 2 1 27 300
27 50 13 32 -7 33 0 0.00 M M 6.4 21 300 M M 0 26 300
28 46 20 33 -5 32 0 0.00 M M 8.2 18 170 M M 0 24 190
29 55 24 40 2 25 0 0.00 M M 6.9 14 160 M M 0 18 190
30 51 33 42 5 23 0 0.28 M M 10.9 20 10 M M 5 1 29 10
================================================================================
SM 1783 979 564 0 1.42 M 270.1 M 59
================================================================================
AV 59.4 32.6 9.0 FASTST M M 2 MAX(MPH)
MISC ----> 31 340 42 340
================================================================================
NOTES:
# LAST OF SEVERAL OCCURRENCES
COLUMN 17 PEAK WIND IN M.P.H.
PRELIMINARY LOCAL CLIMATOLOGICAL DATA (WS FORM: F-6) , PAGE 2
STATION: SALINA KS
MONTH: NOVEMBER
YEAR: 2023
LATITUDE: 38 47 N
LONGITUDE: 97 39 W
[TEMPERATURE DATA] [PRECIPITATION DATA] SYMBOLS USED IN COLUMN 16
AVERAGE MONTHLY: 46.0 TOTAL FOR MONTH: 1.42 1 = FOG OR MIST
DPTR FM NORMAL: 2.4 DPTR FM NORMAL: 0.20 2 = FOG REDUCING VISIBILITY
HIGHEST: 75 ON 7, 5 GRTST 24HR 0.63 ON 19-20 TO 1/4 MILE OR LESS
LOWEST: 13 ON 27 3 = THUNDER
SNOW, ICE PELLETS, HAIL 4 = ICE PELLETS
TOTAL MONTH: M 5 = HAIL
GRTST 24HR M ON M 6 = FREEZING RAIN OR DRIZZLE
GRTST DEPTH: M ON M 7 = DUSTSTORM OR SANDSTORM:
VSBY 1/2 MILE OR LESS
8 = SMOKE OR HAZE
[NO. OF DAYS WITH] [WEATHER - DAYS WITH] 9 = BLOWING SNOW
X = TORNADO
MAX 32 OR BELOW: 1 0.01 INCH OR MORE: 5
MAX 90 OR ABOVE: 0 0.10 INCH OR MORE: 4
MIN 32 OR BELOW: 16 0.50 INCH OR MORE: 0
MIN 0 OR BELOW: 0 1.00 INCH OR MORE: 0
[HDD (BASE 65) ]
TOTAL THIS MO. 564 CLEAR (SCALE 0-3) 24
DPTR FM NORMAL -79 PTCLDY (SCALE 4-7) 3
TOTAL FM JUL 1 821 CLOUDY (SCALE 8-10) 3
DPTR FM NORMAL -154
[CDD (BASE 65) ]
TOTAL THIS MO. 0
DPTR FM NORMAL -1 [PRESSURE DATA]
TOTAL FM JAN 1 1913 HIGHEST SLP 30.53 ON 24
DPTR FM NORMAL 290 LOWEST SLP 29.56 ON 8
[REMARKS]
#FINAL-11-23#