000
CXAK58 PASN 011025
CLMSNP
CLIMATE REPORT
NATIONAL WEATHER SERVICE ANCHORAGE, AK
225 AM AKDT FRI SEP 01 2023
...................................
...THE SAINT PAUL ISLAND CLIMATE SUMMARY FOR THE MONTH OF AUGUST 2023...
CLIMATE NORMAL PERIOD: 1991 TO 2020
CLIMATE RECORD PERIOD: 1892 TO 2023
WEATHER OBSERVED NORMAL DEPART LAST YEAR`S
VALUE DATE(S) VALUE FROM VALUE
NORMAL
..............................................................
TEMPERATURE (F)
RECORD
HIGH 66 MM
LOW 37 08/02/2016
HIGHEST 58 MM MM 58
LOWEST 38 MM MM 37
AVG. MAXIMUM 53.4 53.0 0.4 51.1
AVG. MINIMUM 46.5 46.1 0.4 44.4
MEAN 50.0 49.5 0.5 47.8
DAYS MAX >= 90 0 0.0 0.0 0
DAYS MAX <= 32 0 0.0 0.0 0
DAYS MIN <= 32 0 0.1 -0.1 0
DAYS MIN <= 0 0 0.0 0.0 0
PRECIPITATION (INCHES)
RECORD
MAXIMUM 4.16 2021
MINIMUM 0.56 2022
TOTALS 3.29 3.06 0.23 0.56
DAILY AVG. 0.11 0.10 0.01 0.04
DAYS >= .01 19 17.8 1.2 8
DAYS >= .10 10 8.3 1.7 2
DAYS >= .50 1 1.4 -0.4 0
DAYS >= 1.00 0 0.2 -0.2 0
GREATEST
24 HR. TOTAL 0.89 08/04 TO 08/05 0.25
STORM TOTAL 0.84 0.20
(MM/DD(HH))
DEGREE DAYS
HEATING TOTAL 459 479 -20 528
SINCE 7/1 957 1008 -51 MM
COOLING TOTAL 0 0 0 0
SINCE 1/1 0 0 0 MM
FREEZE DATES
RECORD
EARLIEST MM
LATEST MM
EARLIEST MM
LATEST 06/01
..............................................................
WIND (MPH)
AVERAGE WIND SPEED 13.2
RESULTANT WIND SPEED/DIRECTION 2/220
HIGHEST WIND SPEED/DIRECTION 36/140 DATE 08/04
36/350 08/31
HIGHEST GUST SPEED/DIRECTION 50/320 DATE 08/31
SKY COVER
POSSIBLE SUNSHINE (PERCENT) MM
AVERAGE SKY COVER 0.91
NUMBER OF DAYS FAIR 0
NUMBER OF DAYS PC 2
NUMBER OF DAYS CLOUDY 29
AVERAGE RH (PERCENT) 92
WEATHER CONDITIONS. NUMBER OF DAYS WITH
THUNDERSTORM 0 MIXED PRECIP 0
HEAVY RAIN 1 RAIN 8
LIGHT RAIN 23 FREEZING RAIN 0
LT FREEZING RAIN 0 HAIL 0
HEAVY SNOW 0 SNOW 0
LIGHT SNOW 0 SLEET 0
FOG 31 FOG W/VIS <= 1/4 MILE 13
HAZE 3
- INDICATES NEGATIVE NUMBERS.
R INDICATES RECORD WAS SET OR TIED.
MM INDICATES DATA IS MISSING.
T INDICATES TRACE AMOUNT.
$$