000
CXUS55 KPUB 011210
CF6SPD
PRELIMINARY LOCAL CLIMATOLOGICAL DATA (WS FORM: F-6)
STATION: SPRINGFIELD CO
MONTH: OCTOBER
YEAR: 2022
LATITUDE: 37 16 N
LONGITUDE: 102 37 W
TEMPERATURE IN F: :PCPN: SNOW: WIND :SUNSHINE: SKY :PK WND
================================================================================
1 2 3 4 5 6A 6B 7 8 9 10 11 12 13 14 15 16 17 18
12Z AVG MX 2MIN
DY MAX MIN AVG DEP HDD CDD WTR SNW DPTH SPD SPD DIR MIN PSBL S-S WX SPD DR
================================================================================
1 86 50 68 8 0 3 0.00 M M 14.0 28 170 M M 0 37 160
2 84 53 69 10 0 4 0.00 M M 14.6 26 190 M M 0 35 190
3 85 55 70 11 0 5 0.01 M M 12.9 29 170 M M 0 38 190
4 67 52 60 2 5 0 0.03 M M 4.8 15 20 M M 0 20 10
5 69 48 59 1 6 0 0.00 M M 5.5 12 140 M M 0 15 120
6 76 46 61 4 4 0 0.00 M M 7.1 14 190 M M 0 21 190
7 51 42 47 -10 18 0 0.00 M M 8.1 17 70 M M 0 22 70
8 69 42 56 0 9 0 0.00 M M 10.4 21 190 M M 0 27 190
9 75 39 57 1 8 0 0.00 M M 5.8 13 110 M M 0 17 130
10 78 41 60 5 5 0 0.00 M M 8.8 18 200 M M 0 26 170
11 85 45 65 10 0 0 0.00 M M 11.7 33 20 M M 0 43 360
12 78 38 58 4 7 0 0.00 M M 8.8 30 60 M M 0 42 60
13 70 34 52 -2 13 0 0.00 M M 5.7 14 220 M M 0 22 220
14 84 42 63 9 2 0 0.00 M M 7.2 18 320 M M 0 24 330
15 75 40 58 5 7 0 0.00 M M 9.2 21 80 M M 0 26 50
16 59 38 49 -4 16 0 0.00 M M 6.1 13 350 M M 0 17 20
17 65 29 47 -5 18 0 0.00 M M 5.8 13 150 M M 0 17 200
18 67 30 49 -3 16 0 0.00 M M 6.2 14 230 M M 0 19 230
19 80 38 59 8 6 0 0.00 M M 10.5 23 340 M M 0 34 340
20 80 41 61 10 4 0 0.00 M M 8.8 16 180 M M 0 20 190
21 83 46 65 14 0 0 0.00 M M 10.5 25 330 M M 0 35 330
22 86 47 67 17 0 2 0.00 M M 12.5 23 230 M M 0 34 230
23 80 53 67 17 0 2 0.00 M M 23.5 44 220 M M 0 62 230
24 53 28 41 -8 24 0 0.00 M M 12.6 26 20 M M 0 35 10
25 65 25 45 -4 20 0 0.00 M M 7.4 15 360 M M 0 21 10
26 68 27 48 -1 17 0 0.00 M M 13.4 29 170 M M 0 36 170
27 57 40 49 1 16 0 0.00 M M 16.3 30 350 M M 0 39 350
28 60 33 47 -1 18 0 0.00 M M 9.0 17 340 M M 0 23 330
29 68 32 50 2 15 0 0.00 M M 8.7 17 150 M M 0 24 150
30 67 33 50 3 15 0 0.00 M M 6.6 16 360 M M 0 21 350
31 72 34 53 6 12 0 0.00 M M 7.8 15 190 M M 0 20 180
================================================================================
SM 2242 1241 281 16 0.04 M 300.3 M 0
================================================================================
AV 72.3 40.0 9.7 FASTST M M 0 MAX(MPH)
MISC ----> 44 220 62 230
================================================================================
NOTES:
# LAST OF SEVERAL OCCURRENCES
COLUMN 17 PEAK WIND IN M.P.H.
PRELIMINARY LOCAL CLIMATOLOGICAL DATA (WS FORM: F-6) , PAGE 2
STATION: SPRINGFIELD CO
MONTH: OCTOBER
YEAR: 2022
LATITUDE: 37 16 N
LONGITUDE: 102 37 W
[TEMPERATURE DATA] [PRECIPITATION DATA] SYMBOLS USED IN COLUMN 16
AVERAGE MONTHLY: 56.2 TOTAL FOR MONTH: 0.04 1 = FOG OR MIST
DPTR FM NORMAL: 3.4 DPTR FM NORMAL: -0.98 2 = FOG REDUCING VISIBILITY
HIGHEST: 86 ON 22, 1 GRTST 24HR 0.04 ON 3- 4 TO 1/4 MILE OR LESS
LOWEST: 25 ON 25 3 = THUNDER
SNOW, ICE PELLETS, HAIL 4 = ICE PELLETS
TOTAL MONTH: M 5 = HAIL
GRTST 24HR M ON M 6 = FREEZING RAIN OR DRIZZLE
GRTST DEPTH: M ON M 7 = DUSTSTORM OR SANDSTORM:
VSBY 1/2 MILE OR LESS
8 = SMOKE OR HAZE
[NO. OF DAYS WITH] [WEATHER - DAYS WITH] 9 = BLOWING SNOW
X = TORNADO
MAX 32 OR BELOW: 0 0.01 INCH OR MORE: 2
MAX 90 OR ABOVE: 0 0.10 INCH OR MORE: 0
MIN 32 OR BELOW: 6 0.50 INCH OR MORE: 0
MIN 0 OR BELOW: 0 1.00 INCH OR MORE: 0
[HDD (BASE 65) ]
TOTAL THIS MO. 281 CLEAR (SCALE 0-3) 31
DPTR FM NORMAL -104 PTCLDY (SCALE 4-7) 0
TOTAL FM JUL 1 310 CLOUDY (SCALE 8-10) 0
DPTR FM NORMAL -163
[CDD (BASE 65) ]
TOTAL THIS MO. 16
DPTR FM NORMAL 7 [PRESSURE DATA]
TOTAL FM JAN 1 1398 HIGHEST SLP 30.45 ON 7
DPTR FM NORMAL 420 LOWEST SLP 29.22 ON 23
[REMARKS]
#FINAL-10-22#