000
CXUS53 KILX 010900
CF6SPI
PRELIMINARY LOCAL CLIMATOLOGICAL DATA (WS FORM: F-6)
STATION: SPRINGFIELD IL
MONTH: OCTOBER
YEAR: 2023
LATITUDE: 39 50 N
LONGITUDE: 89 41 W
TEMPERATURE IN F: :PCPN: SNOW: WIND :SUNSHINE: SKY :PK WND
================================================================================
1 2 3 4 5 6A 6B 7 8 9 10 11 12 13 14 15 16 17 18
12Z AVG MX 2MIN
DY MAX MIN AVG DEP HDD CDD WTR SNW DPTH SPD SPD DIR MIN PSBL S-S WX SPD DR
================================================================================
1 87 57 72 10 0 7 0.00 0.0 0 4.1 13 110 M M 0 19 100
2 87 55 71 9 0 6 0.00 0.0 0 4.1 13 130 M M 0 18 18 140
3 89 58 74 13 0 9 0.00 0.0 0 6.7 18 170 M M 0 23 160
4 81 66 74 13 0 9 0.00 0.0 0 9.2 22 180 M M 4 8 32 190
5 75 53 64 4 1 0 0.86 0.0 0 6.1 14 280 M M 7 138 20 290
6 64 44 54 -6 11 0 T 0.0 0 10.3 24 300 M M 4 34 280
7 63 41 52 -8 13 0 0.00 0.0 0 8.4 18 310 M M 1 28 290
8 67 44 56 -3 9 0 0.00 0.0 0 5.3 13 260 M M 5 8 20 240
9 64 36 50 -9 15 0 0.00 0.0 0 4.8 17 340 M M 0 23 300
10 67 34 51 -7 14 0 0.00 0.0 0 5.3 17 270 M M 0 8 25 280
11 77 41 59 1 6 0 T 0.0 0 7.7 18 160 M M 4 26 150
12 79 52 66 8 0 1 0.00 0.0 0 10.1 22 160 M M 2 18 30 140
13 64 53 59 2 6 0 1.05 0.0 0 9.2 17 250 M M 6 13 25 270
14 56 51 54 -3 11 0 0.02 0.0 0 12.3 21 340 M M 10 1 33 350
15 59 45 52 -4 13 0 T 0.0 0 10.0 23 10 M M 5 32 10
16 63 38 51 -5 14 0 0.00 0.0 0 6.0 16 360 M M 1 1 22 330
17 66 34 50 -6 15 0 0.00 0.0 0 3.8 13 260 M M 0 1 19 250
18 72 44 58 3 7 0 0.04 0.0 0 11.0 24 170 M M 2 34 160
19 62 50 56 1 9 0 0.11 0.0 0 9.7 20 260 M M 9 1 26 240
20 68 45 57 3 8 0 0.00 0.0 0 9.6 23 310 M M 0 34 300
21 73 44 59 5 6 0 0.00 0.0 0 11.2 29 300 M M 0 40 290
22 63 36 50 -4 15 0 0.00 0.0 0 3.7 10 120 M M 0 14 120
23 76 43 60 7 5 0 0.00 0.0 0 14.8 25 170 M M 0 32 170
24 76 60 68 15 0 3 0.00 0.0 0 12.6 21 160 M M 3 28 180
25 75 61 68 16 0 3 0.11 0.0 0 12.2 23 190 M M 10 1 31 180
26 73 64 69 17 0 4 0.09 0.0 0 11.7 22 180 M M 5 1 30 190
27 74 43 59 7 6 0 0.07 0.0 0 10.2 22 320 M M 8 1 29 300
28 47 38 43 -8 22 0 1.24 0.0 0 9.6 17 350 M M 10 13 23 340
29 45 36 41 -10 24 0 0.20 0.0 0 10.5 16 330 M M 10 1 25 360
30 44 24 34 -16 31 0 0.00 0.0 0 9.0 18 320 M M 3 33 290
31 39 24 32 -18 33 0 0.00 0.0 0 11.9 29 290 M M 4 40 300
================================================================================
SM 2095 1414 294 42 3.79 0.0 271.1 M 113
================================================================================
AV 67.6 45.6 8.7 FASTST M M 4 MAX(MPH)
MISC ----> # 29 300 # 40 290
================================================================================
NOTES:
# LAST OF SEVERAL OCCURRENCES
COLUMN 17 PEAK WIND IN M.P.H.
PRELIMINARY LOCAL CLIMATOLOGICAL DATA (WS FORM: F-6) , PAGE 2
STATION: SPRINGFIELD IL
MONTH: OCTOBER
YEAR: 2023
LATITUDE: 39 50 N
LONGITUDE: 89 41 W
[TEMPERATURE DATA] [PRECIPITATION DATA] SYMBOLS USED IN COLUMN 16
AVERAGE MONTHLY: 56.6 TOTAL FOR MONTH: 3.79 1 = FOG OR MIST
DPTR FM NORMAL: 0.6 DPTR FM NORMAL: 0.53 2 = FOG REDUCING VISIBILITY
HIGHEST: 89 ON 3 GRTST 24HR 1.32 ON 28-29 TO 1/4 MILE OR LESS
LOWEST: 24 ON 31,30 3 = THUNDER
SNOW, ICE PELLETS, HAIL 4 = ICE PELLETS
TOTAL MONTH: 0.0 INCH 5 = HAIL
GRTST 24HR 0.0 6 = FREEZING RAIN OR DRIZZLE
GRTST DEPTH: 0 7 = DUSTSTORM OR SANDSTORM:
VSBY 1/2 MILE OR LESS
8 = SMOKE OR HAZE
[NO. OF DAYS WITH] [WEATHER - DAYS WITH] 9 = BLOWING SNOW
X = TORNADO
MAX 32 OR BELOW: 0 0.01 INCH OR MORE: 10
MAX 90 OR ABOVE: 0 0.10 INCH OR MORE: 6
MIN 32 OR BELOW: 2 0.50 INCH OR MORE: 3
MIN 0 OR BELOW: 0 1.00 INCH OR MORE: 2
[HDD (BASE 65) ]
TOTAL THIS MO. 294 CLEAR (SCALE 0-3) 15
DPTR FM NORMAL -16 PTCLDY (SCALE 4-7) 11
TOTAL FM JUL 1 316 CLOUDY (SCALE 8-10) 5
DPTR FM NORMAL -57
[CDD (BASE 65) ]
TOTAL THIS MO. 42
DPTR FM NORMAL 12 [PRESSURE DATA]
TOTAL FM JAN 1 1147 HIGHEST SLP 30.41 ON 31
DPTR FM NORMAL -103 LOWEST SLP 29.65 ON 13
[REMARKS]
#FINAL-10-23#