000
CXUS52 KTBW 090544
CF6SRQ
PRELIMINARY LOCAL CLIMATOLOGICAL DATA (WS FORM: F-6)
STATION: SARASOTA BRADENTON
MONTH: DECEMBER
YEAR: 2022
LATITUDE: 27 23 N
LONGITUDE: 82 33 W
TEMPERATURE IN F: :PCPN: SNOW: WIND :SUNSHINE: SKY :PK WND
================================================================================
1 2 3 4 5 6A 6B 7 8 9 10 11 12 13 14 15 16 17 18
12Z AVG MX 2MIN
DY MAX MIN AVG DEP HDD CDD WTR SNW DPTH SPD SPD DIR MIN PSBL S-S WX SPD DR
================================================================================
1 78 64 71 4 0 6 0.00 0.0 0 11.3 20 50 M M 0 29 50
2 81 60 71 4 0 6 0.00 0.0 0 8.8 18 90 M M 0 26 80
3 83 61 72 5 0 7 0.00 0.0 0 5.5 12 60 M M 2 17 80
4 80 60 70 3 0 5 0.00 0.0 0 4.2 13 30 M M 1 1 16 340
5 79 60 70 3 0 5 0.00 0.0 0 3.5 12 270 M M 1 19 270
6 79 61 70 3 0 5 0.00 0.0 0 5.7 12 290 M M 1 19 250
7 83 63 73 7 0 8 0.00 0.0 0 5.4 13 340 M M 1 18 10
8 82 64 73 7 0 8 0.00 0.0 0 5.7 13 330 M M 0 1 17 300
9 79 61 70 4 0 5 0.00 0.0 0 5.4 14 280 M M 0 1 20 280
10 79 61 70 4 0 5 0.00 0.0 0 5.6 12 60 M M 4 12 18 40
11 70 61 66 0 0 1 0.00 0.0 0 4.8 10 80 M M 6 128 13 70
12 76 57 67 1 0 2 0.00 0.0 0 3.2 10 270 M M 2 128 22 310
13 81 60 71 5 0 6 0.00 0.0 0 9.1 20 80 M M 2 27 90
14 81 64 73 7 0 8 0.00 0.0 0 11.8 21 180 M M 2 27 190
15 77 67 72 7 0 7 1.81 0.0 0 11.6 31 260 M M 6 123 45 270
16 68 58 63 -2 2 0 T 0.0 0 7.0 14 20 M M 7 19 40
17 74 54 64 -1 1 0 0.00 0.0 0 6.4 13 100 M M 7 18 70
18 70 52 61 -4 4 0 0.00 0.0 0 8.4 15 40 M M 2 22 30
19 74 47 61 -4 4 0 0.00 0.0 0 9.0 15 70 M M 0 19 80
20 67 59 63 -2 2 0 0.27 0.0 0 9.1 28 140 M M 4 13 37 150
21 72 60 66 2 0 1 0.16 0.0 0 9.5 18 10 M M 7 1 26 20
22 72 61 67 3 0 2 0.37 0.0 0 5.2 13 170 M M 7 1 16 170
23 73 47 60 -4 5 0 0.02 0.0 0 11.0 24 340 M M 4 1 35 330
24 47 36 42 -22 23 0 0.00 0.0 0 9.0 17 10 M M 0 26 360
25 48 36 42 -22 23 0 0.00 0.0 0 8.9 16 10 M M 1 23 10
26 54 40 47 -17 18 0 0.00 0.0 0 7.5 13 20 M M 0 19 10
27 69 42 56 -8 9 0 0.00 0.0 0 7.6 15 40 M M 1 22 40
28 76 48 62 -2 3 0 0.00 0.0 0 7.5 13 90 M M 0 22 110
29 79 56 68 5 0 3 0.00 0.0 0 8.5 15 110 M M 1 21 110
30 82 62 72 9 0 7 T 0.0 0 8.1 17 100 M M 2 23 110
31 79 65 72 9 0 7 T 0.0 0 9.3 20 190 M M 6 1 27 190
================================================================================
SM 2292 1747 94 104 2.63 0.0 233.6 M 77
================================================================================
AV 73.9 56.4 7.5 FASTST M M 2 MAX(MPH)
MISC ----> 31 260 45 270
================================================================================
NOTES:
# LAST OF SEVERAL OCCURRENCES
COLUMN 17 PEAK WIND IN M.P.H.
PRELIMINARY LOCAL CLIMATOLOGICAL DATA (WS FORM: F-6) , PAGE 2
STATION: SARASOTA BRADENTON
MONTH: DECEMBER
YEAR: 2022
LATITUDE: 27 23 N
LONGITUDE: 82 33 W
[TEMPERATURE DATA] [PRECIPITATION DATA] SYMBOLS USED IN COLUMN 16
AVERAGE MONTHLY: 65.1 TOTAL FOR MONTH: 2.63 1 = FOG OR MIST
DPTR FM NORMAL: -0.1 DPTR FM NORMAL: 0.30 2 = FOG REDUCING VISIBILITY
HIGHEST: 83 ON 7, 3 GRTST 24HR 1.81 ON 15-15 TO 1/4 MILE OR LESS
LOWEST: 36 ON 25,24 3 = THUNDER
SNOW, ICE PELLETS, HAIL 4 = ICE PELLETS
TOTAL MONTH: 0.0 INCH 5 = HAIL
GRTST 24HR 0.0 6 = FREEZING RAIN OR DRIZZLE
GRTST DEPTH: 0 7 = DUSTSTORM OR SANDSTORM:
VSBY 1/2 MILE OR LESS
8 = SMOKE OR HAZE
[NO. OF DAYS WITH] [WEATHER - DAYS WITH] 9 = BLOWING SNOW
X = TORNADO
MAX 32 OR BELOW: 0 0.01 INCH OR MORE: 5
MAX 90 OR ABOVE: 0 0.10 INCH OR MORE: 4
MIN 32 OR BELOW: 0 0.50 INCH OR MORE: 1
MIN 0 OR BELOW: 0 1.00 INCH OR MORE: 1
[HDD (BASE 65) ]
TOTAL THIS MO. 94 CLEAR (SCALE 0-3) 21
DPTR FM NORMAL -2 PTCLDY (SCALE 4-7) 10
TOTAL FM JUL 1 112 CLOUDY (SCALE 8-10) 0
DPTR FM NORMAL -11
[CDD (BASE 65) ]
TOTAL THIS MO. 104
DPTR FM NORMAL 2 [PRESSURE DATA]
TOTAL FM JAN 1 3938 HIGHEST SLP 30.36 ON 24
DPTR FM NORMAL 217 LOWEST SLP 29.84 ON 15
[REMARKS]
#FINAL-12-22#