000
CXUS52 KTBW 020020
CF6SRQ
PRELIMINARY LOCAL CLIMATOLOGICAL DATA (WS FORM: F-6)
STATION: SARASOTA BRADENTON
MONTH: AUGUST
YEAR: 2022
LATITUDE: 27 23 N
LONGITUDE: 82 33 W
TEMPERATURE IN F: :PCPN: SNOW: WIND :SUNSHINE: SKY :PK WND
================================================================================
1 2 3 4 5 6A 6B 7 8 9 10 11 12 13 14 15 16 17 18
12Z AVG MX 2MIN
DY MAX MIN AVG DEP HDD CDD WTR SNW DPTH SPD SPD DIR MIN PSBL S-S WX SPD DR
================================================================================
1 91 77 84 1 0 19 0.00 0.0 0 8.1 14 300 M M 1 21 280
2 92 77 85 2 0 20 0.01 0.0 0 7.7 18 290 M M 1 3 23 300
3 91 71 81 -2 0 16 0.83 0.0 0 4.8 25 210 M M 3 13 34 200
4 93 74 84 1 0 19 0.07 0.0 0 7.1 17 310 M M 2 3 23 310
5 94 76 85 2 0 20 0.09 0.0 0 6.4 18 120 M M 1 3 22 120
6 93 76 85 2 0 20 0.05 0.0 0 6.7 18 160 M M 2 3 25 170
7 94 76 85 2 0 20 0.99 0.0 0 7.1 22 80 M M 3 138 30 120
8 92 71 82 -2 0 17 1.38 0.0 0 6.6 39 150 M M 2 13 57 130
9 92 74 83 -1 0 18 0.51 0.0 0 7.6 23 210 M M 1 13 31 190
10 92 75 84 0 0 19 0.00 0.0 0 6.3 15 130 M M 1 8 21 130
11 88 77 83 -1 0 18 0.05 0.0 0 6.6 13 150 M M 2 3 16 140
12 91 75 83 -1 0 18 0.00 0.0 0 6.5 13 240 M M 0 20 220
13 90 75 83 -1 0 18 0.00 0.0 0 6.3 15 290 M M 1 20 290
14 88 75 82 -2 0 17 0.01 0.0 0 4.9 18 300 M M 1 24 290
15 83 75 79 -5 0 14 0.13 0.0 0 4.9 9 230 M M 4 13 16 340
16 89 74 82 -2 0 17 0.00 0.0 0 5.6 15 280 M M 1 22 260
17 90 81 86 2 0 21 0.00 0.0 0 8.7 16 280 M M 2 23 280
18 90 76 83 -1 0 18 0.32 0.0 0 6.1 20 110 M M 2 13 24 110
19 91 75 83 0 0 18 0.00 0.0 0 5.9 13 230 M M 1 38 18 250
20 96 76 86 3 0 21 0.50 0.0 0 5.6 25 120 M M 2 3 35 120
21 92 77 85 2 0 20 0.18 0.0 0 6.2 21 110 M M 1 3 26 110
22 89 75 82 -1 0 17 0.03 0.0 0 6.9 13 40 M M 1 3 21 40
23 90 75 83 0 0 18 T 0.0 0 6.0 16 100 M M 1 3 23 60
24 91 74 83 0 0 18 1.62 0.0 0 6.7 26 120 M M M 13 35 120
25 91 75 83 0 0 18 0.23 0.0 0 7.2 21 110 M M 2 13 26 100
26 90 74 82 -1 0 17 1.55 0.0 0 4.8 15 200 M M 1 123 20 210
27 87 76 82 -1 0 17 0.05 0.0 0 4.8 17 80 M M 2 13 24 40
28 89 75 82 -1 0 17 0.14 0.0 0 6.7 20 130 M M 2 3 27 130
29 87 75 81 -2 0 16 0.15 0.0 0 5.7 17 140 M M 2 13 21 160
30 89 77 83 0 0 18 0.02 0.0 0 6.9 17 190 M M 2 3 20 200
31 90 77 84 1 0 19 0.00 0.0 0 6.6 14 100 M M 1 3 19 100
================================================================================
SM 2805 2336 0 563 8.91 0.0 198.0 M 48
================================================================================
AV 90.5 75.4 6.4 FASTST M M 2 MAX(MPH)
MISC ----> 39 150 57 130
================================================================================
NOTES:
# LAST OF SEVERAL OCCURRENCES
COLUMN 17 PEAK WIND IN M.P.H.
PRELIMINARY LOCAL CLIMATOLOGICAL DATA (WS FORM: F-6) , PAGE 2
STATION: SARASOTA BRADENTON
MONTH: AUGUST
YEAR: 2022
LATITUDE: 27 23 N
LONGITUDE: 82 33 W
[TEMPERATURE DATA] [PRECIPITATION DATA] SYMBOLS USED IN COLUMN 16
AVERAGE MONTHLY: 82.9 TOTAL FOR MONTH: 8.91 1 = FOG OR MIST
DPTR FM NORMAL: -0.5 DPTR FM NORMAL: -0.20 2 = FOG REDUCING VISIBILITY
HIGHEST: 96 ON 20 GRTST 24HR 1.89 ON 8- 9 TO 1/4 MILE OR LESS
LOWEST: 71 ON 8, 3 3 = THUNDER
SNOW, ICE PELLETS, HAIL 4 = ICE PELLETS
TOTAL MONTH: 0.0 INCH 5 = HAIL
GRTST 24HR 0.0 6 = FREEZING RAIN OR DRIZZLE
GRTST DEPTH: 0 7 = DUSTSTORM OR SANDSTORM:
VSBY 1/2 MILE OR LESS
8 = SMOKE OR HAZE
[NO. OF DAYS WITH] [WEATHER - DAYS WITH] 9 = BLOWING SNOW
X = TORNADO
MAX 32 OR BELOW: 0 0.01 INCH OR MORE: 22
MAX 90 OR ABOVE: 22 0.10 INCH OR MORE: 13
MIN 32 OR BELOW: 0 0.50 INCH OR MORE: 7
MIN 0 OR BELOW: 0 1.00 INCH OR MORE: 3
[HDD (BASE 65) ]
TOTAL THIS MO. 0 CLEAR (SCALE 0-3) 29
DPTR FM NORMAL 0 PTCLDY (SCALE 4-7) 1
TOTAL FM JUL 1 0 CLOUDY (SCALE 8-10) 1
DPTR FM NORMAL 0
[CDD (BASE 65) ]
TOTAL THIS MO. 563
DPTR FM NORMAL -7 [PRESSURE DATA]
TOTAL FM JAN 1 2772 HIGHEST SLP 30.18 ON 10
DPTR FM NORMAL 229 LOWEST SLP 29.86 ON 27
[REMARKS]
#FINAL-08-22#