000
CXUS52 KTBW 011355
CLMSRQ
CLIMATE REPORT
NATIONAL WEATHER SERVICE TAMPA BAY FL
955 AM EDT MON MAY 01 2023
...................................
...THE SARASOTA BRADENTON CLIMATE SUMMARY FOR THE MONTH OF APRIL 2023...
CLIMATE NORMAL PERIOD: 1991 TO 2020
CLIMATE RECORD PERIOD: 1911 TO 2023
WEATHER OBSERVED NORMAL DEPART LAST YEAR`S
VALUE DATE(S) VALUE FROM VALUE DATE(S)
NORMAL
................................................................
TEMPERATURE (F)
ALL-TIME APRIL RECORD
HIGH 96 04/29/2017
LOW 37 04/05/1915
APRIL 2023
HIGHEST 91 04/05 MM MM 90 04/23
LOWEST 58 04/18 MM MM 48 04/10
AVG. MAXIMUM 84.7 82.5 2.2 83.9
AVG. MINIMUM 67.7 62.7 5.0 65.1
MEAN 76.2 72.6 3.6 74.5
DAYS MAX >= 90 2 0.6 1.4 1
DAYS MAX <= 32 0 0.0 0.0 0
DAYS MIN <= 32 0 0.0 0.0 0
DAYS MIN <= 0 0 0.0 0.0 0
PRECIPITATION (INCHES)
ALL-TIME APRIL RECORD
MAXIMUM 10.23 1987
MINIMUM 0.00 1967
APRIL 2023
TOTALS 3.63 2.46 1.17 1.97
DAILY AVG. 0.12 0.08 0.04 0.07
DAYS >= .01 8 5.1 2.9 5
DAYS >= .10 4 3.0 1.0 5
DAYS >= .50 2 1.3 0.7 2
DAYS >= 1.00 1 0.6 0.4 0
GREATEST
24 HR. TOTAL 2.48 04/16 TO 04/17
DEGREE DAYS
HEATING TOTAL 0 6 -6 2
SINCE 7/1 242 390 -148 MM
COOLING TOTAL 345 234 111 293
SINCE 1/1 808 508 300 MM
................................................................
WIND (MPH)
AVERAGE WIND SPEED 9.9
HIGHEST WIND SPEED/DIRECTION 38/310 DATE 04/27
HIGHEST GUST SPEED/DIRECTION 53/340 DATE 04/27
SKY COVER (DOES NOT INCLUDE ANY CLOUDS ABOVE 12000 FEET)
POSSIBLE SUNSHINE (PERCENT) MM
AVERAGE SKY COVER 0.25
NUMBER OF DAYS FAIR 23
NUMBER OF DAYS PC 7
NUMBER OF DAYS CLOUDY 0
AVERAGE RH (PERCENT) 71
WEATHER CONDITIONS. NUMBER OF DAYS WITH
THUNDERSTORM 6 MIXED PRECIP 0
HEAVY RAIN 3 RAIN 4
LIGHT RAIN 11 FREEZING RAIN 0
LT FREEZING RAIN 0 HAIL 0
HEAVY SNOW 0 SNOW 0
LIGHT SNOW 0 SLEET 0
FOG 8 FOG W/VIS <= 1/4 MILE 2
HAZE 1
- INDICATES NEGATIVE NUMBERS.
R INDICATES RECORD WAS SET OR TIED.
MM INDICATES DATA IS MISSING.
T INDICATES TRACE AMOUNT.
$$