000
CXUS52 KTBW 012130
CLMSRQ
CLIMATE REPORT
NATIONAL WEATHER SERVICE TAMPA BAY FL
430 PM EST FRI DEC 01 2023
...................................
...THE SARASOTA BRADENTON CLIMATE SUMMARY FOR THE MONTH OF NOVEMBER 2023...
CLIMATE NORMAL PERIOD: 1991 TO 2020
CLIMATE RECORD PERIOD: 1911 TO 2023
WEATHER OBSERVED NORMAL DEPART LAST YEAR`S
VALUE DATE(S) VALUE FROM VALUE DATE(S)
NORMAL
................................................................
TEMPERATURE (F)
ALL-TIME NOVEMBER RECORD
HIGH 92 11/13/1972
11/06/1972
11/02/1971
LOW 27 11/25/1970
11/17/1940
NOVEMBER 2023
HIGHEST 87 11/09 MM MM 89 11/02
11/06
LOWEST 48 11/29 MM MM 52 11/18
AVG. MAXIMUM 79.8 80.0 -0.2 80.7
AVG. MINIMUM 62.3 60.1 2.2 65.5
MEAN 71.1 70.1 1.0 73.1
DAYS MAX >= 90 0 0.1 -0.1 0
DAYS MAX <= 32 0 0.0 0.0 0
DAYS MIN <= 32 0 0.0 0.0 0
DAYS MIN <= 0 0 0.0 0.0 0
PRECIPITATION (INCHES)
ALL-TIME NOVEMBER RECORD
MAXIMUM 9.40 1997
MINIMUM 0.00 1931
1913
NOVEMBER 2023
TOTALS 0.67 1.81 -1.14 2.63
DAILY AVG. 0.02 0.06 -0.04 0.09
DAYS >= .01 5 5.6 -0.6 8
DAYS >= .10 2 2.5 -0.5 4
DAYS >= .50 0 0.9 -0.9 1
DAYS >= 1.00 0 0.4 -0.4 1
GREATEST
24 HR. TOTAL 0.31 11/14 TO 11/15
DEGREE DAYS
HEATING TOTAL 16 26 -10 12
SINCE 7/1 16 27 -11 MM
COOLING TOTAL 207 178 29 261
SINCE 1/1 4248 3619 629 MM
................................................................
WIND (MPH)
AVERAGE WIND SPEED 8.4
HIGHEST WIND SPEED/DIRECTION 25/100 DATE 11/15
HIGHEST GUST SPEED/DIRECTION 36/110 DATE 11/15
SKY COVER (DOES NOT INCLUDE ANY CLOUDS ABOVE 12000 FEET)
POSSIBLE SUNSHINE (PERCENT) MM
AVERAGE SKY COVER 0.31
NUMBER OF DAYS FAIR 18
NUMBER OF DAYS PC 9
NUMBER OF DAYS CLOUDY 3
AVERAGE RH (PERCENT) 69
WEATHER CONDITIONS. NUMBER OF DAYS WITH
THUNDERSTORM 1 MIXED PRECIP 0
HEAVY RAIN 1 RAIN 3
LIGHT RAIN 9 FREEZING RAIN 0
LT FREEZING RAIN 0 HAIL 0
HEAVY SNOW 0 SNOW 0
LIGHT SNOW 0 SLEET 0
FOG 7 FOG W/VIS <= 1/4 MILE 2
HAZE 1
- INDICATES NEGATIVE NUMBERS.
R INDICATES RECORD WAS SET OR TIED.
MM INDICATES DATA IS MISSING.
T INDICATES TRACE AMOUNT.
$$