000
CXUS52 KJAX 092011
CF6SSI
PRELIMINARY LOCAL CLIMATOLOGICAL DATA (WS FORM: F-6)
STATION: ST SIMONS ISLAND
MONTH: JUNE
YEAR: 2021
LATITUDE: 31 9 N
LONGITUDE: 81 23 W
TEMPERATURE IN F: :PCPN: SNOW: WIND :SUNSHINE: SKY :PK WND
================================================================================
1 2 3 4 5 6A 6B 7 8 9 10 11 12 13 14 15 16 17 18
12Z AVG MX 2MIN
DY MAX MIN AVG DEP HDD CDD WTR SNW DPTH SPD SPD DIR MIN PSBL S-S WX SPD DR
================================================================================
1 83 65 74 -5 0 9 0.00 0.0 0 8.8 20 70 M M 3 26 60
2 85 74 80 1 0 15 0.00 0.0 0 7.9 14 160 M M 2 20 170
3 83 74 79 0 0 14 0.09 0.0 0 8.9 16 150 M M 6 13 25 170
4 87 74 81 2 0 16 0.00 0.0 0 8.0 17 140 M M 1 24 170
5 87 77 82 2 0 17 0.00 0.0 0 8.5 17 140 M M 2 23 180
6 88 79 84 4 0 19 0.00 0.0 0 11.1 18 140 M M 2 26 130
7 86 79 83 3 0 18 T 0.0 0 9.6 17 150 M M 5 3 25 160
8 87 79 83 3 0 18 T 0.0 0 9.7 17 150 M M 3 25 150
9 87 79 83 3 0 18 T 0.0 0 8.1 18 150 M M 3 3 24 140
10 91 76 84 4 0 19 0.31 0.0 0 8.0 26 220 M M 1 13 38 240
11 96 76 86 6 0 21 0.08 0.0 0 10.2 18 240 M M 2 27 230
12 93 72 83 2 0 18 0.96 0.0 0 9.0 31 250 M M 3 13 46 260
13 85 72 79 -2 0 14 0.41 0.0 0 5.8 13 350 M M 5 13 20 20
14 86 73 80 -1 0 15 0.00 0.0 0 6.0 12 220 M M 3 19 140
15 96 76 86 5 0 21 0.00 0.0 0 10.9 23 220 M M 1 3 36 230
16 93 74 84 3 0 19 T 0.0 0 9.4 16 210 M M 2 3 23 210
17 86 73 80 -1 0 15 0.00 0.0 0 8.1 15 100 M M 0 20 100
18 87 76 82 1 0 17 0.00 0.0 0 6.4 20 220 M M 5 25 230
19 88 75 82 0 0 17 0.05 0.0 0 7.3 18 170 M M 1 1 34 190
20 89 77 83 1 0 18 0.04 0.0 0 14.6 28 220 M M 4 1 36 220
21 92 75 84 2 0 19 T 0.0 0 13.9 24 230 M M 2 33 240
22 79 72 76 -6 0 11 1.11 0.0 0 8.8 16 230 M M 5 1 25 290
23 87 74 81 -1 0 16 T 0.0 0 7.3 14 100 M M M 19 240
24 80 76 78 -4 0 13 T 0.0 0 14.1 20 70 M M 5 31 50
25 84 73 79 -3 0 14 0.10 0.0 0 10.1 20 60 M M 5 1 26 50
26 85 73 79 -3 0 14 0.00 0.0 0 8.9 17 70 M M 2 24 70
27 87 78 83 1 0 18 0.03 0.0 0 8.4 20 100 M M 2 1 27 100
28 82 78 80 -2 0 15 0.02 0.0 0 6.3 14 20 M M 5 18 10
29 87 76 82 -1 0 17 0.09 0.0 0 7.9 17 130 M M 1 13 24 60
30 86 76 81 -2 0 16 0.32 0.0 0 6.4 17 110 M M 2 13 26 100
================================================================================
SM 2612 2251 0 491 3.61 0.0 268.4 M 83
================================================================================
AV 87.1 75.0 8.9 FASTST M M 3 MAX(MPH)
MISC ----> 31 250 46 260
================================================================================
NOTES:
# LAST OF SEVERAL OCCURRENCES
COLUMN 17 PEAK WIND IN M.P.H.
PRELIMINARY LOCAL CLIMATOLOGICAL DATA (WS FORM: F-6) , PAGE 2
STATION: ST SIMONS ISLAND
MONTH: JUNE
YEAR: 2021
LATITUDE: 31 9 N
LONGITUDE: 81 23 W
[TEMPERATURE DATA] [PRECIPITATION DATA] SYMBOLS USED IN COLUMN 16
AVERAGE MONTHLY: 81.1 TOTAL FOR MONTH: 3.61 1 = FOG OR MIST
DPTR FM NORMAL: 0.1 DPTR FM NORMAL: -2.15 2 = FOG REDUCING VISIBILITY
HIGHEST: 96 ON 15,11 GRTST 24HR 1.11 ON 22-22 TO 1/4 MILE OR LESS
LOWEST: 65 ON 1 3 = THUNDER
SNOW, ICE PELLETS, HAIL 4 = ICE PELLETS
TOTAL MONTH: 0.0 INCH 5 = HAIL
GRTST 24HR 0.0 6 = FREEZING RAIN OR DRIZZLE
GRTST DEPTH: 0 7 = DUSTSTORM OR SANDSTORM:
VSBY 1/2 MILE OR LESS
8 = SMOKE OR HAZE
[NO. OF DAYS WITH] [WEATHER - DAYS WITH] 9 = BLOWING SNOW
X = TORNADO
MAX 32 OR BELOW: 0 0.01 INCH OR MORE: 13
MAX 90 OR ABOVE: 6 0.10 INCH OR MORE: 6
MIN 32 OR BELOW: 0 0.50 INCH OR MORE: 2
MIN 0 OR BELOW: 0 1.00 INCH OR MORE: 1
[HDD (BASE 65) ]
TOTAL THIS MO. 0 CLEAR (SCALE 0-3) 19
DPTR FM NORMAL 0 PTCLDY (SCALE 4-7) 10
TOTAL FM JUL 1 1184 CLOUDY (SCALE 8-10) 1
DPTR FM NORMAL -126
[CDD (BASE 65) ]
TOTAL THIS MO. 491
DPTR FM NORMAL 13 [PRESSURE DATA]
TOTAL FM JAN 1 1065 HIGHEST SLP 30.24 ON 29
DPTR FM NORMAL 56 LOWEST SLP 29.73 ON 12
[REMARKS]
#FINAL-06-21#