000
CXUS55 KEAX 010736
CF6STJ
PRELIMINARY LOCAL CLIMATOLOGICAL DATA (WS FORM: F-6)
STATION: ST. JOSEPH MO
MONTH: MAY
YEAR: 2020
LATITUDE: 39 46 N
LONGITUDE: 94 55 W
TEMPERATURE IN F: :PCPN: SNOW: WIND :SUNSHINE: SKY :PK WND
================================================================================
1 2 3 4 5 6A 6B 7 8 9 10 11 12 13 14 15 16 17 18
12Z AVG MX 2MIN
DY MAX MIN AVG DEP HDD CDD WTR SNW DPTH SPD SPD DIR MIN PSBL S-S WX SPD DR
================================================================================
1 84 50 67 8 0 2 0.00 M M 10.1 26 180 M M 0 38 180
2 81 53 67 8 0 2 0.00 M M 10.0 21 20 M M 4 28 50
3 77 53 65 5 0 0 0.02 M M 6.3 17 80 M M 4 27 70
4 64 50 57 -3 8 0 0.29 M M 8.1 23 100 M M 6 138 31 90
5 71 43 57 -3 8 0 0.00 M M 16.0 39 320 M M 3 1 53 310
6 62 39 51 -10 14 0 0.00 M M 5.0 16 300 M M 5 1 27 310
7 63 36 50 -11 15 0 0.12 M M 4.2 15 60 M M 6 12 20 60
8 60 38 49 -12 16 0 0.19 M M 12.1 23 350 M M 2 1 33 10
9 67 33 50 -12 15 0 T M M 7.8 24 320 M M 2 1 35 320
10 61 38 50 -12 15 0 0.00 M M 15.2 29 320 M M 2 40 320
11 54 36 45 -17 20 0 0.00 M M 5.5 14 350 M M 7 20 350
12 59 42 51 -12 14 0 0.00 M M 6.2 17 130 M M 7 22 160
13 63 50 57 -6 8 0 0.01 M M 10.5 20 140 M M 10 18 25 140
14 81 62 72 8 0 7 0.75 M M 8.8 26 210 M M 8 13 35 220
15 76 59 68 4 0 3 0.00 M M 8.8 21 50 M M 4 1 26 70
16 78 62 70 6 0 5 0.00 M M 7.1 15 170 M M 6 21 180
17 70 56 63 -2 2 0 T M M 16.7 30 330 M M 9 1 39 330
18 63 55 59 -6 6 0 0.00 M M 14.3 22 320 M M 10 28 330
19 71 56 64 -2 1 0 0.00 M M 8.9 15 40 M M 8 21 50
20 70 58 64 -2 1 0 0.00 M M 6.9 15 110 M M 10 1 21 110
21 72 60 66 0 0 1 T M M 9.4 18 130 M M 9 24 130
22 76 60 68 1 0 3 0.14 M M 11.1 25 130 M M 7 13 37 140
23 86 62 74 7 0 9 0.00 M M 9.3 21 260 M M 5 27 260
24 87 63 75 8 0 10 0.09 M M 7.6 32 170 M M 3 3 42 170
25 77 62 70 2 0 5 1.12 M M 5.9 23 250 M M 5 13 28 240
26 77 66 72 4 0 7 0.46 M M 8.1 15 250 M M 10 18 22 260
27 75 64 70 2 0 5 0.00 M M 3.7 12 310 M M 7 13 320
28 78 60 69 0 0 4 0.35 M M 7.6 24 20 M M 6 1 32 10
29 80 52 66 -3 0 1 0.00 M M 6.4 17 330 M M 0 27 320
30 73 53 63 -6 2 0 T M M 3.6 12 70 M M 5 17 80
31 79 60 70 0 0 5 0.02 M M 9.4 18 140 M M 5 25 130
================================================================================
SM 2235 1631 145 69 3.56 M 270.6 M 175
================================================================================
AV 72.1 52.6 8.7 FASTST M M 6 MAX(MPH)
MISC ----> 39 320 53 310
================================================================================
NOTES:
# LAST OF SEVERAL OCCURRENCES
COLUMN 17 PEAK WIND IN M.P.H.
PRELIMINARY LOCAL CLIMATOLOGICAL DATA (WS FORM: F-6) , PAGE 2
STATION: ST. JOSEPH MO
MONTH: MAY
YEAR: 2020
LATITUDE: 39 46 N
LONGITUDE: 94 55 W
[TEMPERATURE DATA] [PRECIPITATION DATA] SYMBOLS USED IN COLUMN 16
AVERAGE MONTHLY: 62.4 TOTAL FOR MONTH: 3.56 1 = FOG OR MIST
DPTR FM NORMAL: -2.0 DPTR FM NORMAL: -1.86 2 = FOG REDUCING VISIBILITY
HIGHEST: 87 ON 24 GRTST 24HR 1.22 ON 25-26 TO 1/4 MILE OR LESS
LOWEST: 33 ON 9 3 = THUNDER
SNOW, ICE PELLETS, HAIL 4 = ICE PELLETS
TOTAL MONTH: M 5 = HAIL
GRTST 24HR M ON M 6 = FREEZING RAIN OR DRIZZLE
GRTST DEPTH: M ON M 7 = DUSTSTORM OR SANDSTORM:
VSBY 1/2 MILE OR LESS
8 = SMOKE OR HAZE
[NO. OF DAYS WITH] [WEATHER - DAYS WITH] 9 = BLOWING SNOW
X = TORNADO
MAX 32 OR BELOW: 0 0.01 INCH OR MORE: 12
MAX 90 OR ABOVE: 0 0.10 INCH OR MORE: 8
MIN 32 OR BELOW: 0 0.50 INCH OR MORE: 2
MIN 0 OR BELOW: 0 1.00 INCH OR MORE: 1
[HDD (BASE 65) ]
TOTAL THIS MO. 145 CLEAR (SCALE 0-3) 7
DPTR FM NORMAL 33 PTCLDY (SCALE 4-7) 18
TOTAL FM JUL 1 5051 CLOUDY (SCALE 8-10) 6
DPTR FM NORMAL -399
[CDD (BASE 65) ]
TOTAL THIS MO. 69
DPTR FM NORMAL -23 [PRESSURE DATA]
TOTAL FM JAN 1 78 HIGHEST SLP M ON M
DPTR FM NORMAL -35 LOWEST SLP 29.65 ON 22
[REMARKS]
#FINAL-05-20#