000
CXUS53 KLSX 011500
CF6STL
PRELIMINARY LOCAL CLIMATOLOGICAL DATA (WS FORM: F-6)
STATION: ST. LOUIS
MONTH: FEBRUARY
YEAR: 2023
LATITUDE: 38 45 N
LONGITUDE: 90 23 W
TEMPERATURE IN F: :PCPN: SNOW: WIND :SUNSHINE: SKY :PK WND
================================================================================
1 2 3 4 5 6A 6B 7 8 9 10 11 12 13 14 15 16 17 18
12Z AVG MX 2MIN
DY MAX MIN AVG DEP HDD CDD WTR SNW DPTH SPD SPD DIR MIN PSBL S-S WX SPD DR
================================================================================
1 34 15 25 -8 40 0 0.00 0.0 T M 9 160 M M 8 13 160
2 51 22 37 4 28 0 0.00 0.0 0 8.5 21 340 M M 3 29 340
3 26 13 20 -14 45 0 0.00 0.0 0 8.8 17 330 M M 1 23 340
4 55 23 39 5 26 0 0.00 0.0 0 12.6 23 200 M M 6 32 220
5 62 37 50 16 15 0 0.00 0.0 0 10.7 21 200 M M 4 29 200
6 63 31 47 13 18 0 0.00 0.0 0 13.5 25 150 M M 8 34 170
7 59 37 48 14 17 0 0.01 0.0 0 7.6 23 310 M M 8 29 320
8 45 35 40 5 25 0 0.46 0.0 0 7.3 15 100 M M 9 1 20 70
9 53 41 47 12 18 0 0.49 0.0 0 16.4 36 220 M M 9 1 50 210
10 45 30 38 3 27 0 0.00 0.0 0 8.3 18 320 M M 6 27 320
11 49 22 36 0 29 0 0.00 0.0 0 1.5 9 130 M M 0 12 140
12 60 25 43 7 22 0 0.00 0.0 0 5.0 13 160 M M 3 17 150
13 62 39 51 15 14 0 0.00 0.0 0 5.2 12 230 M M 4 17 210
14 59 42 51 15 14 0 0.21 0.0 0 13.7 33 220 M M 9 45 220
15 59 41 50 13 15 0 0.00 0.0 0 11.3 25 240 M M 3 33 240
16 41 31 36 -1 29 0 0.30 T 0 13.0 26 280 M M 10 1348 34 290
17 37 22 30 -7 35 0 T T 0 9.3 18 320 M M 5 26 310
18 57 29 43 5 22 0 0.00 0.0 0 11.4 21 170 M M 6 30 190
19 63 40 52 14 13 0 0.00 0.0 0 9.0 21 210 M M 5 29 210
20 65 38 52 14 13 0 0.02 0.0 0 5.2 20 270 M M 7 31 290
21 57 37 47 8 18 0 0.00 0.0 0 9.7 22 130 M M 5 29 130
22 73 52 63 24 2 0 0.37 0.0 0 11.5 33 270 M M 6 18 47 290
23 58 29 44 5 21 0 0.00 0.0 0 12.4 30 310 M M 3 39 290
24 40 23 32 -8 33 0 0.05 0.0 0 9.3 18 110 M M 4 23 100
25 52 33 43 3 22 0 0.03 0.0 0 M M 50 M M 8 M M
26 57 38 48 8 17 0 T 0.0 0 9.2 23 140 M M 9 29 140
27 65 47 56 15 9 0 0.21 0.0 0 20.0 39 230 M M 6 1 52 270
28 59 36 48 7 17 0 0.00 0.0 0 8.6 20 120 M M 2 28 120
================================================================================
SM 1506 908 604 0 2.15 T 259.0 M 157
================================================================================
AV 53.8 32.4 10.0 FASTST M M 6 MAX(MPH)
MISC ----> 39 230 52 270
================================================================================
NOTES:
# LAST OF SEVERAL OCCURRENCES
COLUMN 17 PEAK WIND IN M.P.H.
PRELIMINARY LOCAL CLIMATOLOGICAL DATA (WS FORM: F-6) , PAGE 2
STATION: ST. LOUIS
MONTH: FEBRUARY
YEAR: 2023
LATITUDE: 38 45 N
LONGITUDE: 90 23 W
[TEMPERATURE DATA] [PRECIPITATION DATA] SYMBOLS USED IN COLUMN 16
AVERAGE MONTHLY: 43.1 TOTAL FOR MONTH: 2.15 1 = FOG OR MIST
DPTR FM NORMAL: 6.4 DPTR FM NORMAL: -0.08 2 = FOG REDUCING VISIBILITY
HIGHEST: 73 ON 22 GRTST 24HR 0.95 ON 8- 9 TO 1/4 MILE OR LESS
LOWEST: 13 ON 3 3 = THUNDER
SNOW, ICE PELLETS, HAIL 4 = ICE PELLETS
TOTAL MONTH: T 5 = HAIL
GRTST 24HR T ON 16-16 6 = FREEZING RAIN OR DRIZZLE
GRTST DEPTH: T 7 = DUSTSTORM OR SANDSTORM:
VSBY 1/2 MILE OR LESS
8 = SMOKE OR HAZE
[NO. OF DAYS WITH] [WEATHER - DAYS WITH] 9 = BLOWING SNOW
X = TORNADO
MAX 32 OR BELOW: 1 0.01 INCH OR MORE: 10
MAX 90 OR ABOVE: 0 0.10 INCH OR MORE: 6
MIN 32 OR BELOW: 13 0.50 INCH OR MORE: 0
MIN 0 OR BELOW: 0 1.00 INCH OR MORE: 0
[HDD (BASE 65) ]
TOTAL THIS MO. 604 CLEAR (SCALE 0-3) 6
DPTR FM NORMAL -189 PTCLDY (SCALE 4-7) 17
TOTAL FM JUL 1 3081 CLOUDY (SCALE 8-10) 5
DPTR FM NORMAL -438
[CDD (BASE 65) ]
TOTAL THIS MO. 0
DPTR FM NORMAL -1 [PRESSURE DATA]
TOTAL FM JAN 1 0 HIGHEST SLP 30.73 ON 3
DPTR FM NORMAL 0 LOWEST SLP 29.20 ON 27
[REMARKS]
#FINAL-02-23#