000
CXUS56 KMTR 011000
CF6STS
PRELIMINARY LOCAL CLIMATOLOGICAL DATA (WS FORM: F-6)
STATION: SANTA ROSA AIRPORT
MONTH: MARCH
YEAR: 2020
LATITUDE: 38 30 N
LONGITUDE: 122 49 W
TEMPERATURE IN F: :PCPN: SNOW: WIND :SUNSHINE: SKY :PK WND
================================================================================
1 2 3 4 5 6A 6B 7 8 9 10 11 12 13 14 15 16 17 18
12Z AVG MX 2MIN
DY MAX MIN AVG DEP HDD CDD WTR SNW DPTH SPD SPD DIR MIN PSBL S-S WX SPD DR
================================================================================
1 62 39 51 -1 14 0 0.00 0.0 0 11.0 28 50 M M 6 35 40
2 76 43 60 8 5 0 0.00 0.0 0 11.4 25 30 M M 1 33 10
3 85 44 65 13 0 0 0.00 0.0 0 5.2 15 10 M M 0 17 320
4 80 39 60 8 5 0 0.00 0.0 0 3.8 12 180 M M 0 12 15 160
5 58 48 53 1 12 0 0.00 0.0 0 3.5 10 220 M M 9 14 240
6 54 48 51 -1 14 0 0.03 M 0 2.6 10 240 M M 10 1 12 250
7 56 37 47 -5 18 0 0.11 M 0 4.5 12 220 M M 7 1 16 230
8 58 32 45 -7 20 0 0.00 0.0 0 4.2 13 240 M M 5 12 15 240
9 67 43 55 3 10 0 0.00 0.0 0 3.6 9 220 M M 4 18 260
10 77 38 58 6 7 0 0.00 M M 5.0 14 180 M M 1 18 170
11 72 40 56 3 9 0 0.00 M M 4.6 13 170 M M 0 1 15 180
12 77 40 59 6 6 0 0.00 M M 3.9 15 170 M M 3 12 18 170
13 57 46 52 -1 13 0 0.00 M M 4.4 13 240 M M 9 128 17 220
14 56 43 50 -3 15 0 0.08 M M 6.7 17 250 M M 8 1 23 240
15 54 37 46 -7 19 0 0.26 M M 6.5 14 240 M M 7 1 22 240
16 56 37 47 -6 18 0 T M M 5.5 12 180 M M 8 M M
17 56 36 46 -7 19 0 0.01 M M 3.0 13 140 M M 7 1 16 160
18 57 43 50 -3 15 0 0.08 M M 3.0 10 270 M M 10 1 13 270
19 62 39 51 -2 14 0 0.00 M M 3.8 14 230 M M 6 12 19 250
20 66 34 50 -3 15 0 0.00 M M 3.6 12 190 M M 3 1 15 120
21 68 37 53 0 12 0 0.00 M M 4.8 14 190 M M 3 18 180
22 70 39 55 2 10 0 T M M 4.3 14 160 M M 2 13 20 160
23 60 40 50 -3 15 0 T M M 5.3 20 250 M M 8 12 28 220
24 57 37 47 -6 18 0 0.20 M M 5.9 17 250 M M 7 18 23 250
25 55 31 43 -10 22 0 0.03 M M 3.8 18 270 M M 5 12 23 290
26 60 30 45 -8 20 0 0.00 M M 3.9 17 240 M M 3 1 22 250
27 60 30 45 -8 20 0 0.00 M M 3.6 15 250 M M 4 1 20 270
28 55 41 48 -6 17 0 0.13 M M 2.3 10 230 M M 9 1 13 220
29 61 44 53 -1 12 0 0.12 M M 2.9 13 190 M M 8 1 16 200
30 58 42 50 -4 15 0 T M M 3.3 13 260 M M 9 1 16 260
31 69 47 58 4 7 0 0.00 M M 4.6 14 310 M M 7 1 17 320
================================================================================
SM 1959 1224 416 0 1.05 0.0 144.5 M 169
================================================================================
AV 63.2 39.5 4.7 FASTST M M 5 MAX(MPH)
MISC ----> 28 50 35 40
================================================================================
NOTES:
# LAST OF SEVERAL OCCURRENCES
COLUMN 17 PEAK WIND IN M.P.H.
PRELIMINARY LOCAL CLIMATOLOGICAL DATA (WS FORM: F-6) , PAGE 2
STATION: SANTA ROSA AIRPORT
MONTH: MARCH
YEAR: 2020
LATITUDE: 38 30 N
LONGITUDE: 122 49 W
[TEMPERATURE DATA] [PRECIPITATION DATA] SYMBOLS USED IN COLUMN 16
AVERAGE MONTHLY: 51.3 TOTAL FOR MONTH: 1.05 1 = FOG OR MIST
DPTR FM NORMAL: -1.5 DPTR FM NORMAL: -3.93 2 = FOG REDUCING VISIBILITY
HIGHEST: 85 ON 3 GRTST 24HR 0.26 ON 14-15 TO 1/4 MILE OR LESS
LOWEST: 30 ON 26,27 3 = THUNDER
SNOW, ICE PELLETS, HAIL 4 = ICE PELLETS
TOTAL MONTH: 0.0 INCH 5 = HAIL
GRTST 24HR 0.0 6 = FREEZING RAIN OR DRIZZLE
GRTST DEPTH: 0 7 = DUSTSTORM OR SANDSTORM:
VSBY 1/2 MILE OR LESS
8 = SMOKE OR HAZE
[NO. OF DAYS WITH] [WEATHER - DAYS WITH] 9 = BLOWING SNOW
X = TORNADO
MAX 32 OR BELOW: 0 0.01 INCH OR MORE: 10
MAX 90 OR ABOVE: 0 0.10 INCH OR MORE: 5
MIN 32 OR BELOW: 4 0.50 INCH OR MORE: 0
MIN 0 OR BELOW: 0 1.00 INCH OR MORE: 0
[HDD (BASE 65) ]
TOTAL THIS MO. 416 CLEAR (SCALE 0-3) 10
DPTR FM NORMAL 37 PTCLDY (SCALE 4-7) 15
TOTAL FM JUL 1 2237 CLOUDY (SCALE 8-10) 6
DPTR FM NORMAL -323
[CDD (BASE 65) ]
TOTAL THIS MO. 0
DPTR FM NORMAL -1 [PRESSURE DATA]
TOTAL FM JAN 1 0 HIGHEST SLP M ON M
DPTR FM NORMAL -1 LOWEST SLP 29.67 ON 13
[REMARKS]
#FINAL-03-20#