000
CXUS53 KFSD 020211 RRA
CLMSUX
CLIMATE REPORT
NATIONAL WEATHER SERVICE SIOUX FALLS SD
910 PM CDT SAT JUL 01 2023
...................................
...THE SIOUX CITY IA CLIMATE SUMMARY FOR THE MONTH OF JUNE 2023...
CLIMATE NORMAL PERIOD: 1991 TO 2020
CLIMATE RECORD PERIOD: 1889 TO 2023
WEATHER OBSERVED NORMAL DEPART LAST YEAR`S
VALUE DATE(S) VALUE FROM VALUE DATE(S)
NORMAL
................................................................
TEMPERATURE (F)
RECORD
HIGH 108 06/21/1988
LOW 38 06/04/1945
HIGHEST 93 06/19 MM MM 100 06/29
06/28
06/29
LOWEST 45 06/12 MM MM 41 06/02
AVG. MAXIMUM 85.8 81.9 3.9 86.7
AVG. MINIMUM 59.8 59.4 0.4 59.7
MEAN 72.8 70.7 2.1 73.2
DAYS MAX >= 90 8 6.1 1.9 13
DAYS MAX <= 32 0 0.0 0.0 0
DAYS MIN <= 32 0 0.0 0.0 0
DAYS MIN <= 0 0 0.0 0.0 0
PRECIPITATION (INCHES)
RECORD
MAXIMUM 16.65 2014
MINIMUM 0.53 1988
TOTALS 1.79 4.35 -2.56 1.15
DAILY AVG. 0.06 0.15 -0.09 0.04
DAYS >= .01 9 11.7 -2.7 10
DAYS >= .10 4 7.4 -3.4 7
DAYS >= .50 1 3.1 -2.1 0
DAYS >= 1.00 0 1.3 -1.3 0
GREATEST
24 HR. TOTAL 0.94 06/09 TO 06/09
DEGREE DAYS
HEATING TOTAL 6 26 -20 10
SINCE 7/1 6754 6857 -103 MM
COOLING TOTAL 251 195 56 263
SINCE 1/1 361 260 101 MM
................................................................
WIND (MPH)
AVERAGE WIND SPEED 7.2
HIGHEST WIND SPEED/DIRECTION 35/290 DATE 06/24
HIGHEST GUST SPEED/DIRECTION 46/270 DATE 06/24
SKY COVER
POSSIBLE SUNSHINE (PERCENT) MM
AVERAGE SKY COVER 0.16
NUMBER OF DAYS FAIR 24
NUMBER OF DAYS PC 6
NUMBER OF DAYS CLOUDY 0
AVERAGE RH (PERCENT) 67
WEATHER CONDITIONS. NUMBER OF DAYS WITH
THUNDERSTORM 7 MIXED PRECIP 0
HEAVY RAIN 3 RAIN 4
LIGHT RAIN 10 FREEZING RAIN 0
LT FREEZING RAIN 0 HAIL 0
HEAVY SNOW 0 SNOW 0
LIGHT SNOW 0 SLEET 0
FOG 15 FOG W/VIS <= 1/4 MILE 0
HAZE 7
- INDICATES NEGATIVE NUMBERS.
R INDICATES RECORD WAS SET OR TIED.
MM INDICATES DATA IS MISSING.
T INDICATES TRACE AMOUNT.
$$