000
CXUS54 KEWX 051821
CF6T82
PRELIMINARY LOCAL CLIMATOLOGICAL DATA (WS FORM: F-6)
STATION: FREDERICKSBURG
MONTH: JULY
YEAR: 2022
LATITUDE: 30 15 N
LONGITUDE: 98 55 W
TEMPERATURE IN F: :PCPN: SNOW: WIND :SUNSHINE: SKY :PK WND
================================================================================
1 2 3 4 5 6A 6B 7 8 9 10 11 12 13 14 15 16 17 18
12Z AVG MX 2MIN
DY MAX MIN AVG DEP HDD CDD WTR SNW DPTH SPD SPD DIR MIN PSBL S-S WX SPD DR
================================================================================
1 98 73 86 M 0 21 0.00 M M 4.9 10 140 M M 3 18 0
2 98 74 86 M 0 21 0.00 M M 6.1 14 150 M M 3 22 150
3 95 75 85 M 0 20 0.00 M M 8.7 16 170 M M 2 22 200
4 96 72 84 M 0 19 0.00 M M 9.3 16 170 M M 1 24 140
5 97 72 85 M 0 20 0.00 M M 8.7 16 180 M M 2 22 200
6 99 73 86 M 0 21 0.00 M M 8.3 14 210 M M 0 22 150
7 98 73 86 M 0 21 0.00 0.0 M 6.7 14 230 M M 0 18 200
8 100 74 87 M 0 22 0.00 0.0 M 5.1 12 210 M M 1 17 220
9 102 76 89 M 0 24 0.00 M M 4.4 9 80 M M 2 M M
10 103 74 89 M 0 24 0.23 M M 3.4 9 230 M M 2 3 16 250
11 103 71 87 M 0 22 0.00 M M 4.5 14 190 M M 2 21 190
12 104 73 89 M 0 24 0.25 0.0 M 4.3 12 280 M M 4 22 360
13 102 72 87 M 0 22 0.00 0.0 M 2.8 8 160 M M 0 21 90
14 100 70 85 M 0 20 0.45 M M 5.2 40 20 M M 2 3 59 20
15 94 68 81 M 0 16 0.00 M M 3.2 10 160 M M 1 21 100
16 94 71 83 M 0 18 0.00 M M 4.4 10 130 M M 5 17 130
17 98 72 85 M 0 20 0.00 M M 6.3 13 220 M M 0 20 200
18 99 73 86 M 0 21 0.00 M M 6.3 12 170 M M 0 16 110
19 100 74 87 M 0 22 0.00 M M 7.9 15 180 M M 0 20 220
20 100 73 87 M 0 22 0.00 M M 5.5 10 150 M M 1 22 140
21 95 77 86 M 0 21 0.00 M M 7.0 10 190 M M 5 8 17 130
22 97 73 85 M 0 20 0.00 M M 8.3 16 180 M M 1 22 180
23 96 72 84 M 0 19 0.00 M M 8.2 13 150 M M 2 20 160
24 97 73 85 M 0 20 0.00 M M 8.4 16 210 M M 2 23 200
25 97 72 85 M 0 20 0.00 M M 8.2 13 150 M M 0 21 170
26 98 72 85 M 0 20 0.00 M M 7.9 14 140 M M 0 21 180
27 96 73 85 M 0 20 0.00 M M 7.5 13 170 M M 1 20 170
28 96 73 85 M 0 20 0.00 M M 7.7 13 160 M M 2 20 160
29 98 73 86 M 0 21 0.00 M M 8.3 14 160 M M 2 22 160
30 98 74 86 M 0 21 0.00 M M 8.9 15 200 M M 0 24 200
31 97 73 85 M 0 20 0.00 M M 7.8 14 210 M M 0 21 180
================================================================================
SM 3045 2258 0 642 0.93 0.0 204.2 M 46
================================================================================
AV 98.2 72.8 6.6 FASTST M M 1 MAX(MPH)
MISC ----> 40 20 59 20
================================================================================
NOTES:
# LAST OF SEVERAL OCCURRENCES
COLUMN 17 PEAK WIND IN M.P.H.
PRELIMINARY LOCAL CLIMATOLOGICAL DATA (WS FORM: F-6) , PAGE 2
STATION: FREDERICKSBURG
MONTH: JULY
YEAR: 2022
LATITUDE: 30 15 N
LONGITUDE: 98 55 W
[TEMPERATURE DATA] [PRECIPITATION DATA] SYMBOLS USED IN COLUMN 16
AVERAGE MONTHLY: 85.5 TOTAL FOR MONTH: 0.93 1 = FOG OR MIST
DPTR FM NORMAL: 0.0 DPTR FM NORMAL: M 2 = FOG REDUCING VISIBILITY
HIGHEST: 104 ON 12 GRTST 24HR 0.45 ON 14-14 TO 1/4 MILE OR LESS
LOWEST: 68 ON 15 3 = THUNDER
SNOW, ICE PELLETS, HAIL 4 = ICE PELLETS
TOTAL MONTH: 0.0 INCH 5 = HAIL
GRTST 24HR 0.0 6 = FREEZING RAIN OR DRIZZLE
GRTST DEPTH: M ON M 7 = DUSTSTORM OR SANDSTORM:
VSBY 1/2 MILE OR LESS
8 = SMOKE OR HAZE
[NO. OF DAYS WITH] [WEATHER - DAYS WITH] 9 = BLOWING SNOW
X = TORNADO
MAX 32 OR BELOW: 0 0.01 INCH OR MORE: 3
MAX 90 OR ABOVE: 31 0.10 INCH OR MORE: 3
MIN 32 OR BELOW: 0 0.50 INCH OR MORE: 0
MIN 0 OR BELOW: 0 1.00 INCH OR MORE: 0
[HDD (BASE 65) ]
TOTAL THIS MO. 0 CLEAR (SCALE 0-3) 28
DPTR FM NORMAL M PTCLDY (SCALE 4-7) 3
TOTAL FM JUL 1 0 CLOUDY (SCALE 8-10) 0
DPTR FM NORMAL M
[CDD (BASE 65) ]
TOTAL THIS MO. 642
DPTR FM NORMAL M [PRESSURE DATA]
TOTAL FM JAN 1 1860 HIGHEST SLP M ON M
DPTR FM NORMAL M LOWEST SLP M ON M
[REMARKS]
#FINAL-07-22#