000
CXUS52 KTBW 261311
CF6TBW
PRELIMINARY LOCAL CLIMATOLOGICAL DATA (WS FORM: F-6)
STATION: RUSKIN WFO
MONTH: FEBRUARY
YEAR: 2022
LATITUDE: 27 42 N
LONGITUDE: 82 24 W
TEMPERATURE IN F: :PCPN: SNOW: WIND :SUNSHINE: SKY :PK WND
================================================================================
1 2 3 4 5 6A 6B 7 8 9 10 11 12 13 14 15 16 17 18
12Z AVG MX 2MIN
DY MAX MIN AVG DEP HDD CDD WTR SNW DPTH SPD SPD DIR MIN PSBL S-S WX SPD DR
================================================================================
1 74 42 58 -4 7 0 0.00 0.0 0 M M M M M M M M
2 82 52 67 5 0 2 0.00 0.0 0 M M M M M M M M
3 84 61 73 11 0 8 0.00 0.0 0 M M M M M M M M
4 83 64 74 12 0 9 0.00 0.0 0 M M M M M M M M
5 69 55 62 -1 3 0 T 0.0 0 M M M M M M M M
6 63 54 59 -4 6 0 T 0.0 0 M M M M M M M M
7 68 53 61 -2 4 0 0.00 0.0 0 M M M M M M M M
8 56 52 54 -9 11 0 0.43 0.0 0 M M M M M M M M
9 67 48 58 -5 7 0 0.05 0.0 0 M M M M M M M M
10 71 42 57 -6 8 0 0.00 0.0 0 M M M M M M M M
11 78 49 64 0 1 0 0.00 0.0 0 M M M M M M M M
12 81 51 66 2 0 1 0.00 0.0 0 M M M M M M M M
13 70 56 63 -1 2 0 0.31 0.0 0 M M M M M M M M
14 65 45 55 -9 10 0 0.00 0.0 0 M M M M M M M M
15 74 43 59 -5 6 0 0.00 0.0 0 M M M M M M M M
16 82 57 70 6 0 5 0.00 0.0 0 M M M M M M M M
17 86 63 75 11 0 10 0.00 0.0 0 M M M M M M M M
18 82 65 74 10 0 9 0.00 0.0 0 M M M M M M 12 M M
19 74 57 66 1 0 1 0.00 0.0 0 M M M M M M 12 M M
20 81 51 66 1 0 1 0.00 0.0 0 M M M M M M M M
21 84 60 72 7 0 7 0.00 0.0 0 M M M M M M M M
22 85 62 74 9 0 9 0.00 0.0 0 M M M M M M M M
23 87 64 76 11 0 11 0.00 0.0 0 M M M M M M 1 M M
24 87 63 75 10 0 10 0.00 0.0 0 M M M M M M M M
25 82 63 73 8 0 8 0.00 0.0 0 M M M M M M M M
26 87 62 75 9 0 10 0.00 0.0 0 M M M M M M M M
27 81 62 72 6 0 7 0.00 0.0 0 M M M M M M M M
28 76 60 68 2 0 3 0.00 0.0 0 M M M M M M 1 M M
================================================================================
SM 2159 1556 65 111 0.79 0.0 M M M
================================================================================
AV 77.1 55.6 M FASTST M M M MAX(MPH)
MISC ----> M M M M
================================================================================
NOTES:
# LAST OF SEVERAL OCCURRENCES
COLUMN 17 PEAK WIND IN M.P.H.
PRELIMINARY LOCAL CLIMATOLOGICAL DATA (WS FORM: F-6) , PAGE 2
STATION: RUSKIN WFO
MONTH: FEBRUARY
YEAR: 2022
LATITUDE: 27 42 N
LONGITUDE: 82 24 W
[TEMPERATURE DATA] [PRECIPITATION DATA] SYMBOLS USED IN COLUMN 16
AVERAGE MONTHLY: 66.3 TOTAL FOR MONTH: 0.79 1 = FOG OR MIST
DPTR FM NORMAL: 2.3 DPTR FM NORMAL: -1.42 2 = FOG REDUCING VISIBILITY
HIGHEST: 87 ON 26,24 GRTST 24HR 0.43 ON 8- 8 TO 1/4 MILE OR LESS
LOWEST: 42 ON 10, 1 3 = THUNDER
SNOW, ICE PELLETS, HAIL 4 = ICE PELLETS
TOTAL MONTH: 0.0 INCH 5 = HAIL
GRTST 24HR 0.0 6 = FREEZING RAIN OR DRIZZLE
GRTST DEPTH: 0 7 = DUSTSTORM OR SANDSTORM:
VSBY 1/2 MILE OR LESS
8 = SMOKE OR HAZE
[NO. OF DAYS WITH] [WEATHER - DAYS WITH] 9 = BLOWING SNOW
X = TORNADO
MAX 32 OR BELOW: 0 0.01 INCH OR MORE: 3
MAX 90 OR ABOVE: 0 0.10 INCH OR MORE: 2
MIN 32 OR BELOW: 0 0.50 INCH OR MORE: 0
MIN 0 OR BELOW: 0 1.00 INCH OR MORE: 0
[HDD (BASE 65) ]
TOTAL THIS MO. 65 CLEAR (SCALE 0-3) 0
DPTR FM NORMAL -34 PTCLDY (SCALE 4-7) 0
TOTAL FM JUL 1 285 CLOUDY (SCALE 8-10) 28
DPTR FM NORMAL -152
[CDD (BASE 65) ]
TOTAL THIS MO. 111
DPTR FM NORMAL 42 [PRESSURE DATA]
TOTAL FM JAN 1 155 HIGHEST SLP M ON M
DPTR FM NORMAL 32 LOWEST SLP M ON M
[REMARKS]
#FINAL-02-22#