000
CXUS54 KEPZ 011130
CF6TCS
PRELIMINARY LOCAL CLIMATOLOGICAL DATA (WS FORM: F-6)
STATION: TRUTH OR CONSEQUENCES
MONTH: JANUARY
YEAR: 2024
LATITUDE: 33 13 N
LONGITUDE: 107 16 W
TEMPERATURE IN F: :PCPN: SNOW: WIND :SUNSHINE: SKY :PK WND
================================================================================
1 2 3 4 5 6A 6B 7 8 9 10 11 12 13 14 15 16 17 18
12Z AVG MX 2MIN
DY MAX MIN AVG DEP HDD CDD WTR SNW DPTH SPD SPD DIR MIN PSBL S-S WX SPD DR
================================================================================
1 56 29 43 2 22 0 0.00 M M 6.0 15 170 M M 1 19 180
2 56 35 46 5 19 0 0.00 M M 3.8 12 300 M M 3 16 320
3 56 29 43 2 22 0 0.00 M M 7.9 23 180 M M 0 8 30 170
4 47 35 41 0 24 0 0.01 M M 11.1 31 250 M M 5 1 42 250
5 50 31 41 0 24 0 0.00 M M 13.5 23 300 M M 1 31 300
6 50 32 41 0 24 0 0.00 M M 9.3 23 320 M M 1 35 320
7 53 28 41 0 24 0 0.00 M M 16.7 32 250 M M 2 44 200
8 40 25 33 -8 32 0 0.00 M M 17.6 33 290 M M 2 46 310
9 45 24 35 -6 30 0 0.00 M M 10.6 26 300 M M 0 37 300
10 57 23 40 -1 25 0 0.00 M M 7.6 22 240 M M 0 31 240
11 50 28 39 -3 26 0 T M M 18.2 35 300 M M 1 53 310
12 49 19 34 -8 31 0 0.00 M M 5.7 16 310 M M 0 20 320
13 58 22 40 -2 25 0 0.00 M M 4.7 12 260 M M 0 15 180
14 66 31 49 7 16 0 0.00 M M 5.2 18 300 M M 0 23 290
15 60 37 49 7 16 0 0.00 M M 7.6 17 300 M M 0 24 330
16 53 26 40 -2 25 0 0.00 M M 4.8 12 320 M M 0 15 330
17 62 24 43 1 22 0 0.00 M M 5.8 16 270 M M 0 26 300
18 71 40 56 14 9 0 0.00 M M 9.2 17 300 M M 0 26 330
19 58 36 47 4 18 0 0.00 M M 5.6 15 10 M M 0 20 360
20 57 34 46 3 19 0 0.00 M M 4.7 16 200 M M 0 20 190
21 53 42 48 5 17 0 0.07 M M 7.0 21 190 M M 9 27 210
22 59 39 49 6 16 0 0.01 M M 5.9 21 250 M M 5 31 250
23 48 38 43 0 22 0 0.28 M M 3.5 13 160 M M 8 1 20 160
24 51 39 45 2 20 0 0.19 M M 3.6 9 270 M M 8 3 12 270
25 55 36 46 2 19 0 0.00 M M 5.9 15 230 M M 3 20 270
26 55 38 47 3 18 0 0.00 M M 10.6 22 30 M M 5 28 320
27 55 33 44 0 21 0 0.00 M M 5.3 12 40 M M 0 17 80
28 56 32 44 0 21 0 0.00 M M 6.1 10 320 M M 0 13 320
29 60 32 46 2 19 0 0.00 M M 5.3 10 290 M M 0 14 310
30 61 36 49 5 16 0 0.00 M M 5.6 12 310 M M 0 15 310
31 61 44 53 9 12 0 0.07 M M 4.8 12 310 M M 7 14 320
================================================================================
SM 1708 997 654 0 0.63 M 239.2 M 61
================================================================================
AV 55.1 32.2 7.7 FASTST M M 2 MAX(MPH)
MISC ----> 35 300 53 310
================================================================================
NOTES:
# LAST OF SEVERAL OCCURRENCES
COLUMN 17 PEAK WIND IN M.P.H.
PRELIMINARY LOCAL CLIMATOLOGICAL DATA (WS FORM: F-6) , PAGE 2
STATION: TRUTH OR CONSEQUENCES
MONTH: JANUARY
YEAR: 2024
LATITUDE: 33 13 N
LONGITUDE: 107 16 W
[TEMPERATURE DATA] [PRECIPITATION DATA] SYMBOLS USED IN COLUMN 16
AVERAGE MONTHLY: 43.6 TOTAL FOR MONTH: 0.63 1 = FOG OR MIST
DPTR FM NORMAL: 1.3 DPTR FM NORMAL: 0.18 2 = FOG REDUCING VISIBILITY
HIGHEST: 71 ON 18 GRTST 24HR 0.28 ON 23-23 TO 1/4 MILE OR LESS
LOWEST: 19 ON 12 3 = THUNDER
SNOW, ICE PELLETS, HAIL 4 = ICE PELLETS
TOTAL MONTH: M 5 = HAIL
GRTST 24HR M ON M 6 = FREEZING RAIN OR DRIZZLE
GRTST DEPTH: M ON M 7 = DUSTSTORM OR SANDSTORM:
VSBY 1/2 MILE OR LESS
8 = SMOKE OR HAZE
[NO. OF DAYS WITH] [WEATHER - DAYS WITH] 9 = BLOWING SNOW
X = TORNADO
MAX 32 OR BELOW: 0 0.01 INCH OR MORE: 6
MAX 90 OR ABOVE: 0 0.10 INCH OR MORE: 2
MIN 32 OR BELOW: 16 0.50 INCH OR MORE: 0
MIN 0 OR BELOW: 0 1.00 INCH OR MORE: 0
[HDD (BASE 65) ]
TOTAL THIS MO. 654 CLEAR (SCALE 0-3) 24
DPTR FM NORMAL -50 PTCLDY (SCALE 4-7) 5
TOTAL FM JUL 1 1778 CLOUDY (SCALE 8-10) 2
DPTR FM NORMAL -239
[CDD (BASE 65) ]
TOTAL THIS MO. 0
DPTR FM NORMAL 0 [PRESSURE DATA]
TOTAL FM JAN 1 0 HIGHEST SLP 30.39 ON 28
DPTR FM NORMAL 0 LOWEST SLP 29.42 ON 7
[REMARKS]
#FINAL-01-24#