000
CXUS54 KEPZ 011030
CF6TCS
PRELIMINARY LOCAL CLIMATOLOGICAL DATA (WS FORM: F-6)
STATION: TRUTH OR CONSEQUENCES
MONTH: OCTOBER
YEAR: 2023
LATITUDE: 33 13 N
LONGITUDE: 107 16 W
TEMPERATURE IN F: :PCPN: SNOW: WIND :SUNSHINE: SKY :PK WND
================================================================================
1 2 3 4 5 6A 6B 7 8 9 10 11 12 13 14 15 16 17 18
12Z AVG MX 2MIN
DY MAX MIN AVG DEP HDD CDD WTR SNW DPTH SPD SPD DIR MIN PSBL S-S WX SPD DR
================================================================================
1 86 58 72 4 0 7 0.00 M M 11.8 28 210 M M 2 37 170
2 85 59 72 5 0 7 0.02 M M 10.3 31 230 M M 2 3 59 240
3 83 54 69 2 0 4 0.00 M M 6.7 21 190 M M 0 30 230
4 81 51 66 -1 0 1 0.00 M M 7.0 15 160 M M 0 19 10
5 82 52 67 1 0 2 0.00 M M 5.3 14 20 M M 0 19 20
6 80 53 67 1 0 2 0.00 M M 6.1 16 160 M M 0 22 190
7 75 53 64 -2 1 0 0.00 M M 5.6 22 160 M M 0 30 160
8 79 52 66 1 0 1 0.00 M M 6.9 21 290 M M 0 27 280
9 82 55 69 4 0 4 T M M 8.7 33 230 M M 1 3 44 240
10 83 57 70 5 0 5 T M M 6.5 17 290 M M 2 25 260
11 85 52 69 5 0 4 0.00 M M 10.2 26 190 M M 0 36 220
12 81 57 69 5 0 4 0.00 M M 14.2 25 280 M M 0 37 290
13 74 46 60 -4 5 0 0.00 M M 5.6 10 170 M M 0 16 200
14 77 50 64 1 1 0 0.00 M M 4.6 12 200 M M 0 17 180
15 82 49 66 3 0 1 0.00 M M 5.5 10 90 M M 0 15 130
16 79 48 64 2 1 0 0.00 M M 6.1 13 190 M M 0 21 180
17 85 51 68 6 0 3 0.00 M M 8.1 18 310 M M 0 25 300
18 87 59 73 11 0 8 0.00 M M 7.3 18 300 M M 0 25 290
19 85 54 70 9 0 5 0.00 M M 5.9 16 30 M M 0 20 30
20 87 51 69 8 0 4 0.00 M M 8.1 16 180 M M 0 22 180
21 81 60 71 11 0 6 0.00 M M 6.1 12 300 M M 0 14 290
22 85 49 67 7 0 2 0.00 M M 7.8 16 180 M M 0 22 200
23 81 51 66 6 0 1 0.00 M M 6.8 16 190 M M 1 26 190
24 72 52 62 3 3 0 0.29 M M 7.2 32 330 M M 4 13 47 330
25 68 46 57 -2 8 0 0.00 M M 7.4 20 170 M M 1 28 180
26 76 48 62 4 3 0 0.00 M M 6.9 20 160 M M 0 26 170
27 75 47 61 3 4 0 0.00 M M 7.8 21 160 M M 0 27 190
28 80 46 63 5 2 0 0.00 M M 8.5 22 260 M M 0 29 250
29 75 35 55 -2 10 0 0.00 M M 13.3 36 20 M M 1 51 20
30 50 31 41 -16 24 0 0.00 M M 10.5 31 20 M M 2 44 10
31 58 32 45 -11 20 0 0.00 M M 5.5 13 40 M M 0 18 50
================================================================================
SM 2439 1558 82 71 0.31 M 238.3 M 16
================================================================================
AV 78.7 50.3 7.7 FASTST M M 1 MAX(MPH)
MISC ----> 36 20 59 240
================================================================================
NOTES:
# LAST OF SEVERAL OCCURRENCES
COLUMN 17 PEAK WIND IN M.P.H.
PRELIMINARY LOCAL CLIMATOLOGICAL DATA (WS FORM: F-6) , PAGE 2
STATION: TRUTH OR CONSEQUENCES
MONTH: OCTOBER
YEAR: 2023
LATITUDE: 33 13 N
LONGITUDE: 107 16 W
[TEMPERATURE DATA] [PRECIPITATION DATA] SYMBOLS USED IN COLUMN 16
AVERAGE MONTHLY: 64.5 TOTAL FOR MONTH: 0.31 1 = FOG OR MIST
DPTR FM NORMAL: 2.2 DPTR FM NORMAL: -0.42 2 = FOG REDUCING VISIBILITY
HIGHEST: 87 ON 20,18 GRTST 24HR 0.29 ON 24-24 TO 1/4 MILE OR LESS
LOWEST: 31 ON 30 3 = THUNDER
SNOW, ICE PELLETS, HAIL 4 = ICE PELLETS
TOTAL MONTH: M 5 = HAIL
GRTST 24HR M ON M 6 = FREEZING RAIN OR DRIZZLE
GRTST DEPTH: M ON M 7 = DUSTSTORM OR SANDSTORM:
VSBY 1/2 MILE OR LESS
8 = SMOKE OR HAZE
[NO. OF DAYS WITH] [WEATHER - DAYS WITH] 9 = BLOWING SNOW
X = TORNADO
MAX 32 OR BELOW: 0 0.01 INCH OR MORE: 2
MAX 90 OR ABOVE: 0 0.10 INCH OR MORE: 1
MIN 32 OR BELOW: 2 0.50 INCH OR MORE: 0
MIN 0 OR BELOW: 0 1.00 INCH OR MORE: 0
[HDD (BASE 65) ]
TOTAL THIS MO. 82 CLEAR (SCALE 0-3) 30
DPTR FM NORMAL -50 PTCLDY (SCALE 4-7) 1
TOTAL FM JUL 1 83 CLOUDY (SCALE 8-10) 0
DPTR FM NORMAL -56
[CDD (BASE 65) ]
TOTAL THIS MO. 71
DPTR FM NORMAL 24 [PRESSURE DATA]
TOTAL FM JAN 1 2201 HIGHEST SLP 30.39 ON 30
DPTR FM NORMAL 373 LOWEST SLP 29.34 ON 11
[REMARKS]
#FINAL-10-23#