000
CXUS51 KCLE 010900
CF6TOL
PRELIMINARY LOCAL CLIMATOLOGICAL DATA (WS FORM: F-6)
STATION: TOLEDO OH
MONTH: OCTOBER
YEAR: 2020
LATITUDE: 41 35 N
LONGITUDE: 83 48 W
TEMPERATURE IN F: :PCPN: SNOW: WIND :SUNSHINE: SKY :PK WND
================================================================================
1 2 3 4 5 6A 6B 7 8 9 10 11 12 13 14 15 16 17 18
12Z AVG MX 2MIN
DY MAX MIN AVG DEP HDD CDD WTR SNW DPTH SPD SPD DIR MIN PSBL S-S WX SPD DR
================================================================================
1 65 45 55 -3 10 0 0.13 0.0 0 9.0 32 270 M M 4 3 42 260
2 58 40 49 -8 16 0 0.00 0.0 0 6.6 17 310 M M 4 22 300
3 59 37 48 -9 17 0 T 0.0 0 3.4 10 180 M M 5 15 190
4 56 47 52 -4 13 0 0.35 0.0 0 3.2 10 350 M M 9 1 14 360
5 61 37 49 -7 16 0 0.00 0.0 0 4.6 13 210 M M 1 12 17 210
6 73 46 60 4 5 0 0.00 0.0 0 9.1 23 230 M M 2 28 240
7 77 47 62 7 3 0 0.00 0.0 0 12.8 26 280 M M 0 8 34 290
8 73 40 57 2 8 0 0.00 0.0 0 4.4 18 280 M M 0 22 280
9 82 41 62 8 3 0 0.00 0.0 0 6.2 18 200 M M 0 26 210
10 80 59 70 16 0 5 0.00 0.0 0 11.4 21 70 M M 3 29 240
11 68 56 62 8 3 0 0.00 0.0 0 12.9 22 70 M M 7 28 70
12 72 53 63 9 2 0 0.29 0.0 0 9.3 28 270 M M 9 1 36 280
13 69 45 57 4 8 0 0.00 0.0 0 8.1 17 260 M M 0 22 250
14 67 41 54 1 11 0 T 0.0 0 6.1 17 200 M M 1 24 180
15 68 44 56 4 9 0 0.09 0.0 0 11.0 29 260 M M 8 39 250
16 57 32 45 -7 20 0 0.00 0.0 0 7.0 21 250 M M 2 26 230
17 59 37 48 -4 17 0 T 0.0 0 7.6 13 170 M M 3 19 160
18 62 47 55 3 10 0 0.01 0.0 0 9.0 22 200 M M 9 18 32 220
19 50 43 47 -4 18 0 0.32 0.0 0 7.3 17 30 M M 10 18 22 350
20 54 43 49 -2 16 0 0.26 0.0 0 8.5 15 100 M M 10 1 20 100
21 63 49 56 5 9 0 0.69 0.0 0 9.2 23 250 M M 7 13 29 210
22 74 51 63 13 2 0 0.09 0.0 0 6.7 13 90 M M 6 18 17 80
23 81 48 65 15 0 0 0.42 0.0 0 12.5 28 250 M M 4 3 35 250
24 50 36 43 -7 22 0 0.00 0.0 0 5.9 18 320 M M 5 24 320
25 49 35 42 -7 23 0 0.00 0.0 0 8.3 15 60 M M 9 20 30
26 50 43 47 -2 18 0 0.01 0.0 0 6.0 14 340 M M 9 18 19 360
27 45 41 43 -6 22 0 0.10 0.0 0 2.7 9 350 M M 10 18 11 310
28 55 42 49 1 16 0 T 0.0 0 6.8 18 250 M M 5 1 21 250
29 57 43 50 2 15 0 0.09 0.0 0 8.2 20 360 M M 9 25 330
30 45 34 40 -8 25 0 0.00 0.0 0 8.1 17 320 M M 10 21 310
31 54 27 41 -7 24 0 0.00 0.0 0 5.6 16 190 M M 2 21 200
================================================================================
SM 1933 1329 381 5 2.85 0.0 237.5 M 163
================================================================================
AV 62.4 42.9 7.7 FASTST M M 5 MAX(MPH)
MISC ----> 32 270 42 260
================================================================================
NOTES:
# LAST OF SEVERAL OCCURRENCES
COLUMN 17 PEAK WIND IN M.P.H.
PRELIMINARY LOCAL CLIMATOLOGICAL DATA (WS FORM: F-6) , PAGE 2
STATION: TOLEDO OH
MONTH: OCTOBER
YEAR: 2020
LATITUDE: 41 35 N
LONGITUDE: 83 48 W
[TEMPERATURE DATA] [PRECIPITATION DATA] SYMBOLS USED IN COLUMN 16
AVERAGE MONTHLY: 52.6 TOTAL FOR MONTH: 2.85 1 = FOG OR MIST
DPTR FM NORMAL: 0.3 DPTR FM NORMAL: 0.25 2 = FOG REDUCING VISIBILITY
HIGHEST: 82 ON 9 GRTST 24HR 0.81 ON 20-21 TO 1/4 MILE OR LESS
LOWEST: 27 ON 31 3 = THUNDER
SNOW, ICE PELLETS, HAIL 4 = ICE PELLETS
TOTAL MONTH: 0.0 INCH 5 = HAIL
GRTST 24HR 0.0 6 = FREEZING RAIN OR DRIZZLE
GRTST DEPTH: 0 7 = DUSTSTORM OR SANDSTORM:
VSBY 1/2 MILE OR LESS
8 = SMOKE OR HAZE
[NO. OF DAYS WITH] [WEATHER - DAYS WITH] 9 = BLOWING SNOW
X = TORNADO
MAX 32 OR BELOW: 0 0.01 INCH OR MORE: 13
MAX 90 OR ABOVE: 0 0.10 INCH OR MORE: 8
MIN 32 OR BELOW: 2 0.50 INCH OR MORE: 1
MIN 0 OR BELOW: 0 1.00 INCH OR MORE: 0
[HDD (BASE 65) ]
TOTAL THIS MO. 381 CLEAR (SCALE 0-3) 11
DPTR FM NORMAL -21 PTCLDY (SCALE 4-7) 10
TOTAL FM JUL 1 455 CLOUDY (SCALE 8-10) 10
DPTR FM NORMAL -72
[CDD (BASE 65) ]
TOTAL THIS MO. 5
DPTR FM NORMAL -4 [PRESSURE DATA]
TOTAL FM JAN 1 1115 HIGHEST SLP 30.43 ON 31
DPTR FM NORMAL 322 LOWEST SLP 29.62 ON 15
[REMARKS]
#FINAL-10-20#