000
CXUS51 KCLE 021342
CLMTOL
CLIMATE REPORT
NATIONAL WEATHER SERVICE CLEVELAND, OH
942 AM EDT WED AUG 02 2023
...................................
...THE TOLEDO OH CLIMATE SUMMARY FOR THE MONTH OF JULY 2023...
CLIMATE NORMAL PERIOD 1991 TO 2020
CLIMATE RECORD PERIOD 1873 TO 2023
WEATHER OBSERVED NORMAL DEPART LAST YEAR`S
VALUE DATE(S) VALUE FROM VALUE
NORMAL
..............................................................
TEMPERATURE (F)
RECORD
HIGH 105 07/14/1936
LOW 40 07/01/1988
HIGHEST 92 07/05
07/11
LOWEST 57 07/18
AVG. MAXIMUM 85.4 86.5 -1.1 86.2
AVG. MINIMUM 64.8 64.2 0.6 65.4
MEAN 75.1 75.4 -0.3 75.8
DAYS MAX >= 90 3 7.3 -4.3 6
DAYS MAX <= 32 0 0.0 0.0 0
DAYS MIN <= 32 0 0.0 0.0 0
DAYS MIN <= 0 0 0.0 0.0 0
PRECIPITATION (INCHES)
RECORD
MAXIMUM 9.19 2006
MINIMUM 0.34 1995
TOTALS 5.75 3.27 2.48 4.51
DAYS >= .01 10 9.6 0.4 10
DAYS >= .10 8 5.7 2.3 8
DAYS >= .50 4 2.4 1.6 4
DAYS >= 1.00 2 0.8 1.2 1
GREATEST
24 HR. TOTAL 2.23 07/26 TO 07/26 1.69
SNOWFALL (INCHES)
RECORDS
TOTAL 0
TOTALS 0.0 0.0 0.0 0.0
SINCE 7/1 0.0 0.0 0.0 0.0
DAYS >= 1.0 0 0.0 0.0 0
GREATEST
24 HR TOTAL 0.0
DEGREE DAYS
HEATING TOTAL 0 1 -1 0
SINCE 7/1 0 0 0 0
COOLING TOTAL 300 322 -22 343
SINCE 1/1 510 621 -111 757
..............................................................
WIND (MPH)
AVERAGE WIND SPEED 4.9
HIGHEST WIND SPEED/DIRECTION 38/290 DATE 07/26
HIGHEST GUST SPEED/DIRECTION 47/300 DATE 07/26
SKY COVER
AVERAGE SKY COVER 0.35
AVERAGE RH (PERCENT) 69
WEATHER CONDITIONS. NUMBER OF DAYS WITH
THUNDERSTORM 9 MIXED PRECIP 0
HEAVY RAIN 6 RAIN 7
LIGHT RAIN 12 FREEZING RAIN 0
LT FREEZING RAIN 0 HAIL 0
HEAVY SNOW 0 SNOW 0
LIGHT SNOW 0 SLEET 0
FOG 17 FOG W/VIS <= 1/4 MILE 1
HAZE 6
- INDICATES NEGATIVE NUMBERS.
R INDICATES RECORD WAS SET OR TIED.
MM INDICATES DATA IS MISSING.
T INDICATES TRACE AMOUNT.
$$
..TEMPERATURE DATA UNAVAILABLE JULY 22, & 23...