000
CXUS53 KTOP 011136
CF6TOP
PRELIMINARY LOCAL CLIMATOLOGICAL DATA (WS FORM: F-6)
STATION: TOPEKA KS
MONTH: APRIL
YEAR: 2021
LATITUDE: 39 4 N
LONGITUDE: 95 38 W
TEMPERATURE IN F: :PCPN: SNOW: WIND :SUNSHINE: SKY :PK WND
================================================================================
1 2 3 4 5 6A 6B 7 8 9 10 11 12 13 14 15 16 17 18
12Z AVG MX 2MIN
DY MAX MIN AVG DEP HDD CDD WTR SNW DPTH SPD SPD DIR MIN PSBL S-S WX SPD DR
================================================================================
1 56 22 39 -11 26 0 0.00 0.0 0 4.9 14 130 M M 0 20 100
2 71 36 54 3 11 0 0.00 0.0 0 13.8 26 180 M M 0 37 170
3 77 48 63 12 2 0 0.00 0.0 0 7.6 16 200 M M 0 26 230
4 81 48 65 14 0 0 0.00 0.0 0 9.4 23 190 M M 0 8 34 190
5 81 56 69 17 0 4 0.00 0.0 0 13.8 29 180 M M 0 44 180
6 74 58 66 14 0 1 T 0.0 0 15.8 28 150 M M 2 3 39 160
7 59 47 53 1 12 0 0.60 0.0 0 9.8 18 260 M M 10 13 31 270
8 61 45 53 0 12 0 0.36 0.0 0 8.6 18 280 M M 7 12 29 280
9 72 36 54 1 11 0 0.18 0.0 0 6.9 29 300 M M 5 12 43 310
10 63 42 53 0 12 0 0.18 0.0 0 11.1 23 320 M M 6 1 33 290
11 79 35 57 3 8 0 0.00 0.0 0 7.4 21 290 M M 0 33 320
12 61 41 51 -3 14 0 0.00 0.0 0 7.7 16 350 M M 5 24 320
13 62 37 50 -4 15 0 0.00 0.0 0 5.9 17 320 M M 0 24 320
14 60 37 49 -6 16 0 0.00 0.0 0 8.7 17 340 M M 1 24 20
15 59 35 47 -8 18 0 0.00 0.0 0 5.4 13 40 M M 3 17 40
16 50 43 47 -8 18 0 0.33 0.0 0 6.7 14 10 M M 10 1 18 20
17 57 40 49 -7 16 0 0.00 0.0 0 7.8 16 310 M M 8 1 21 290
18 63 41 52 -4 13 0 T 0.0 0 5.7 15 240 M M 5 22 270
19 53 34 44 -12 21 0 0.00 0.0 0 11.2 23 10 M M 2 32 10
20 48 32 40 -17 25 0 0.27 3.1 3 7.8 17 350 M M 8 1 25 310
21 50 31 41 -16 24 0 0.00 0.0 0 8.7 21 300 M M 3 31 340
22 57 27 42 -15 23 0 T 0.0 0 7.7 18 170 M M 4 26 160
23 54 47 51 -7 14 0 0.09 0.0 0 6.9 12 10 M M 10 1 16 20
24 67 45 56 -2 9 0 0.00 0.0 0 6.4 17 360 M M 2 1 26 360
25 77 42 60 2 5 0 0.00 0.0 0 10.9 28 160 M M 0 1 39 160
26 87 60 74 15 0 9 0.00 0.0 0 15.2 28 170 M M 0 43 210
27 78 65 72 13 0 7 T 0.0 0 11.3 23 180 M M 1 37 190
28 74 57 66 7 0 1 0.24 0.0 0 6.0 16 300 M M 9 13 22 290
29 79 53 66 6 0 1 0.00 0.0 0 8.1 17 10 M M 1 1 24 360
30 82 46 64 4 1 0 0.00 0.0 0 5.7 17 180 M M 0 25 170
================================================================================
SM 1992 1286 326 23 2.25 3.1 262.9 M 102
================================================================================
AV 66.4 42.9 8.8 FASTST M M 3 MAX(MPH)
MISC ----> # 29 180 44 180
================================================================================
NOTES:
# LAST OF SEVERAL OCCURRENCES
COLUMN 17 PEAK WIND IN M.P.H.
PRELIMINARY LOCAL CLIMATOLOGICAL DATA (WS FORM: F-6) , PAGE 2
STATION: TOPEKA KS
MONTH: APRIL
YEAR: 2021
LATITUDE: 39 4 N
LONGITUDE: 95 38 W
[TEMPERATURE DATA] [PRECIPITATION DATA] SYMBOLS USED IN COLUMN 16
AVERAGE MONTHLY: 54.6 TOTAL FOR MONTH: 2.25 1 = FOG OR MIST
DPTR FM NORMAL: -0.5 DPTR FM NORMAL: -1.28 2 = FOG REDUCING VISIBILITY
HIGHEST: 87 ON 26 GRTST 24HR 0.60 ON 7- 7 TO 1/4 MILE OR LESS
LOWEST: 22 ON 1 3 = THUNDER
SNOW, ICE PELLETS, HAIL 4 = ICE PELLETS
TOTAL MONTH: 3.1 INCHES 5 = HAIL
GRTST 24HR 3.1 ON 20-20 6 = FREEZING RAIN OR DRIZZLE
GRTST DEPTH: 3 ON 20 7 = DUSTSTORM OR SANDSTORM:
VSBY 1/2 MILE OR LESS
8 = SMOKE OR HAZE
[NO. OF DAYS WITH] [WEATHER - DAYS WITH] 9 = BLOWING SNOW
X = TORNADO
MAX 32 OR BELOW: 0 0.01 INCH OR MORE: 8
MAX 90 OR ABOVE: 0 0.10 INCH OR MORE: 7
MIN 32 OR BELOW: 4 0.50 INCH OR MORE: 1
MIN 0 OR BELOW: 0 1.00 INCH OR MORE: 0
[HDD (BASE 65) ]
TOTAL THIS MO. 326 CLEAR (SCALE 0-3) 18
DPTR FM NORMAL 4 PTCLDY (SCALE 4-7) 7
TOTAL FM JUL 1 4687 CLOUDY (SCALE 8-10) 5
DPTR FM NORMAL -230
[CDD (BASE 65) ]
TOTAL THIS MO. 23
DPTR FM NORMAL -2 [PRESSURE DATA]
TOTAL FM JAN 1 23 HIGHEST SLP 30.63 ON 1
DPTR FM NORMAL -5 LOWEST SLP 29.50 ON 8
[REMARKS]
#FINAL-04-21#