000
CXUS55 KCYS 170101
CF6TOR
PRELIMINARY LOCAL CLIMATOLOGICAL DATA (WS FORM: F-6)
STATION: TORRINGTON WY AIRPORT
MONTH: JUNE
YEAR: 2020
LATITUDE: 42 3 N
LONGITUDE: 104 9 W
TEMPERATURE IN F: :PCPN: SNOW: WIND :SUNSHINE: SKY :PK WND
================================================================================
1 2 3 4 5 6A 6B 7 8 9 10 11 12 13 14 15 16 17 18
12Z AVG MX 2MIN
DY MAX MIN AVG DEP HDD CDD WTR SNW DPTH SPD SPD DIR MIN PSBL S-S WX SPD DR
================================================================================
1 96 56 76 15 0 11 0.00 M M 5.7 17 240 M M 0 23 230
2 88 58 73 11 0 8 0.10 M M 10.1 26 170 M M 0 13 39 190
3 88 58 73 11 0 8 0.00 M M 9.5 35 320 M M 0 8 54 340
4 96 48 72 10 0 7 0.00 M M 7.7 31 260 M M 0 38 51 260
5 91 54 73 10 0 8 0.00 M M 12.8 29 120 M M 0 40 110
6 90 53 72 9 0 7 T M M 9.6 39 180 M M 0 54 180
7 84 48 66 3 0 1 T M M 11.8 28 330 M M 0 13 42 340
8 77 47 62 -2 3 0 0.23 M M 12.9 31 230 M M 5 18 48 330
9 69 45 57 -7 8 0 0.41 M M 17.3 35 320 M M 4 1 47 310
10 78 43 61 -3 4 0 0.00 M M 8.7 18 270 M M 2 8 28 280
11 83 45 64 -1 1 0 0.00 M M 5.2 13 260 M M 0 8 17 260
12 92 50 71 6 0 6 0.00 M M 12.2 25 130 M M 0 34 130
13 93 57 75 9 0 10 0.29 M M 14.3 30 60 M M 1 3 39 120
14 93 58 76 10 0 11 0.00 M M 9.6 26 240 M M 0 38 240
15 85 51 68 2 0 3 0.00 M M 7.7 21 130 M M 0 8 30 110
16 96 59 78 12 0 13 0.00 M M 12.0 30 360 M M 0 44 360
17 90 53 72 5 0 7 0.00 M M 10.1 24 340 M M 1 8 38 330
18 76 51 64 -3 1 0 0.00 M M 10.8 23 360 M M 3 8 32 350
19 72 50 61 -7 4 0 0.09 M M 10.8 28 140 M M 6 13 37 140
20 84 49 67 -1 0 2 0.00 M M 7.5 15 300 M M 1 1 29 220
21 83 57 70 2 0 5 0.05 M M 7.5 37 250 M M 2 52 240
22 83 51 67 -2 0 2 0.00 M M 7.6 20 60 M M 1 8 27 360
23 86 53 70 1 0 5 0.00 M M 5.5 14 90 M M 1 8 21 70
24 93 56 75 6 0 10 0.00 M M 6.4 17 140 M M 0 8 24 130
25 92 61 77 7 0 12 0.30 M M 11.1 29 40 M M 2 138 44 340
26 83 58 71 1 0 6 0.00 M M 6.2 14 310 M M 1 18 310
27 93 56 75 5 0 10 T M M 6.1 17 160 M M 0 25 160
28 95 60 78 7 0 13 0.00 M M 9.9 23 230 M M 0 31 230
29 97 56 77 6 0 12 0.00 M M 9.1 32 330 M M 0 8 46 330
30 79 60 70 -1 0 5 T M M 13.1 30 320 M M 5 8 44 320
================================================================================
SM 2605 1601 21 182 1.47 M 288.8 M 35
================================================================================
AV 86.8 53.4 9.6 FASTST M M 1 MAX(MPH)
MISC ----> # 39 180 # 54 340
================================================================================
NOTES:
# LAST OF SEVERAL OCCURRENCES
COLUMN 17 PEAK WIND IN M.P.H.
PRELIMINARY LOCAL CLIMATOLOGICAL DATA (WS FORM: F-6) , PAGE 2
STATION: TORRINGTON WY AIRPORT
MONTH: JUNE
YEAR: 2020
LATITUDE: 42 3 N
LONGITUDE: 104 9 W
[TEMPERATURE DATA] [PRECIPITATION DATA] SYMBOLS USED IN COLUMN 16
AVERAGE MONTHLY: 70.1 TOTAL FOR MONTH: 1.47 1 = FOG OR MIST
DPTR FM NORMAL: 3.8 DPTR FM NORMAL: -0.94 2 = FOG REDUCING VISIBILITY
HIGHEST: 97 ON 29 GRTST 24HR 0.41 ON 9- 9 TO 1/4 MILE OR LESS
LOWEST: 43 ON 10 3 = THUNDER
SNOW, ICE PELLETS, HAIL 4 = ICE PELLETS
TOTAL MONTH: M 5 = HAIL
GRTST 24HR M ON M 6 = FREEZING RAIN OR DRIZZLE
GRTST DEPTH: M ON M 7 = DUSTSTORM OR SANDSTORM:
VSBY 1/2 MILE OR LESS
8 = SMOKE OR HAZE
[NO. OF DAYS WITH] [WEATHER - DAYS WITH] 9 = BLOWING SNOW
X = TORNADO
MAX 32 OR BELOW: 0 0.01 INCH OR MORE: 7
MAX 90 OR ABOVE: 14 0.10 INCH OR MORE: 5
MIN 32 OR BELOW: 0 0.50 INCH OR MORE: 0
MIN 0 OR BELOW: 0 1.00 INCH OR MORE: 0
[HDD (BASE 65) ]
TOTAL THIS MO. 21 CLEAR (SCALE 0-3) 25
DPTR FM NORMAL -54 PTCLDY (SCALE 4-7) 5
TOTAL FM JUL 1 6427 CLOUDY (SCALE 8-10) 0
DPTR FM NORMAL -159
[CDD (BASE 65) ]
TOTAL THIS MO. 182
DPTR FM NORMAL 66 [PRESSURE DATA]
TOTAL FM JAN 1 202 HIGHEST SLP 30.22 ON 12
DPTR FM NORMAL 68 LOWEST SLP 29.35 ON 7
[REMARKS]
#FINAL-06-20#