000
CXUS55 KCYS 011610
CF6TOR
PRELIMINARY LOCAL CLIMATOLOGICAL DATA (WS FORM: F-6)
STATION: TORRINGTON WY AIRPORT
MONTH: AUGUST
YEAR: 2023
LATITUDE: 42 3 N
LONGITUDE: 104 9 W
TEMPERATURE IN F: :PCPN: SNOW: WIND :SUNSHINE: SKY :PK WND
================================================================================
1 2 3 4 5 6A 6B 7 8 9 10 11 12 13 14 15 16 17 18
12Z AVG MX 2MIN
DY MAX MIN AVG DEP HDD CDD WTR SNW DPTH SPD SPD DIR MIN PSBL S-S WX SPD DR
================================================================================
1 88 63 76 2 0 11 0.01 M M 6.1 15 190 M M 1 19 190
2 89 64 77 3 0 12 0.15 M M 7.8 25 300 M M 4 13 35 300
3 87 62 75 1 0 10 0.01 M M 6.7 40 240 M M 3 3 57 250
4 87 57 72 -2 0 7 T M M 9.0 23 340 M M 0 3 39 330
5 81 56 69 -5 0 4 0.00 M M 13.9 29 360 M M 0 45 350
6 81 53 67 -7 0 2 0.01 M M 7.4 32 280 M M 2 3 43 280
7 78 52 65 -9 0 0 0.06 M M 4.3 20 100 M M 2 13 26 110
8 79 50 65 -9 0 0 T M M 5.3 20 310 M M 1 38 27 310
9 84 51 68 -5 0 3 0.00 M M 7.1 16 300 M M 0 23 290
10 91 57 74 1 0 9 T M M 8.6 20 10 M M 0 38 28 360
11 91 52 72 -1 0 7 0.00 M M 8.2 18 320 M M 0 8 26 330
12 93 56 75 2 0 10 0.00 M M 4.9 15 330 M M 0 24 330
13 75 53 64 -9 1 0 T M M 13.1 33 10 M M 4 46 10
14 82 46 64 -8 1 0 0.00 M M 5.6 12 260 M M 0 17 280
15 95 47 71 -1 0 6 0.00 M M 5.4 16 200 M M 0 8 23 190
16 100 52 76 4 0 11 0.00 M M 7.6 20 360 M M 0 8 31 360
17 94 57 76 4 0 11 0.00 M M 9.3 22 160 M M 0 29 190
18 102 63 83 11 0 18 0.00 M M 9.6 29 200 M M 0 3 41 200
19 96 65 81 10 0 16 T M M 8.6 28 100 M M 1 42 100
20 90 64 77 6 0 12 0.02 M M 12.9 25 150 M M 2 32 140
21 102 61 82 11 0 17 0.00 M M 7.6 17 120 M M 0 8 23 130
22 103 58 81 10 0 16 0.00 M M 8.5 21 130 M M 0 3 29 130
23 97 57 77 7 0 12 T M M 6.1 22 260 M M 1 8 32 260
24 95 67 81 11 0 16 0.02 M M 4.6 16 120 M M 3 3 22 120
25 76 59 68 -2 0 3 0.01 M M 7.2 20 20 M M 5 8 25 20
26 85 55 70 0 0 5 0.00 M M 9.4 22 160 M M 1 8 31 140
27 89 53 71 2 0 6 0.02 M M 8.1 36 330 M M 2 55 330
28 82 55 69 0 0 4 0.57 M M 4.2 22 20 M M 2 3 29 10
29 86 51 69 0 0 4 0.00 M M 5.4 13 120 M M 0 17 100
30 99 55 77 8 0 12 0.00 M M 7.9 17 270 M M 0 24 270
31 96 51 74 6 0 9 0.00 M M 7.8 25 280 M M 0 38 260
================================================================================
SM 2773 1742 2 253 0.88 M 238.2 M 34
================================================================================
AV 89.5 56.2 7.7 FASTST M M 1 MAX(MPH)
MISC ----> 40 240 57 250
================================================================================
NOTES:
# LAST OF SEVERAL OCCURRENCES
COLUMN 17 PEAK WIND IN M.P.H.
PRELIMINARY LOCAL CLIMATOLOGICAL DATA (WS FORM: F-6) , PAGE 2
STATION: TORRINGTON WY AIRPORT
MONTH: AUGUST
YEAR: 2023
LATITUDE: 42 3 N
LONGITUDE: 104 9 W
[TEMPERATURE DATA] [PRECIPITATION DATA] SYMBOLS USED IN COLUMN 16
AVERAGE MONTHLY: 72.8 TOTAL FOR MONTH: 0.88 1 = FOG OR MIST
DPTR FM NORMAL: 1.0 DPTR FM NORMAL: -0.09 2 = FOG REDUCING VISIBILITY
HIGHEST: 103 ON 22 GRTST 24HR 0.67 ON 31- 1 TO 1/4 MILE OR LESS
LOWEST: 46 ON 14 3 = THUNDER
SNOW, ICE PELLETS, HAIL 4 = ICE PELLETS
TOTAL MONTH: M 5 = HAIL
GRTST 24HR M ON M 6 = FREEZING RAIN OR DRIZZLE
GRTST DEPTH: M ON M 7 = DUSTSTORM OR SANDSTORM:
VSBY 1/2 MILE OR LESS
8 = SMOKE OR HAZE
[NO. OF DAYS WITH] [WEATHER - DAYS WITH] 9 = BLOWING SNOW
X = TORNADO
MAX 32 OR BELOW: 0 0.01 INCH OR MORE: 10
MAX 90 OR ABOVE: 15 0.10 INCH OR MORE: 2
MIN 32 OR BELOW: 0 0.50 INCH OR MORE: 1
MIN 0 OR BELOW: 0 1.00 INCH OR MORE: 0
[HDD (BASE 65) ]
TOTAL THIS MO. 2 CLEAR (SCALE 0-3) 28
DPTR FM NORMAL -13 PTCLDY (SCALE 4-7) 3
TOTAL FM JUL 1 14 CLOUDY (SCALE 8-10) 0
DPTR FM NORMAL -1
[CDD (BASE 65) ]
TOTAL THIS MO. 253
DPTR FM NORMAL 28 [PRESSURE DATA]
TOTAL FM JAN 1 577 HIGHEST SLP 30.30 ON 14
DPTR FM NORMAL -87 LOWEST SLP 29.64 ON 18
[REMARKS]
#FINAL-08-23#