000
CXUS52 KTBW 031231
CF6TPA
PRELIMINARY LOCAL CLIMATOLOGICAL DATA (WS FORM: F-6)
STATION: TAMPA
MONTH: JULY
YEAR: 2023
LATITUDE: 27 58 N
LONGITUDE: 82 32 W
TEMPERATURE IN F: :PCPN: SNOW: WIND :SUNSHINE: SKY :PK WND
================================================================================
1 2 3 4 5 6A 6B 7 8 9 10 11 12 13 14 15 16 17 18
12Z AVG MX 2MIN
DY MAX MIN AVG DEP HDD CDD WTR SNW DPTH SPD SPD DIR MIN PSBL S-S WX SPD DR
================================================================================
1 95 78 87 3 0 22 0.00 0.0 0 5.3 15 230 M M 3 20 110
2 94 80 87 3 0 22 0.00 0.0 0 6.6 15 250 M M 3 26 260
3 93 79 86 2 0 21 0.20 0.0 0 5.5 18 70 M M 4 3 29 80
4 97 79 88 4 0 23 0.00 0.0 0 6.3 15 270 M M 3 22 270
5 95 82 89 5 0 24 0.32 0.0 0 5.8 26 310 M M 6 38 36 270
6 94 81 88 4 0 23 0.00 0.0 0 7.8 17 310 M M 5 28 290
7 93 81 87 3 0 22 0.05 0.0 0 9.2 20 270 M M 6 138 28 260
8 89 79 84 0 0 19 0.12 0.0 0 10.5 20 270 M M 6 13 32 270
9 93 83 88 4 0 23 0.00 0.0 0 9.8 15 260 M M 4 22 260
10 93 76 85 1 0 20 0.72 0.0 0 8.6 24 310 M M 7 13 34 270
11 87 78 83 -1 0 18 0.12 0.0 0 7.4 21 340 M M 6 138 29 350
12 92 81 87 3 0 22 0.00 0.0 0 6.3 13 260 M M 4 22 280
13 92 81 87 3 0 22 0.00 0.0 0 4.0 14 270 M M 6 3 24 270
14 93 80 87 3 0 22 0.00 0.0 0 4.9 14 290 M M 7 3 23 270
15 94 82 88 4 0 23 0.00 0.0 0 5.7 13 260 M M 7 20 270
16 93 81 87 3 0 22 T 0.0 0 7.0 14 270 M M 8 3 23 270
17 94 81 88 4 0 23 0.02 0.0 0 7.8 14 260 M M 7 3 20 260
18 93 80 87 3 0 22 0.04 0.0 0 4.9 21 210 M M 6 3 29 210
19 96 76 86 2 0 21 0.60 0.0 0 5.1 14 90 M M 6 3 24 100
20 94 79 87 3 0 22 0.03 0.0 0 4.1 13 270 M M 6 3 27 270
21 95 82 89 5 0 24 0.00 0.0 0 6.2 15 260 M M 4 22 270
22 95 82 89 5 0 24 0.00 0.0 0 8.5 18 260 M M 4 3 25 240
23 94 79 87 3 0 22 0.15 0.0 0 7.9 28 290 M M 7 138 42 290
24 90 76 83 -1 0 18 0.35 0.0 0 5.7 30 270 M M 8 1238 40 270
25 93 78 86 2 0 21 0.00 0.0 0 5.0 15 270 M M 6 25 280
26 93 81 87 3 0 22 0.00 0.0 0 4.0 15 250 M M 6 3 20 320
27 92 80 86 2 0 21 T 0.0 0 2.7 16 340 M M 6 3 28 300
28 94 78 86 2 0 21 0.06 0.0 0 4.2 17 120 M M 6 13 27 140
29 94 80 87 3 0 22 0.00 0.0 0 4.5 15 290 M M 6 3 24 290
30 96 81 89 5 0 24 T 0.0 0 5.3 18 60 M M 5 3 27 100
31 91 77 84 0 0 19 0.06 0.0 0 3.6 17 310 M M 7 138 22 300
================================================================================
SM 2891 2471 0 674 2.84 0.0 190.2 M 175
================================================================================
AV 93.3 79.7 6.1 FASTST M M 6 MAX(MPH)
MISC ----> 30 270 42 290
================================================================================
NOTES:
# LAST OF SEVERAL OCCURRENCES
COLUMN 17 PEAK WIND IN M.P.H.
PRELIMINARY LOCAL CLIMATOLOGICAL DATA (WS FORM: F-6) , PAGE 2
STATION: TAMPA
MONTH: JULY
YEAR: 2023
LATITUDE: 27 58 N
LONGITUDE: 82 32 W
[TEMPERATURE DATA] [PRECIPITATION DATA] SYMBOLS USED IN COLUMN 16
AVERAGE MONTHLY: 86.5 TOTAL FOR MONTH: 2.84 1 = FOG OR MIST
DPTR FM NORMAL: 2.7 DPTR FM NORMAL: -4.91 2 = FOG REDUCING VISIBILITY
HIGHEST: 97 ON 4 GRTST 24HR 0.84 ON 10-11 TO 1/4 MILE OR LESS
LOWEST: 76 ON 24,19 3 = THUNDER
SNOW, ICE PELLETS, HAIL 4 = ICE PELLETS
TOTAL MONTH: 0.0 INCH 5 = HAIL
GRTST 24HR 0.0 6 = FREEZING RAIN OR DRIZZLE
GRTST DEPTH: 0 7 = DUSTSTORM OR SANDSTORM:
VSBY 1/2 MILE OR LESS
8 = SMOKE OR HAZE
[NO. OF DAYS WITH] [WEATHER - DAYS WITH] 9 = BLOWING SNOW
X = TORNADO
MAX 32 OR BELOW: 0 0.01 INCH OR MORE: 14
MAX 90 OR ABOVE: 29 0.10 INCH OR MORE: 8
MIN 32 OR BELOW: 0 0.50 INCH OR MORE: 2
MIN 0 OR BELOW: 0 1.00 INCH OR MORE: 0
[HDD (BASE 65) ]
TOTAL THIS MO. 0 CLEAR (SCALE 0-3) 1
DPTR FM NORMAL 0 PTCLDY (SCALE 4-7) 30
TOTAL FM JUL 1 0 CLOUDY (SCALE 8-10) 0
DPTR FM NORMAL 0
[CDD (BASE 65) ]
TOTAL THIS MO. 674
DPTR FM NORMAL 91 [PRESSURE DATA]
TOTAL FM JAN 1 2567 HIGHEST SLP 30.18 ON 24
DPTR FM NORMAL 428 LOWEST SLP 29.91 ON 1
[REMARKS]
#FINAL-07-23#