000
CXUS56 KLKN 041314
CF6TPH
PRELIMINARY LOCAL CLIMATOLOGICAL DATA (WS FORM: F-6)
STATION: TONOPAH AIRPORT NV
MONTH: MARCH
YEAR: 2020
LATITUDE: 38 3 N
LONGITUDE: 117 5 W
TEMPERATURE IN F: :PCPN: SNOW: WIND :SUNSHINE: SKY :PK WND
================================================================================
1 2 3 4 5 6A 6B 7 8 9 10 11 12 13 14 15 16 17 18
12Z AVG MX 2MIN
DY MAX MIN AVG DEP HDD CDD WTR SNW DPTH SPD SPD DIR MIN PSBL S-S WX SPD DR
================================================================================
1 45 29 37 -3 28 0 T M M 17.7 30 20 M M 8 8 37 30
2 51 24 38 -2 27 0 0.00 M M 18.8 29 320 M M 1 36 360
3 61 32 47 7 18 0 0.00 M M 15.7 28 320 M M 0 33 320
4 64 30 47 6 18 0 0.00 M M 8.0 21 10 M M 0 23 10
5 67 32 50 9 15 0 0.00 M M 9.3 20 200 M M 0 27 210
6 64 29 47 6 18 0 0.00 M M 9.0 24 200 M M 0 31 190
7 57 33 45 4 20 0 0.00 M M 15.4 29 190 M M 2 37 200
8 53 32 43 2 22 0 0.00 M M 7.7 18 180 M M 3 22 170
9 54 29 42 0 23 0 0.00 M M 7.3 18 180 M M 0 23 170
10 55 30 43 1 22 0 0.00 M M 10.1 18 160 M M 7 25 170
11 56 34 45 3 20 0 T M M 5.6 20 190 M M 7 24 170
12 64 29 47 5 18 0 0.00 M M 9.8 18 130 M M 2 23 130
13 61 40 51 9 14 0 T M M 14.3 31 200 M M 6 38 190
14 54 39 47 4 18 0 0.00 M M 20.2 33 190 M M 6 42 180
15 53 33 43 0 22 0 0.00 M M 19.2 30 180 M M 5 44 200
16 53 33 43 0 22 0 T M M 17.3 35 170 M M 4 1 43 180
17 45 28 37 -6 28 0 0.03 M M 11.1 28 170 M M 7 1 33 170
18 45 25 35 -8 30 0 0.00 M M 7.4 17 260 M M 5 22 250
19 39 27 33 -11 32 0 0.01 M M 6.2 16 320 M M 7 12 20 170
20 43 28 36 -8 29 0 0.01 M M 4.9 15 10 M M 7 1 17 10
21 50 25 38 -6 27 0 0.00 M M 7.2 15 20 M M 2 19 10
22 52 25 39 -5 26 0 0.03 M M 9.0 21 220 M M 3 28 220
23 56 32 44 0 21 0 0.12 M M 8.9 22 210 M M 8 1 26 210
24 53 33 43 -1 22 0 0.00 M M 10.8 28 190 M M 5 33 180
25 50 23 37 -8 28 0 0.02 M M 9.8 23 10 M M 7 1 28 360
26 41 27 34 -11 31 0 T M M 11.1 25 350 M M 6 1 30 350
27 48 20 34 -11 31 0 0.00 M M 11.0 24 320 M M 0 29 320
28 50 25 38 -7 27 0 0.00 M M 8.7 20 200 M M 4 26 210
29 53 33 43 -2 22 0 T M M 6.9 24 310 M M 6 1 29 290
30 60 25 43 -3 22 0 0.00 M M 8.2 16 200 M M 1 23 210
31 70 30 50 4 15 0 0.00 M M 6.6 20 230 M M 1 25 220
================================================================================
SM 1667 914 716 0 0.22 M 333.2 M 120
================================================================================
AV 53.8 29.5 10.7 FASTST M M 4 MAX(MPH)
MISC ----> # 35 170 # 44 200
================================================================================
NOTES:
# LAST OF SEVERAL OCCURRENCES
COLUMN 17 PEAK WIND IN M.P.H.
PRELIMINARY LOCAL CLIMATOLOGICAL DATA (WS FORM: F-6) , PAGE 2
STATION: TONOPAH AIRPORT NV
MONTH: MARCH
YEAR: 2020
LATITUDE: 38 3 N
LONGITUDE: 117 5 W
[TEMPERATURE DATA] [PRECIPITATION DATA] SYMBOLS USED IN COLUMN 16
AVERAGE MONTHLY: 41.6 TOTAL FOR MONTH: 0.22 1 = FOG OR MIST
DPTR FM NORMAL: -1.3 DPTR FM NORMAL: -0.35 2 = FOG REDUCING VISIBILITY
HIGHEST: 70 ON 31 GRTST 24HR 0.12 ON 23-23 TO 1/4 MILE OR LESS
LOWEST: 20 ON 27 3 = THUNDER
SNOW, ICE PELLETS, HAIL 4 = ICE PELLETS
TOTAL MONTH: M 5 = HAIL
GRTST 24HR M ON M 6 = FREEZING RAIN OR DRIZZLE
GRTST DEPTH: M ON M 7 = DUSTSTORM OR SANDSTORM:
VSBY 1/2 MILE OR LESS
8 = SMOKE OR HAZE
[NO. OF DAYS WITH] [WEATHER - DAYS WITH] 9 = BLOWING SNOW
X = TORNADO
MAX 32 OR BELOW: 0 0.01 INCH OR MORE: 6
MAX 90 OR ABOVE: 0 0.10 INCH OR MORE: 1
MIN 32 OR BELOW: 23 0.50 INCH OR MORE: 0
MIN 0 OR BELOW: 0 1.00 INCH OR MORE: 0
[HDD (BASE 65) ]
TOTAL THIS MO. 716 CLEAR (SCALE 0-3) 13
DPTR FM NORMAL 31 PTCLDY (SCALE 4-7) 18
TOTAL FM JUL 1 4579 CLOUDY (SCALE 8-10) 0
DPTR FM NORMAL -148
[CDD (BASE 65) ]
TOTAL THIS MO. 0
DPTR FM NORMAL 0 [PRESSURE DATA]
TOTAL FM JAN 1 0 HIGHEST SLP 30.28 ON 5
DPTR FM NORMAL 0 LOWEST SLP 29.54 ON 13
[REMARKS]
#FINAL-03-20#