000
CXUS55 KLKN 051425
CLSTPH
CLIMATE REPORT
NATIONAL WEATHER SERVICE ELKO, NV
625 AM PST SAT MAR 05 2022
...................................
...THE TONOPAH AIRPORT NV CLIMATE SUMMARY FOR THE SEASON, FROM
12/1/2021 TO 2/28/2022...
CLIMATE NORMAL PERIOD 1991 TO 2020
CLIMATE RECORD PERIOD 1954 TO 2022
WEATHER OBSERVED NORMAL DEPART LAST YEAR`S
VALUE DATE(S) VALUE FROM VALUE DATE(S)
NORMAL
................................................................
TEMPERATURE (F)
RECORD
HIGH 75 02/25/1986
LOW -15 01/24/1962
01/23/1962
HIGHEST 67 02/11 64 3 62 01/13
01/15
LOWEST 12/18 1 -2 10 12/04
AVG. MAXIMUM 46.9 46.6 0.3 48.1
AVG. MINIMUM 21.1 22.5 -1.4 20.9
MEAN 34.0 34.5 -0.5 34.5
DAYS MAX >= 90 0 0.0 0.0 0
DAYS MAX <= 32 8 5.0 3.0 3
DAYS MIN <= 32 89 84.7 4.3 88
DAYS MIN <= 0 1 0.6 0.4 0
PRECIPITATION (INCHES)
RECORD
MAXIMUM 3.27 1968
MINIMUM 0.14 1964
TOTALS 0.67 1.24 -0.57 0.68
DAILY AVG. 0.01 0.01 -0.00 0.01
DAYS >= .01 6 11.1 -5.1 8
DAYS >= .10 3 4.1 -1.1 4
DAYS >= .50 0 0.1 -0.1 0
DAYS >= 1.00 0 0.0 0.0 0
GREATEST
24 HR. TOTAL 0.24 12/14 TO 12/14 0.21
DEGREE DAYS
HEATING TOTAL 2782 2750 32 2730
SINCE 7/1 3803 3902 -99 MM
COOLING TOTAL 0 0 0 0
SINCE 1/1 0 0 0 MM
................................................................
WIND (MPH)
AVERAGE WIND SPEED 9.3
HIGHEST WIND SPEED/DIRECTION 39/180 DATE 12/14
HIGHEST GUST SPEED/DIRECTION 47/310 DATE 12/14
AVERAGE RH (PERCENT) 54
WEATHER CONDITIONS. NUMBER OF DAYS WITH
THUNDERSTORM 0 MIXED PRECIP 0
HEAVY RAIN 0 RAIN 1
LIGHT RAIN 3 FREEZING RAIN 0
LT FREEZING RAIN 0 HAIL 0
HEAVY SNOW 1 SNOW 2
LIGHT SNOW 7 SLEET 0
FOG 12 FOG W/VIS <= 1/4 MILE 3
HAZE 2
- INDICATES NEGATIVE NUMBERS.
R INDICATES RECORD WAS SET OR TIED.
MM INDICATES DATA IS MISSING.
T INDICATES TRACE AMOUNT.
&&
=====================================================================
...COOLER AND DRIER THAN NORMAL METEORLOGICAL WINTER IN TONOPAH...
THE AVERAGE TEMPERATURE IN TONOPAH DURING METEOROLOGICAL WINTER (DEC 2021-
FEB 2022) 2022 WAS 34 DEGREES, WHICH IS .5 DEGREES BELOW THE NORMAL
34.5 DEGREES. THE TOTAL PRECIPITATION WAS 0.67 INCHES, WHICH IS 0.57
INCHES BELOW OR 54 PERCENT OF THE 1991-2020 CLIMATOLOGICAL NORMAL OF
1.24 INCHES. THE PERIOD OF RECORD FOR THE TONOPAH AIRPORT BEGAN IN
1954.
$$