000
CXUS55 KLKN 022002
CLSTPH
CLIMATE REPORT
NATIONAL WEATHER SERVICE ELKO NV
1134 AM PST MON MAR 2 2020
...................................
...THE TONOPAH AIRPORT NV CLIMATE SUMMARY FOR THE SEASON, FROM
12/1/2019 TO 2/29/2020...
CLIMATE NORMAL PERIOD 1981 TO 2010
CLIMATE RECORD PERIOD 1954 TO 2020
WEATHER OBSERVED NORMAL DEPART LAST YEAR`S
VALUE DATE(S) VALUE FROM VALUE DATE(S)
NORMAL
................................................................
TEMPERATURE (F)
RECORD
HIGH 75 02/25/1986
LOW -15 01/24/1962
01/23/1962
HIGHEST 65 02/01 64 1 60 02/28
01/27
LOWEST 12 02/04 1 11 5 02/11
AVG. MAXIMUM 48.8 46.0 2.8 44.8
AVG. MINIMUM 24.3 21.2 3.1 22.6
MEAN 36.6 33.6 3.0 33.7
DAYS MAX >= 90 0 0.0 0.0 0
DAYS MAX <= 32 5 5.1 -0.1 6
DAYS MIN <= 32 84 84.7 -0.7 85
DAYS MIN <= 0 0 1.2 -1.2 0
PRECIPITATION (INCHES)
RECORD
MAXIMUM 3.27 1968
MINIMUM 0.14 1964
TOTALS 1.26 1.32 -0.06 0.85
DAILY AVG. T 0.01 -0.01 0.01
DAYS >= .01 4 11.8 -7.8 13
DAYS >= .10 3 4.8 -1.8 3
DAYS >= .50 1 0.1 0.9 0
DAYS >= 1.00 0 0.0 0.0 0
GREATEST
24 HR. TOTAL 0.81 MM 0.23
DEGREE_DAYS
HEATING TOTAL 2571 2824 -253 2779
SINCE 7/1 3863 4067 -204 3852
COOLING TOTAL 0 0 0 0
SINCE 1/1 0 0 0 0
.................................................................
WIND (MPH)
AVERAGE WIND SPEED 9.4
HIGHEST WIND SPEED/DIRECTION 61/320 DATE 02/02
HIGHEST GUST SPEED/DIRECTION 76/320 DATE 02/02
AVERAGE RH (PERCENT) 53
WEATHER CONDITIONS. NUMBER OF DAYS WITH
THUNDERSTORM 0 MIXED PRECIP 0
HEAVY RAIN 0 RAIN 2
LIGHT RAIN 4 FREEZING RAIN 0
LT FREEZING RAIN 0 HAIL 0
HEAVY SNOW 0 SNOW 2
LIGHT SNOW 9 SLEET 0
FOG 8 FOG W/VIS <= 1/4 MILE 2
HAZE 5
- INDICATES NEGATIVE NUMBERS.
R INDICATES RECORD WAS SET OR TIED.
MM INDICATES DATA IS MISSING.
T INDICATES TRACE AMOUNT.
&&
=====================================================================
...TIED FOR 8TH WARMEST METEORLOGICAL WINTER IN TONOPAH...
...DRIER THAN NORMAL METEORLOGICAL WINTER IN TONOPAH...
DECEMBER 2019 WAS THE 6TH WARMEST ON RECORD IN TONOPAH WITH AN AVERAGE
OF 34.5 DEGREES.
DECEMBER 2019 WAS THE 2ND WETTEST ON RECORD IN TONOPAH WITH A TOTAL
RAINFALL OF 0.99 INCHES.
JANUARY 2020 WAS TIED FOR THE DRIEST MONTH ON RECORD IN TONOPAH WITH
A TRACE REPORTED.
$$
MG