000
CXUS53 KOAX 011030
CF6TQE
PRELIMINARY LOCAL CLIMATOLOGICAL DATA (WS FORM: F-6)
STATION: TEKAMAH NE
MONTH: NOVEMBER
YEAR: 2022
LATITUDE: 41 46 N
LONGITUDE: 96 11 W
TEMPERATURE IN F: :PCPN: SNOW: WIND :SUNSHINE: SKY :PK WND
================================================================================
1 2 3 4 5 6A 6B 7 8 9 10 11 12 13 14 15 16 17 18
12Z AVG MX 2MIN
DY MAX MIN AVG DEP HDD CDD WTR SNW DPTH SPD SPD DIR MIN PSBL S-S WX SPD DR
================================================================================
1 80 32 56 12 9 0 0.00 M M 10.0 23 170 M M 0 8 29 170
2 80 47 64 20 1 0 0.00 M M 19.5 38 180 M M 0 47 180
3 74 42 58 15 7 0 0.00 M M 17.5 24 330 M M 8 32 170
4 44 32 38 -5 27 0 0.30 M M 13.4 25 340 M M 7 13 30 340
5 56 26 41 -1 24 0 0.00 M M 11.7 24 190 M M 1 33 200
6 59 30 45 3 20 0 0.00 M M 10.8 21 330 M M 1 26 340
7 53 25 39 -2 26 0 0.00 M M 8.4 17 100 M M 0 23 110
8 62 36 49 8 16 0 0.04 M M 15.0 26 140 M M 9 1 32 140
9 77 61 69 29 0 4 0.01 M M 21.0 32 180 M M 10 1 41 170
10 70 22 46 6 19 0 0.03 M M 19.5 29 180 M M 5 1 41 170
11 31 18 25 -15 40 0 0.00 M M 19.2 32 320 M M 4 40 330
12 31 19 25 -14 40 0 0.00 M M 10.7 24 340 M M 10 31 340
13 39 4 22 -17 43 0 0.00 M M 8.6 23 130 M M 3 29 130
14 33 20 27 -11 38 0 0.07 M M 6.7 15 320 M M 8 128 18 310
15 30 20 25 -13 40 0 T M M 12.4 22 310 M M 6 8 31 300
16 28 10 19 -18 46 0 T M M 14.9 29 310 M M 7 37 300
17 32 15 24 -13 41 0 T M M 16.8 37 310 M M 5 49 300
18 25 10 18 -18 47 0 0.00 M M 14.6 26 310 M M 2 34 290
19 33 9 21 -15 44 0 T M M 15.8 32 320 M M 4 40 330
20 51 8 30 -6 35 0 0.00 M M 11.7 23 240 M M 0 29 230
21 52 17 35 0 30 0 0.00 M M 5.0 16 330 M M 0 19 330
22 61 13 37 2 28 0 0.00 M M 5.5 15 200 M M 0 19 190
23 59 15 37 3 28 0 0.00 M M 7.1 20 170 M M 1 8 26 170
24 50 23 37 3 28 0 0.00 M M 10.6 24 340 M M 1 12 30 350
25 57 15 36 3 29 0 0.00 M M 7.9 15 210 M M 0 21 230
26 62 26 44 11 21 0 0.00 M M M M M M M 1 M M
27 45 12 29 -4 36 0 0.00 M M M M M M M 0 M M
28 58 11 35 3 30 0 0.00 M M 12.4 26 210 M M 1 34 200
29 40 20 30 -2 35 0 0.01 M M 20.6 37 350 M M 7 1 45 360
30 27 5 16 -15 49 0 0.00 M M 9.3 24 300 M M 0 31 310
================================================================================
SM 1499 643 877 4 0.46 M 356.6 M 101
================================================================================
AV 50.0 21.4 12.7 FASTST M M 3 MAX(MPH)
MISC ----> 38 180 49 300
================================================================================
NOTES:
# LAST OF SEVERAL OCCURRENCES
COLUMN 17 PEAK WIND IN M.P.H.
PRELIMINARY LOCAL CLIMATOLOGICAL DATA (WS FORM: F-6) , PAGE 2
STATION: TEKAMAH NE
MONTH: NOVEMBER
YEAR: 2022
LATITUDE: 41 46 N
LONGITUDE: 96 11 W
[TEMPERATURE DATA] [PRECIPITATION DATA] SYMBOLS USED IN COLUMN 16
AVERAGE MONTHLY: 35.7 TOTAL FOR MONTH: 0.46 1 = FOG OR MIST
DPTR FM NORMAL: -1.9 DPTR FM NORMAL: -0.79 2 = FOG REDUCING VISIBILITY
HIGHEST: 80 ON 2, 1 GRTST 24HR 0.30 ON 4- 4 TO 1/4 MILE OR LESS
LOWEST: 4 ON 13 3 = THUNDER
SNOW, ICE PELLETS, HAIL 4 = ICE PELLETS
TOTAL MONTH: M 5 = HAIL
GRTST 24HR M ON M 6 = FREEZING RAIN OR DRIZZLE
GRTST DEPTH: M ON M 7 = DUSTSTORM OR SANDSTORM:
VSBY 1/2 MILE OR LESS
8 = SMOKE OR HAZE
[NO. OF DAYS WITH] [WEATHER - DAYS WITH] 9 = BLOWING SNOW
X = TORNADO
MAX 32 OR BELOW: 7 0.01 INCH OR MORE: 6
MAX 90 OR ABOVE: 0 0.10 INCH OR MORE: 1
MIN 32 OR BELOW: 26 0.50 INCH OR MORE: 0
MIN 0 OR BELOW: 0 1.00 INCH OR MORE: 0
[HDD (BASE 65) ]
TOTAL THIS MO. 877 CLEAR (SCALE 0-3) 17
DPTR FM NORMAL 55 PTCLDY (SCALE 4-7) 10
TOTAL FM JUL 1 1351 CLOUDY (SCALE 8-10) 3
DPTR FM NORMAL -3
[CDD (BASE 65) ]
TOTAL THIS MO. 4
DPTR FM NORMAL 4 [PRESSURE DATA]
TOTAL FM JAN 1 1305 HIGHEST SLP 30.56 ON 7
DPTR FM NORMAL 291 LOWEST SLP 29.44 ON 5
[REMARKS]
#FINAL-11-22#