000
CXUS53 KOAX 011030
CF6TQE
PRELIMINARY LOCAL CLIMATOLOGICAL DATA (WS FORM: F-6)
STATION: TEKAMAH NE
MONTH: NOVEMBER
YEAR: 2023
LATITUDE: 41 46 N
LONGITUDE: 96 11 W
TEMPERATURE IN F: :PCPN: SNOW: WIND :SUNSHINE: SKY :PK WND
================================================================================
1 2 3 4 5 6A 6B 7 8 9 10 11 12 13 14 15 16 17 18
12Z AVG MX 2MIN
DY MAX MIN AVG DEP HDD CDD WTR SNW DPTH SPD SPD DIR MIN PSBL S-S WX SPD DR
================================================================================
1 55 15 35 -9 30 0 0.00 M M 11.3 28 210 M M 0 34 210
2 63 19 41 -3 24 0 0.00 M M 5.8 15 180 M M 0 8 20 200
3 64 35 50 7 15 0 0.00 M M 8.0 18 360 M M 1 24 360
4 62 26 44 1 21 0 0.00 M M 5.9 14 160 M M 0 18 19 190
5 69 36 53 11 12 0 0.00 M M 15.2 33 180 M M 1 43 170
6 68 37 53 11 12 0 0.00 M M 7.0 18 250 M M 0 23 250
7 67 32 50 9 15 0 0.00 M M 6.3 22 130 M M 5 1 31 120
8 68 36 52 11 13 0 0.00 M M 12.7 30 330 M M 1 41 350
9 64 25 45 5 20 0 0.00 M M 12.7 30 250 M M 1 39 250
10 51 23 37 -3 28 0 0.00 M M 3.4 10 120 M M 3 13 290
11 60 31 46 6 19 0 0.00 M M 15.5 28 170 M M 5 39 190
12 71 32 52 13 13 0 0.00 M M 9.0 17 190 M M 0 23 180
13 70 25 48 9 17 0 0.00 M M 6.8 18 170 M M 0 24 170
14 73 38 56 18 9 0 0.00 M M 14.8 36 190 M M 0 45 200
15 70 28 49 11 16 0 0.00 M M 6.4 13 140 M M 0 16 160
16 65 41 53 16 12 0 T M M 16.6 31 210 M M 1 40 200
17 52 23 38 1 27 0 0.00 M M 7.1 17 360 M M 0 23 360
18 67 23 45 9 20 0 0.00 M M 5.1 10 170 M M 0 17 290
19 54 31 43 7 22 0 0.04 M M 6.0 14 130 M M 6 19 130
20 48 42 45 9 20 0 0.05 M M 9.7 15 340 M M 10 19 350
21 46 23 35 0 30 0 0.00 M M 15.8 28 320 M M 3 1 35 350
22 59 18 39 4 26 0 0.00 M M 9.4 25 190 M M 0 33 200
23 42 24 33 -1 32 0 0.00 M M 18.9 28 10 M M 0 36 360
24 30 22 26 -8 39 0 0.00 M M 11.5 18 10 M M 9 24 10
25 29 24 27 -6 38 0 0.02 M M 4.0 14 40 M M 9 18 18 50
26 39 15 27 -6 38 0 T M M 13.1 38 320 M M 5 48 330
27 35 12 24 -9 41 0 0.00 M M 9.0 21 310 M M 2 31 320
28 49 8 29 -3 36 0 0.00 M M 9.6 28 180 M M 0 35 180
29 56 18 37 5 28 0 0.00 M M 6.4 18 190 M M 0 23 180
30 47 22 35 4 30 0 0.00 M M 11.6 24 360 M M 0 30 350
================================================================================
SM 1693 784 703 0 0.11 M 294.6 M 62
================================================================================
AV 56.4 26.1 9.8 FASTST M M 2 MAX(MPH)
MISC ----> 38 320 48 330
================================================================================
NOTES:
# LAST OF SEVERAL OCCURRENCES
COLUMN 17 PEAK WIND IN M.P.H.
PRELIMINARY LOCAL CLIMATOLOGICAL DATA (WS FORM: F-6) , PAGE 2
STATION: TEKAMAH NE
MONTH: NOVEMBER
YEAR: 2023
LATITUDE: 41 46 N
LONGITUDE: 96 11 W
[TEMPERATURE DATA] [PRECIPITATION DATA] SYMBOLS USED IN COLUMN 16
AVERAGE MONTHLY: 41.3 TOTAL FOR MONTH: 0.11 1 = FOG OR MIST
DPTR FM NORMAL: 3.7 DPTR FM NORMAL: -1.14 2 = FOG REDUCING VISIBILITY
HIGHEST: 73 ON 14 GRTST 24HR 0.09 ON 19-20 TO 1/4 MILE OR LESS
LOWEST: 8 ON 28 3 = THUNDER
SNOW, ICE PELLETS, HAIL 4 = ICE PELLETS
TOTAL MONTH: M 5 = HAIL
GRTST 24HR M ON M 6 = FREEZING RAIN OR DRIZZLE
GRTST DEPTH: M ON M 7 = DUSTSTORM OR SANDSTORM:
VSBY 1/2 MILE OR LESS
8 = SMOKE OR HAZE
[NO. OF DAYS WITH] [WEATHER - DAYS WITH] 9 = BLOWING SNOW
X = TORNADO
MAX 32 OR BELOW: 2 0.01 INCH OR MORE: 3
MAX 90 OR ABOVE: 0 0.10 INCH OR MORE: 0
MIN 32 OR BELOW: 23 0.50 INCH OR MORE: 0
MIN 0 OR BELOW: 0 1.00 INCH OR MORE: 0
[HDD (BASE 65) ]
TOTAL THIS MO. 703 CLEAR (SCALE 0-3) 23
DPTR FM NORMAL -119 PTCLDY (SCALE 4-7) 4
TOTAL FM JUL 1 1109 CLOUDY (SCALE 8-10) 3
DPTR FM NORMAL -245
[CDD (BASE 65) ]
TOTAL THIS MO. 0
DPTR FM NORMAL 0 [PRESSURE DATA]
TOTAL FM JAN 1 1167 HIGHEST SLP 30.65 ON 24
DPTR FM NORMAL 153 LOWEST SLP 29.65 ON 5
[REMARKS]
#FINAL-11-23#