000
CXUS54 KFWD 010732
CF6TRL
PRELIMINARY LOCAL CLIMATOLOGICAL DATA (WS FORM: F-6)
STATION: TERRELL
MONTH: AUGUST
YEAR: 2023
LATITUDE: 32 42 N
LONGITUDE: 96 16 W
TEMPERATURE IN F: :PCPN: SNOW: WIND :SUNSHINE: SKY :PK WND
================================================================================
1 2 3 4 5 6A 6B 7 8 9 10 11 12 13 14 15 16 17 18
12Z AVG MX 2MIN
DY MAX MIN AVG DEP HDD CDD WTR SNW DPTH SPD SPD DIR MIN PSBL S-S WX SPD DR
================================================================================
1 106 80 93 7 0 28 0.00 M M 6.0 18 110 M M 0 24 130
2 105 79 92 6 0 27 0.00 M M 6.5 20 170 M M 0 34 170
3 103 79 91 5 0 26 0.00 M M 8.6 16 160 M M 0 25 180
4 103 80 92 6 0 27 0.00 M M 7.9 15 180 M M 0 21 170
5 103 81 92 6 0 27 0.00 M M 7.0 16 220 M M 0 23 220
6 102 79 91 5 0 26 0.00 M M 6.5 16 160 M M 0 24 180
7 102 81 92 6 0 27 0.00 M M 7.4 15 160 M M 0 22 190
8 100 83 92 6 0 27 T M M 9.8 20 150 M M 0 28 120
9 106 80 93 7 0 28 0.00 M M 14.3 25 180 M M 0 35 200
10 105 82 94 8 0 29 0.00 M M 11.3 20 190 M M M 30 190
11 106 80 93 7 0 28 0.00 M M 11.7 22 210 M M M 29 220
12 106 79 93 7 0 28 0.00 M M 10.7 23 210 M M M 31 210
13 104 78 91 5 0 26 0.00 M M 10.3 20 190 M M M 27 200
14 103 79 91 5 0 26 0.00 M M 9.8 18 10 M M M 26 340
15 94 71 83 -3 0 18 0.00 M M 7.4 16 10 M M M 24 10
16 95 64 80 -6 0 15 0.00 M M 4.0 12 50 M M M 17 20
17 107 67 87 2 0 22 0.00 M M 6.1 14 220 M M M 8 20 190
18 108 77 93 8 0 28 0.00 M M 6.1 15 160 M M M 20 220
19 105 77 91 6 0 26 0.00 M M 4.1 13 140 M M M 19 190
20 108 77 93 8 0 28 0.00 M M 6.4 20 30 M M M 28 100
21 105 79 92 7 0 27 0.00 M M 7.4 17 60 M M M 31 60
22 102 80 91 6 0 26 0.00 M M 6.9 16 60 M M 0 23 100
23 102 78 90 6 0 25 0.00 M M 3.2 12 130 M M 1 17 110
24 105 79 92 8 0 27 0.00 M M 4.9 14 30 M M 0 8 21 90
25 108 79 94 10 0 29 0.00 M M 3.8 12 150 M M 1 16 140
26 107 80 94 10 0 29 T M M 4.9 14 210 M M 1 3 19 200
27 101 77 89 5 0 24 M M M 7.9 29 180 M M 2 38 180
28 96 77 87 4 0 22 T M M 7.1 22 20 M M 4 29 30
29 97 71 84 1 0 19 0.00 M M 5.4 20 20 M M 1 27 30
30 97 70 84 1 0 19 0.00 M M 5.2 16 30 M M 1 23 40
31 97 69 83 0 0 18 0.00 M M 5.0 13 120 M M 1 8 19 180
================================================================================
SM 3188 2392 0 782 T M 223.6 M 12
================================================================================
AV102.8 77.2 7.2 FASTST M M 1 MAX(MPH)
MISC ----> 29 180 38 180
================================================================================
NOTES:
# LAST OF SEVERAL OCCURRENCES
COLUMN 17 PEAK WIND IN M.P.H.
PRELIMINARY LOCAL CLIMATOLOGICAL DATA (WS FORM: F-6) , PAGE 2
STATION: TERRELL
MONTH: AUGUST
YEAR: 2023
LATITUDE: 32 42 N
LONGITUDE: 96 16 W
[TEMPERATURE DATA] [PRECIPITATION DATA] SYMBOLS USED IN COLUMN 16
AVERAGE MONTHLY: 90.0 TOTAL FOR MONTH: T 1 = FOG OR MIST
DPTR FM NORMAL: 4.8 DPTR FM NORMAL: -2.30 2 = FOG REDUCING VISIBILITY
HIGHEST: 108 ON 25,20 GRTST 24HR T ON 1- 1 TO 1/4 MILE OR LESS
LOWEST: 64 ON 16 3 = THUNDER
SNOW, ICE PELLETS, HAIL 4 = ICE PELLETS
TOTAL MONTH: M 5 = HAIL
GRTST 24HR M ON M 6 = FREEZING RAIN OR DRIZZLE
GRTST DEPTH: M ON M 7 = DUSTSTORM OR SANDSTORM:
VSBY 1/2 MILE OR LESS
8 = SMOKE OR HAZE
[NO. OF DAYS WITH] [WEATHER - DAYS WITH] 9 = BLOWING SNOW
X = TORNADO
MAX 32 OR BELOW: 0 0.01 INCH OR MORE: 0
MAX 90 OR ABOVE: 31 0.10 INCH OR MORE: 0
MIN 32 OR BELOW: 0 0.50 INCH OR MORE: 0
MIN 0 OR BELOW: 0 1.00 INCH OR MORE: 0
[HDD (BASE 65) ]
TOTAL THIS MO. 0 CLEAR (SCALE 0-3) 18
DPTR FM NORMAL 0 PTCLDY (SCALE 4-7) 1
TOTAL FM JUL 1 0 CLOUDY (SCALE 8-10) 12
DPTR FM NORMAL 0
[CDD (BASE 65) ]
TOTAL THIS MO. 782
DPTR FM NORMAL 158 [PRESSURE DATA]
TOTAL FM JAN 1 2325 HIGHEST SLP M ON M
DPTR FM NORMAL 170 LOWEST SLP 29.65 ON 9
[REMARKS]
#FINAL-08-23#