000
CXUS56 KSGX 011045
CF6TRM
PRELIMINARY LOCAL CLIMATOLOGICAL DATA (WS FORM: F-6)
STATION: THERMAL AIRPORT CA
MONTH: SEPTEMBER
YEAR: 2021
LATITUDE: 33 37 N
LONGITUDE: 116 10 W
TEMPERATURE IN F: :PCPN: SNOW: WIND :SUNSHINE: SKY :PK WND
================================================================================
1 2 3 4 5 6A 6B 7 8 9 10 11 12 13 14 15 16 17 18
12Z AVG MX 2MIN
DY MAX MIN AVG DEP HDD CDD WTR SNW DPTH SPD SPD DIR MIN PSBL S-S WX SPD DR
================================================================================
1 97 78 88 -1 0 23 0.00 M M 7.3 17 310 M M 0 22 310
2 100 75 88 0 0 23 0.00 M M 6.7 15 330 M M 0 19 310
3 108 67 88 0 0 23 0.00 M M 5.2 14 320 M M 0 18 300
4 112 73 93 5 0 28 0.00 M M 6.3 16 340 M M 0 22 330
5 111 69 90 2 0 25 0.00 M M 5.4 13 140 M M 0 15 140
6 104 77 91 3 0 26 0.00 M M 5.6 13 130 M M 0 17 140
7 106 75 91 4 0 26 0.00 M M 4.2 13 320 M M 0 18 320
8 105 77 91 4 0 26 0.00 M M 6.0 21 130 M M 1 8 26 130
9 110 78 94 7 0 29 0.00 M M 5.3 14 150 M M 0 18 130
10 104 78 91 4 0 26 0.00 M M 5.0 16 150 M M 0 19 150
11 105 75 90 4 0 25 0.00 M M 4.6 12 120 M M 0 17 150
12 110 73 92 6 0 27 0.00 M M 6.7 16 340 M M 0 22 320
13 112 71 92 6 0 27 0.00 M M 6.1 17 290 M M 0 24 280
14 108 66 87 1 0 22 0.00 M M 5.3 17 330 M M 0 8 22 330
15 106 62 84 -1 0 19 0.00 M M 5.7 15 330 M M 0 23 130
16 103 59 81 -4 0 16 0.00 M M 5.9 15 330 M M 0 8 20 320
17 102 75 89 4 0 24 0.00 M M 6.9 15 150 M M 0 19 140
18 104 68 86 2 0 21 0.00 M M 6.7 17 280 M M 0 23 290
19 102 73 88 4 0 23 0.00 M M 7.7 17 340 M M 0 23 330
20 102 65 84 0 0 19 0.00 M M 6.0 14 140 M M 0 21 160
21 104 62 83 0 0 18 0.00 M M 4.2 10 170 M M 0 8 16 160
22 107 64 86 3 0 21 0.00 M M 6.1 14 130 M M 0 19 120
23 100 73 87 4 0 22 0.00 M M 4.7 16 140 M M 1 3 22 140
24 93 68 81 -1 0 16 T M M 4.8 15 130 M M 0 3 19 130
25 93 67 80 -2 0 15 0.00 M M 4.6 12 310 M M 0 16 300
26 94 67 81 -1 0 16 0.00 M M 5.4 13 330 M M 0 17 330
27 94 72 83 2 0 18 0.00 M M 7.3 15 320 M M 0 20 340
28 93 67 80 -1 0 15 0.00 M M 11.3 25 340 M M 0 8 34 330
29 94 68 81 1 0 16 0.00 M M 8.7 21 330 M M 0 27 340
30 96 55 76 -4 0 11 0.00 M M 7.4 17 300 M M 0 23 300
================================================================================
SM 3079 2097 0 646 T M 183.1 M 2
================================================================================
AV102.6 69.9 6.1 FASTST M M 0 MAX(MPH)
MISC ----> 25 340 34 330
================================================================================
NOTES:
# LAST OF SEVERAL OCCURRENCES
COLUMN 17 PEAK WIND IN M.P.H.
PRELIMINARY LOCAL CLIMATOLOGICAL DATA (WS FORM: F-6) , PAGE 2
STATION: THERMAL AIRPORT CA
MONTH: SEPTEMBER
YEAR: 2021
LATITUDE: 33 37 N
LONGITUDE: 116 10 W
[TEMPERATURE DATA] [PRECIPITATION DATA] SYMBOLS USED IN COLUMN 16
AVERAGE MONTHLY: 86.3 TOTAL FOR MONTH: T 1 = FOG OR MIST
DPTR FM NORMAL: 1.5 DPTR FM NORMAL: -0.32 2 = FOG REDUCING VISIBILITY
HIGHEST: 112 ON 13, 4 GRTST 24HR T ON 31- 1 TO 1/4 MILE OR LESS
LOWEST: 55 ON 30 3 = THUNDER
SNOW, ICE PELLETS, HAIL 4 = ICE PELLETS
TOTAL MONTH: M 5 = HAIL
GRTST 24HR M ON M 6 = FREEZING RAIN OR DRIZZLE
GRTST DEPTH: M ON M 7 = DUSTSTORM OR SANDSTORM:
VSBY 1/2 MILE OR LESS
8 = SMOKE OR HAZE
[NO. OF DAYS WITH] [WEATHER - DAYS WITH] 9 = BLOWING SNOW
X = TORNADO
MAX 32 OR BELOW: 0 0.01 INCH OR MORE: 0
MAX 90 OR ABOVE: 30 0.10 INCH OR MORE: 0
MIN 32 OR BELOW: 0 0.50 INCH OR MORE: 0
MIN 0 OR BELOW: 0 1.00 INCH OR MORE: 0
[HDD (BASE 65) ]
TOTAL THIS MO. 0 CLEAR (SCALE 0-3) 30
DPTR FM NORMAL 0 PTCLDY (SCALE 4-7) 0
TOTAL FM JUL 1 0 CLOUDY (SCALE 8-10) 0
DPTR FM NORMAL 0
[CDD (BASE 65) ]
TOTAL THIS MO. 646
DPTR FM NORMAL 50 [PRESSURE DATA]
TOTAL FM JAN 1 4061 HIGHEST SLP 30.08 ON 21
DPTR FM NORMAL 509 LOWEST SLP 29.62 ON 16
[REMARKS]
#FINAL-09-21#