537
CXUS56 KPQR 011200
CF6TTD
PRELIMINARY LOCAL CLIMATOLOGICAL DATA (WS FORM: F-6)
STATION: TROUTDALE OR
MONTH: JUNE
YEAR: 2020
LATITUDE: 45 33 N
LONGITUDE: 122 25 W
TEMPERATURE IN F: :PCPN: SNOW: WIND :SUNSHINE: SKY :PK WND
================================================================================
1 2 3 4 5 6A 6B 7 8 9 10 11 12 13 14 15 16 17 18
12Z AVG MX 2MIN
DY MAX MIN AVG DEP HDD CDD WTR SNW DPTH SPD SPD DIR MIN PSBL S-S WX SPD DR
================================================================================
1 73 45 59 -1 6 0 0.00 M M 2.9 12 240 M M 0 16 250
2 79 47 63 3 2 0 0.00 M M 3.6 12 320 M M 1 20 340
3 75 52 64 3 1 0 0.00 M M 4.1 12 320 M M 1 18 330
4 74 50 62 1 3 0 0.00 M M 3.3 9 310 M M 3 8 15 310
5 70 55 63 2 2 0 0.35 M M 2.1 9 250 M M 3 14 320
6 62 51 57 -4 8 0 0.72 M M 4.0 16 250 M M 9 8 25 260
7 63 50 57 -4 8 0 0.17 M M 6.3 14 250 M M 9 20 260
8 64 53 59 -2 6 0 0.24 M M 3.8 14 220 M M 9 1 16 220
9 66 52 59 -2 6 0 0.64 M M 4.4 12 220 M M 10 1 18 230
10 79 60 70 8 0 5 0.07 M M 4.3 17 220 M M 7 18 22 200
11 76 60 68 6 0 3 0.02 M M 2.7 9 270 M M 6 12 270
12 62 55 59 -3 6 0 0.15 M M 3.8 9 250 M M 8 18 13 320
13 60 53 57 -5 8 0 0.13 M M 6.0 16 210 M M 9 8 21 220
14 69 51 60 -2 5 0 0.02 M M 3.2 13 210 M M 8 18 250
15 64 54 59 -3 6 0 0.39 M M 5.4 15 220 M M 9 1 24 220
16 66 53 60 -2 5 0 0.43 M M 2.9 10 250 M M 8 1 14 190
17 72 51 62 0 3 0 0.00 M M 2.6 10 80 M M 7 14 270
18 82 49 66 3 0 1 0.00 M M 2.5 8 260 M M 2 14 260
19 87 53 70 7 0 5 0.00 M M 2.8 12 260 M M 0 16 260
20 71 61 66 3 0 1 0.24 M M 3.7 10 190 M M 8 8 27 270
21 76 59 68 5 0 3 T M M 2.7 8 320 M M 6 14 310
22 87 52 70 7 0 5 0.00 M M 2.1 8 250 M M 0 12 270
23 93 58 76 12 0 11 0.00 M M 2.7 9 300 M M 0 18 320
24 80 61 71 7 0 6 0.00 M M 3.3 10 320 M M 2 21 310
25 86 60 73 9 0 8 0.00 M M 3.9 9 250 M M 5 13 260
26 88 60 74 10 0 9 0.00 M M 3.8 13 320 M M 0 19 350
27 70 58 64 0 1 0 0.00 M M 5.4 13 310 M M 9 20 320
28 72 55 64 0 1 0 0.01 M M 4.5 13 250 M M 10 17 270
29 73 54 64 -1 1 0 0.00 M M 3.7 10 320 M M 8 15 320
30 71 57 64 -1 1 0 0.02 M M 5.7 15 320 M M 10 18 22 320
================================================================================
SM 2210 1629 79 57 3.60 M 112.2 M 167
================================================================================
AV 73.7 54.3 3.7 FASTST M M 6 MAX(MPH)
MISC ----> # 17 220 # 27 270
================================================================================
NOTES:
# LAST OF SEVERAL OCCURRENCES
COLUMN 17 PEAK WIND IN M.P.H.
PRELIMINARY LOCAL CLIMATOLOGICAL DATA (WS FORM: F-6) , PAGE 2
STATION: TROUTDALE OR
MONTH: JUNE
YEAR: 2020
LATITUDE: 45 33 N
LONGITUDE: 122 25 W
[TEMPERATURE DATA] [PRECIPITATION DATA] SYMBOLS USED IN COLUMN 16
AVERAGE MONTHLY: 64.0 TOTAL FOR MONTH: 3.60 1 = FOG OR MIST
DPTR FM NORMAL: 1.6 DPTR FM NORMAL: 1.18 2 = FOG REDUCING VISIBILITY
HIGHEST: 93 ON 23 GRTST 24HR 0.72 ON 6- 6 TO 1/4 MILE OR LESS
LOWEST: 45 ON 1 3 = THUNDER
SNOW, ICE PELLETS, HAIL 4 = ICE PELLETS
TOTAL MONTH: M 5 = HAIL
GRTST 24HR M ON M 6 = FREEZING RAIN OR DRIZZLE
GRTST DEPTH: M ON M 7 = DUSTSTORM OR SANDSTORM:
VSBY 1/2 MILE OR LESS
8 = SMOKE OR HAZE
[NO. OF DAYS WITH] [WEATHER - DAYS WITH] 9 = BLOWING SNOW
X = TORNADO
MAX 32 OR BELOW: 0 0.01 INCH OR MORE: 15
MAX 90 OR ABOVE: 1 0.10 INCH OR MORE: 10
MIN 32 OR BELOW: 0 0.50 INCH OR MORE: 2
MIN 0 OR BELOW: 0 1.00 INCH OR MORE: 0
[HDD (BASE 65) ]
TOTAL THIS MO. 79 CLEAR (SCALE 0-3) 9
DPTR FM NORMAL -41 PTCLDY (SCALE 4-7) 10
TOTAL FM JUL 1 4055 CLOUDY (SCALE 8-10) 11
DPTR FM NORMAL -587
[CDD (BASE 65) ]
TOTAL THIS MO. 57
DPTR FM NORMAL 15 [PRESSURE DATA]
TOTAL FM JAN 1 99 HIGHEST SLP 30.31 ON 17
DPTR FM NORMAL 40 LOWEST SLP 29.71 ON 5
[REMARKS]
#FINAL-06-20#