000
CXUS51 KPHI 061451
CF6TTN
PRELIMINARY LOCAL CLIMATOLOGICAL DATA (WS FORM: F-6)
STATION: TRENTON NJ
MONTH: JANUARY
YEAR: 2021
LATITUDE: 40 16 N
LONGITUDE: 74 49 W
TEMPERATURE IN F: :PCPN: SNOW: WIND :SUNSHINE: SKY :PK WND
================================================================================
1 2 3 4 5 6A 6B 7 8 9 10 11 12 13 14 15 16 17 18
12Z AVG MX 2MIN
DY MAX MIN AVG DEP HDD CDD WTR SNW DPTH SPD SPD DIR MIN PSBL S-S WX SPD DR
================================================================================
1 40 24 32 -1 33 0 0.67 T 0 6.0 14 320 M M 4 1 18 320
2 52 33 43 10 22 0 0.05 0.0 0 8.2 22 300 M M 6 1 32 280
3 37 31 34 1 31 0 0.11 T 0 9.0 17 60 M M 7 1 22 70
4 43 33 38 5 27 0 0.04 0.0 0 4.6 12 340 M M 10 1 13 340
5 39 36 38 5 27 0 0.00 0.0 0 3.5 8 360 M M 10 13 300
6 42 33 38 6 27 0 0.00 0.0 0 10.5 24 340 M M 4 33 340
7 43 28 36 4 29 0 0.00 0.0 0 9.0 17 340 M M 0 25 350
8 43 23 33 1 32 0 0.00 0.0 0 4.2 9 360 M M 0 12 350
9 39 21 30 -2 35 0 0.00 0.0 0 9.9 20 340 M M 5 26 340
10 45 24 35 3 30 0 0.00 0.0 0 5.5 14 340 M M 0 18 330
11 37 21 29 -3 36 0 0.00 0.0 0 2.3 7 340 M M 1 9 270
12 42 21 32 0 33 0 0.00 0.0 0 3.5 8 290 M M 0 18 11 320
13 43 29 36 4 29 0 0.00 0.0 0 3.6 14 310 M M 4 8 20 280
14 50 27 39 7 26 0 0.00 0.0 0 3.0 8 40 M M 3 18 12 300
15 47 29 38 6 27 0 0.13 0.0 0 8.1 17 70 M M 6 138 22 70
16 46 35 41 9 24 0 0.18 0.0 0 5.8 16 260 M M 7 1 22 270
17 45 32 39 7 26 0 T 0.0 0 9.4 23 260 M M 5 32 270
18 45 34 40 8 25 0 T 0.0 0 9.1 18 260 M M 4 27 250
19 42 28 35 3 30 0 T T 0 6.6 21 260 M M 4 27 250
20 40 25 33 1 32 0 T T T 7.0 25 340 M M 5 35 340
21 43 19 31 -1 34 0 0.00 0.0 0 4.7 20 210 M M 1 26 210
22 45 31 38 6 27 0 0.00 0.0 0 7.5 21 270 M M 6 29 300
23 35 24 30 -2 35 0 0.00 0.0 0 13.3 24 310 M M 4 35 300
24 34 21 28 -4 37 0 0.00 0.0 0 9.1 18 340 M M 3 29 360
25 35 21 28 -4 37 0 0.00 0.0 0 3.0 8 270 M M 6 12 320
26 34 31 33 1 32 0 0.15 T 0 7.0 18 90 M M 10 1 21 320
27 38 30 34 2 31 0 T 0.0 0 9.0 20 340 M M 10 12 26 340
28 33 20 27 -5 38 0 0.00 0.0 0 16.0 28 340 M M 4 36 350
29 27 18 23 -9 42 0 0.00 0.0 0 15.9 32 340 M M 1 44 330
30 35 16 26 -6 39 0 0.00 0.0 0 6.3 18 340 M M 2 25 340
31 25 18 22 -10 43 0 0.30 3.6 0 9.6 22 50 M M 7 12 28 40
================================================================================
SM 1244 816 976 0 1.63 3.6 230.2 M 139
================================================================================
AV 40.1 26.3 7.4 FASTST M M 4 MAX(MPH)
MISC ----> 32 340 44 330
================================================================================
NOTES:
# LAST OF SEVERAL OCCURRENCES
COLUMN 17 PEAK WIND IN M.P.H.
PRELIMINARY LOCAL CLIMATOLOGICAL DATA (WS FORM: F-6) , PAGE 2
STATION: TRENTON NJ
MONTH: JANUARY
YEAR: 2021
LATITUDE: 40 16 N
LONGITUDE: 74 49 W
[TEMPERATURE DATA] [PRECIPITATION DATA] SYMBOLS USED IN COLUMN 16
AVERAGE MONTHLY: 33.2 TOTAL FOR MONTH: 1.63 1 = FOG OR MIST
DPTR FM NORMAL: 1.2 DPTR FM NORMAL: -1.66 2 = FOG REDUCING VISIBILITY
HIGHEST: 52 ON 2 GRTST 24HR 0.67 ON 1- 1 TO 1/4 MILE OR LESS
LOWEST: 16 ON 30 3 = THUNDER
SNOW, ICE PELLETS, HAIL 4 = ICE PELLETS
TOTAL MONTH: 3.6 INCHES 5 = HAIL
GRTST 24HR 3.6 ON 31-31 6 = FREEZING RAIN OR DRIZZLE
GRTST DEPTH: T 7 = DUSTSTORM OR SANDSTORM:
VSBY 1/2 MILE OR LESS
8 = SMOKE OR HAZE
[NO. OF DAYS WITH] [WEATHER - DAYS WITH] 9 = BLOWING SNOW
X = TORNADO
MAX 32 OR BELOW: 2 0.01 INCH OR MORE: 8
MAX 90 OR ABOVE: 0 0.10 INCH OR MORE: 6
MIN 32 OR BELOW: 25 0.50 INCH OR MORE: 1
MIN 0 OR BELOW: 0 1.00 INCH OR MORE: 0
[HDD (BASE 65) ]
TOTAL THIS MO. 976 CLEAR (SCALE 0-3) 10
DPTR FM NORMAL -47 PTCLDY (SCALE 4-7) 17
TOTAL FM JUL 1 2678 CLOUDY (SCALE 8-10) 4
DPTR FM NORMAL -157
[CDD (BASE 65) ]
TOTAL THIS MO. 0
DPTR FM NORMAL 0 [PRESSURE DATA]
TOTAL FM JAN 1 0 HIGHEST SLP M ON M
DPTR FM NORMAL 0 LOWEST SLP 29.38 ON 16
[REMARKS]
#FINAL-01-21#