000
CXUS54 KMEG 010900
CF6TUP
PRELIMINARY LOCAL CLIMATOLOGICAL DATA (WS FORM: F-6)
STATION: TUPELO
MONTH: OCTOBER
YEAR: 2022
LATITUDE: 34 16 N
LONGITUDE: 88 46 W
TEMPERATURE IN F: :PCPN: SNOW: WIND :SUNSHINE: SKY :PK WND
================================================================================
1 2 3 4 5 6A 6B 7 8 9 10 11 12 13 14 15 16 17 18
12Z AVG MX 2MIN
DY MAX MIN AVG DEP HDD CDD WTR SNW DPTH SPD SPD DIR MIN PSBL S-S WX SPD DR
================================================================================
1 82 47 65 -5 0 0 0.00 0.0 0 8.2 20 20 M M 0 24 20
2 85 49 67 -3 0 2 0.00 0.0 0 10.1 21 30 M M 0 27 360
3 81 52 67 -3 0 2 0.00 0.0 0 8.8 18 30 M M 0 23 40
4 81 51 66 -3 0 1 0.00 0.0 0 5.1 13 30 M M 0 17 310
5 84 46 65 -4 0 0 0.00 0.0 0 2.2 9 100 M M 0 8 13 20
6 88 48 68 0 0 3 0.00 0.0 0 2.1 12 260 M M 0 8 15 320
7 85 54 70 2 0 5 0.00 0.0 0 6.4 16 20 M M 0 8 20 350
8 74 47 61 -7 4 0 0.00 0.0 0 8.7 21 20 M M 0 24 30
9 76 42 59 -8 6 0 0.00 0.0 0 3.4 14 340 M M 0 19 340
10 83 45 64 -3 1 0 0.00 0.0 0 2.3 13 20 M M 0 8 18 50
11 82 46 64 -2 1 0 0.00 0.0 0 3.1 14 170 M M 0 8 16 170
12 85 61 73 7 0 8 1.86 0.0 0 8.3 20 170 M M 6 13 24 170
13 75 49 62 -4 3 0 0.00 0.0 0 4.9 17 10 M M 1 1 22 10
14 81 45 63 -2 2 0 0.00 0.0 0 4.0 16 250 M M 0 23 210
15 84 51 68 3 0 3 0.02 0.0 0 5.1 21 360 M M 1 3 25 350
16 83 59 71 7 0 6 0.00 0.0 0 2.7 15 360 M M 3 19 350
17 69 44 57 -7 8 0 0.00 0.0 0 9.7 18 340 M M 1 26 350
18 54 38 46 -18 19 0 0.00 0.0 0 8.8 21 10 M M 0 27 10
19 63 34 49 -14 16 0 0.00 0.0 0 3.0 13 330 M M 0 17 320
20 69 33 51 -12 14 0 0.00 0.0 0 2.4 13 240 M M 0 8 180 240
21 80 42 61 -1 4 0 0.00 0.0 0 6.6 14 160 M M 0 8 18 170
22 81 57 69 7 0 4 0.00 0.0 0 9.7 22 190 M M 2 27 180
23 81 55 68 6 0 3 0.00 0.0 0 8.0 20 170 M M 0 24 140
24 80 51 66 5 0 1 0.00 0.0 0 9.4 21 180 M M 1 8 28 190
25 74 52 63 2 2 0 0.74 0.0 0 12.4 24 250 M M 8 18 37 240
26 65 43 54 -6 11 0 0.00 0.0 0 6.1 15 10 M M 0 20 20
27 71 41 56 -4 9 0 0.00 0.0 0 6.8 13 20 M M 0 16 40
28 77 49 63 3 2 0 0.00 0.0 0 6.3 16 120 M M 1 19 120
29 70 61 66 7 0 1 0.86 0.0 0 9.1 21 110 M M 8 18 26 110
30 70 61 66 7 0 1 0.34 0.0 0 6.4 16 130 M M 10 1 23 150
31 71 54 63 5 2 0 0.00 0.0 0 3.3 13 240 M M 7 1 17 260
================================================================================
SM 2384 1507 104 40 3.82 0.0 193.4 M 49
================================================================================
AV 76.9 48.6 6.2 FASTST M M 2 MAX(MPH)
MISC ----> 24 250 180 240
================================================================================
NOTES:
# LAST OF SEVERAL OCCURRENCES
COLUMN 17 PEAK WIND IN M.P.H.
PRELIMINARY LOCAL CLIMATOLOGICAL DATA (WS FORM: F-6) , PAGE 2
STATION: TUPELO
MONTH: OCTOBER
YEAR: 2022
LATITUDE: 34 16 N
LONGITUDE: 88 46 W
[TEMPERATURE DATA] [PRECIPITATION DATA] SYMBOLS USED IN COLUMN 16
AVERAGE MONTHLY: 62.8 TOTAL FOR MONTH: 3.82 1 = FOG OR MIST
DPTR FM NORMAL: -1.6 DPTR FM NORMAL: -0.14 2 = FOG REDUCING VISIBILITY
HIGHEST: 88 ON 6 GRTST 24HR 1.86 ON 12-12 TO 1/4 MILE OR LESS
LOWEST: 33 ON 20 3 = THUNDER
SNOW, ICE PELLETS, HAIL 4 = ICE PELLETS
TOTAL MONTH: 0.0 INCH 5 = HAIL
GRTST 24HR 0.0 6 = FREEZING RAIN OR DRIZZLE
GRTST DEPTH: 0 7 = DUSTSTORM OR SANDSTORM:
VSBY 1/2 MILE OR LESS
8 = SMOKE OR HAZE
[NO. OF DAYS WITH] [WEATHER - DAYS WITH] 9 = BLOWING SNOW
X = TORNADO
MAX 32 OR BELOW: 0 0.01 INCH OR MORE: 5
MAX 90 OR ABOVE: 0 0.10 INCH OR MORE: 4
MIN 32 OR BELOW: 0 0.50 INCH OR MORE: 3
MIN 0 OR BELOW: 0 1.00 INCH OR MORE: 1
[HDD (BASE 65) ]
TOTAL THIS MO. 104 CLEAR (SCALE 0-3) 25
DPTR FM NORMAL -12 PTCLDY (SCALE 4-7) 5
TOTAL FM JUL 1 108 CLOUDY (SCALE 8-10) 1
DPTR FM NORMAL -14
[CDD (BASE 65) ]
TOTAL THIS MO. 40
DPTR FM NORMAL -58 [PRESSURE DATA]
TOTAL FM JAN 1 2455 HIGHEST SLP 30.38 ON 8
DPTR FM NORMAL 236 LOWEST SLP 29.65 ON 25
[REMARKS]
#FINAL-10-22#