000
CXUS55 KTWC 010855
CF6TUS
PRELIMINARY LOCAL CLIMATOLOGICAL DATA (WS FORM: F-6)
STATION: TUCSON AZ
MONTH: MAY
YEAR: 2021
LATITUDE: 32 7 N
LONGITUDE: 110 56 W
TEMPERATURE IN F: :PCPN: SNOW: WIND :SUNSHINE: SKY :PK WND
================================================================================
1 2 3 4 5 6A 6B 7 8 9 10 11 12 13 14 15 16 17 18
12Z AVG MX 2MIN
DY MAX MIN AVG DEP HDD CDD WTR SNW DPTH SPD SPD DIR MIN PSBL S-S WX SPD DR
================================================================================
1 95 63 79 7 0 14 0.00 M M 9.4 18 270 M M 0 31 280
2 92 69 81 9 0 16 0.00 M M 15.1 29 260 M M 0 41 250
3 86 60 73 1 0 8 0.00 M M 9.4 16 300 M M 0 32 260
4 91 56 74 1 0 9 0.00 M M 6.8 13 260 M M 0 18 270
5 96 60 78 5 0 13 0.00 M M 5.0 10 330 M M 0 M M
6 99 62 81 8 0 16 0.00 M M 7.0 16 300 M M 0 24 270
7 96 64 80 6 0 15 0.00 M M 7.9 21 260 M M 0 33 250
8 91 62 77 3 0 12 0.00 M M 5.7 21 270 M M 0 27 270
9 92 58 75 1 0 10 0.00 M M 7.1 20 240 M M 0 28 250
10 93 61 77 2 0 12 0.00 M M 9.1 23 200 M M 0 34 190
11 93 57 75 0 0 10 0.00 M M 7.2 16 240 M M 0 23 210
12 97 62 80 5 0 15 0.00 M M 6.6 15 340 M M 0 29 10
13 100 63 82 6 0 17 0.00 M M 7.4 17 290 M M M 26 280
14 98 66 82 6 0 17 0.00 M M 8.3 24 280 M M M 33 280
15 96 68 82 6 0 17 0.00 M M 9.6 22 250 M M 0 31 270
16 92 64 78 1 0 13 0.00 M M 9.8 24 250 M M 0 34 260
17 85 59 72 -5 0 7 0.00 M M 8.3 20 260 M M 0 30 260
18 89 62 76 -1 0 11 0.00 M M 6.6 18 280 M M M 31 320
19 96 66 81 3 0 16 0.00 M M 7.4 18 280 M M M 26 280
20 97 71 84 6 0 19 0.00 M M 9.9 24 260 M M 0 33 260
21 89 68 79 1 0 14 T M M 11.6 31 240 M M 4 45 240
22 88 58 73 -6 0 8 0.00 M M 11.4 30 240 M M 0 42 270
23 87 50 69 -10 0 4 0.00 M M 6.1 16 350 M M 0 22 340
24 92 53 73 -7 0 8 0.00 M M 4.9 18 340 M M 0 25 350
25 97 60 79 -1 0 14 0.00 M M 6.5 15 150 M M 0 26 200
26 96 68 82 2 0 17 0.00 M M 8.4 22 280 M M 0 31 290
27 96 64 80 -1 0 15 0.00 M M 5.2 16 290 M M 0 8 22 320
28 100 64 82 1 0 17 0.00 M M 6.1 16 290 M M 0 24 300
29 99 66 83 2 0 18 0.00 M M 7.9 18 270 M M 0 25 250
30 98 65 82 0 0 17 0.00 M M 6.5 18 260 M M 0 29 300
31 98 70 84 2 0 19 0.00 M M 5.2 15 250 M M 0 20 260
================================================================================
SM 2914 1939 0 418 T M 243.4 M 4
================================================================================
AV 94.0 62.5 7.9 FASTST M M 0 MAX(MPH)
MISC ----> 31 240 45 240
================================================================================
NOTES:
# LAST OF SEVERAL OCCURRENCES
COLUMN 17 PEAK WIND IN M.P.H.
PRELIMINARY LOCAL CLIMATOLOGICAL DATA (WS FORM: F-6) , PAGE 2
STATION: TUCSON AZ
MONTH: MAY
YEAR: 2021
LATITUDE: 32 7 N
LONGITUDE: 110 56 W
[TEMPERATURE DATA] [PRECIPITATION DATA] SYMBOLS USED IN COLUMN 16
AVERAGE MONTHLY: 78.3 TOTAL FOR MONTH: T 1 = FOG OR MIST
DPTR FM NORMAL: 1.5 DPTR FM NORMAL: -0.20 2 = FOG REDUCING VISIBILITY
HIGHEST: 100 ON 28,13 GRTST 24HR T ON 21-21 TO 1/4 MILE OR LESS
LOWEST: 50 ON 23 3 = THUNDER
SNOW, ICE PELLETS, HAIL 4 = ICE PELLETS
TOTAL MONTH: M 5 = HAIL
GRTST 24HR M ON M 6 = FREEZING RAIN OR DRIZZLE
GRTST DEPTH: M ON M 7 = DUSTSTORM OR SANDSTORM:
VSBY 1/2 MILE OR LESS
8 = SMOKE OR HAZE
[NO. OF DAYS WITH] [WEATHER - DAYS WITH] 9 = BLOWING SNOW
X = TORNADO
MAX 32 OR BELOW: 0 0.01 INCH OR MORE: 0
MAX 90 OR ABOVE: 25 0.10 INCH OR MORE: 0
MIN 32 OR BELOW: 0 0.50 INCH OR MORE: 0
MIN 0 OR BELOW: 0 1.00 INCH OR MORE: 0
[HDD (BASE 65) ]
TOTAL THIS MO. 0 CLEAR (SCALE 0-3) 26
DPTR FM NORMAL -4 PTCLDY (SCALE 4-7) 1
TOTAL FM JUL 1 1198 CLOUDY (SCALE 8-10) 4
DPTR FM NORMAL -129
[CDD (BASE 65) ]
TOTAL THIS MO. 418
DPTR FM NORMAL 48 [PRESSURE DATA]
TOTAL FM JAN 1 691 HIGHEST SLP M ON M
DPTR FM NORMAL 136 LOWEST SLP 29.48 ON 2
[REMARKS]
#FINAL-05-21#