000
CXUS54 KSHV 271300
CF6TXK
PRELIMINARY LOCAL CLIMATOLOGICAL DATA (WS FORM: F-6)
STATION: TEXARKANA
MONTH: APRIL
YEAR: 2024
LATITUDE: 33 27 N
LONGITUDE: 94 0 W
TEMPERATURE IN F: :PCPN: SNOW: WIND :SUNSHINE: SKY :PK WND
================================================================================
1 2 3 4 5 6A 6B 7 8 9 10 11 12 13 14 15 16 17 18
12Z AVG MX 2MIN
DY MAX MIN AVG DEP HDD CDD WTR SNW DPTH SPD SPD DIR MIN PSBL S-S WX SPD DR
================================================================================
1 82 68 75 15 0 10 T 0.0 0 9.8 20 180 M M 6 32 140
2 77 51 64 4 1 0 0.03 0.0 0 13.4 28 300 M M 5 38 39 260
3 71 45 58 -3 7 0 0.00 0.0 0 11.5 28 300 M M 0 39 290
4 80 43 62 1 3 0 0.00 0.0 0 8.4 21 290 M M 0 28 300
5 81 49 65 4 0 0 0.00 0.0 0 5.9 14 120 M M 0 20 140
6 83 56 70 9 0 5 0.00 0.0 0 11.4 24 150 M M 2 33 140
7 83 62 73 11 0 8 T 0.0 0 8.4 18 260 M M 4 27 230
8 86 57 72 10 0 7 1.10 0.0 0 8.1 30 150 M M 7 13 43 140
9 65 61 63 1 2 0 1.81 0.0 0 9.0 25 90 M M 9 13 41 80
10 73 57 65 3 0 0 1.23 0.0 0 6.9 21 80 M M 10 13 30 70
11 75 53 64 1 1 0 T 0.0 0 13.3 25 300 M M 2 40 300
12 82 46 64 1 1 0 0.00 0.0 0 5.5 12 280 M M 0 16 170
13 87 58 73 10 0 8 0.00 0.0 0 10.0 21 210 M M 0 29 210
14 84 61 73 10 0 8 0.00 0.0 0 10.7 20 210 M M 2 29 210
15 79 66 73 9 0 8 0.00 0.0 0 8.7 18 160 M M 5 8 26 160
16 76 67 72 8 0 7 0.08 0.0 0 9.2 20 190 M M 8 1 27 210
17 89 70 80 16 0 15 T 0.0 0 6.5 12 150 M M 4 18 15 210
18 88 70 79 15 0 14 0.00 0.0 0 8.1 17 250 M M 7 1 24 240
19 75 57 66 2 0 1 0.01 0.0 0 8.2 14 40 M M 9 18 21 40
20 59 48 54 -11 11 0 1.37 0.0 0 9.4 23 40 M M 10 13 35 80
21 70 50 60 -5 5 0 T 0.0 0 8.0 17 10 M M 3 23 10
22 73 43 58 -7 7 0 0.00 0.0 0 5.3 12 180 M M 0 19 130
23 81 53 67 2 0 2 0.00 0.0 0 9.6 18 180 M M 2 28 210
24 83 68 76 10 0 11 0.03 0.0 0 4.5 10 210 M M 6 14 200
25 86 68 77 11 0 12 T 0.0 0 8.6 18 160 M M 6 1 27 180
26 82 63 73 7 0 8 1.19 0.0 0 10.0 36 260 M M 8 13 53 260
================================================================================
SM 2050 1490 38 124 6.85 0.0 228.4 M 115
================================================================================
AV 78.8 57.3 8.8 FASTST M M 4 MAX(MPH)
MISC ----> 36 260 53 260
================================================================================
NOTES:
# LAST OF SEVERAL OCCURRENCES
COLUMN 17 PEAK WIND IN M.P.H.
PRELIMINARY LOCAL CLIMATOLOGICAL DATA (WS FORM: F-6) , PAGE 2
STATION: TEXARKANA
MONTH: APRIL
YEAR: 2024
LATITUDE: 33 27 N
LONGITUDE: 94 0 W
[TEMPERATURE DATA] [PRECIPITATION DATA] SYMBOLS USED IN COLUMN 16
AVERAGE MONTHLY: 68.1 TOTAL FOR MONTH: 6.85 1 = FOG OR MIST
DPTR FM NORMAL: 4.9 DPTR FM NORMAL: 3.10 2 = FOG REDUCING VISIBILITY
HIGHEST: 89 ON 17 GRTST 24HR 2.91 ON 8- 9 TO 1/4 MILE OR LESS
LOWEST: 43 ON 22, 4 3 = THUNDER
SNOW, ICE PELLETS, HAIL 4 = ICE PELLETS
TOTAL MONTH: 0.0 INCH 5 = HAIL
GRTST 24HR 0.0 6 = FREEZING RAIN OR DRIZZLE
GRTST DEPTH: 0 7 = DUSTSTORM OR SANDSTORM:
VSBY 1/2 MILE OR LESS
8 = SMOKE OR HAZE
[NO. OF DAYS WITH] [WEATHER - DAYS WITH] 9 = BLOWING SNOW
X = TORNADO
MAX 32 OR BELOW: 0 0.01 INCH OR MORE: 9
MAX 90 OR ABOVE: 0 0.10 INCH OR MORE: 5
MIN 32 OR BELOW: 0 0.50 INCH OR MORE: 5
MIN 0 OR BELOW: 0 1.00 INCH OR MORE: 5
[HDD (BASE 65) ]
TOTAL THIS MO. 38 CLEAR (SCALE 0-3) 11
DPTR FM NORMAL -67 PTCLDY (SCALE 4-7) 11
TOTAL FM JUL 1 2068 CLOUDY (SCALE 8-10) 4
DPTR FM NORMAL -484
[CDD (BASE 65) ]
TOTAL THIS MO. 124
DPTR FM NORMAL 67 [PRESSURE DATA]
TOTAL FM JAN 1 220 HIGHEST SLP M ON M
DPTR FM NORMAL 136 LOWEST SLP 29.57 ON 1
[REMARKS]