000
CXUS56 KPQR 011155
CF6UAO
PRELIMINARY LOCAL CLIMATOLOGICAL DATA (WS FORM: F-6)
STATION: AURORA STATE OR
MONTH: JANUARY
YEAR: 2022
LATITUDE: 45 15 N
LONGITUDE: 122 46 W
TEMPERATURE IN F: :PCPN: SNOW: WIND :SUNSHINE: SKY :PK WND
================================================================================
1 2 3 4 5 6A 6B 7 8 9 10 11 12 13 14 15 16 17 18
12Z AVG MX 2MIN
DY MAX MIN AVG DEP HDD CDD WTR SNW DPTH SPD SPD DIR MIN PSBL S-S WX SPD DR
================================================================================
1 37 22 30 -11 35 0 0.00 M M 2.6 8 360 M M 4 8 9 360
2 52 28 40 -1 25 0 0.05 M M 8.2 29 180 M M 8 8 41 170
3 50 35 43 1 22 0 1.66 M M 11.6 25 190 M M 10 1 40 190
4 45 38 42 0 23 0 0.28 M M 9.8 20 180 M M 9 1 26 180
5 44 40 42 0 23 0 0.68 M M 2.7 9 40 M M 10 1 11 140
6 56 42 49 7 16 0 0.40 M M 15.9 25 190 M M 10 18 40 200
7 53 39 46 4 19 0 0.16 M M 12.1 36 190 M M 9 1 48 180
8 51 35 43 1 22 0 0.01 M M 4.9 12 180 M M 6 18 16 180
9 50 29 40 -2 25 0 0.00 M M 1.6 8 10 M M 2 12 9 20
10 47 31 39 -3 26 0 0.04 M M 1.9 7 20 M M 7 12 9 100
11 58 42 50 8 15 0 0.15 M M 4.5 15 190 M M 9 1 22 200
12 58 41 50 8 15 0 0.00 M M 4.1 15 200 M M 3 20 190
13 51 43 47 5 18 0 0.08 M M 8.1 20 180 M M 10 1 24 180
14 53 37 45 3 20 0 0.00 M M 2.8 9 20 M M 2 12 14 30
15 41 31 36 -6 29 0 0.00 M M 1.0 7 40 M M 8 12 8 30
16 49 33 41 -1 24 0 0.00 M M 1.6 9 40 M M 5 128 13 40
17 41 37 39 -3 26 0 0.00 M M 3.1 7 160 M M 10 12 8 170
18 50 38 44 1 21 0 0.06 M M 1.4 10 190 M M 10 12 13 180
19 54 45 50 7 15 0 0.36 M M 4.6 15 200 M M 10 1 20 200
20 57 41 49 6 16 0 0.13 M M 7.5 16 250 M M 9 1 23 210
21 46 36 41 -2 24 0 0.00 M M 3.7 12 10 M M 8 12 15 10
22 50 35 43 0 22 0 0.00 M M 6.3 10 10 M M 5 13 360
23 50 28 39 -4 26 0 0.00 M M 0.6 5 180 M M 1 128 7 150
24 37 30 34 -9 31 0 0.00 M M 1.2 6 20 M M 9 12 7 10
25 52 26 39 -4 26 0 0.00 M M 4.0 12 360 M M 4 128 14 360
26 49 26 38 -5 27 0 0.00 M M 3.5 13 10 M M 0 1 15 10
27 49 24 37 -6 28 0 0.00 M M 5.0 14 360 M M 0 1 17 360
28 50 25 38 -5 27 0 0.00 M M 2.8 9 360 M M 0 11 360
29 50 25 38 -5 27 0 0.00 M M 1.4 6 160 M M 0 18 8 170
30 53 31 42 -1 23 0 0.19 M M 6.7 23 180 M M 6 1 28 200
31 47 34 41 -2 24 0 0.00 M M 6.6 14 220 M M 6 19 220
================================================================================
SM 1530 1047 720 0 4.25 M 151.8 M 190
================================================================================
AV 49.4 33.8 4.9 FASTST M M 6 MAX(MPH)
MISC ----> 36 190 48 180
================================================================================
NOTES:
# LAST OF SEVERAL OCCURRENCES
COLUMN 17 PEAK WIND IN M.P.H.
PRELIMINARY LOCAL CLIMATOLOGICAL DATA (WS FORM: F-6) , PAGE 2
STATION: AURORA STATE OR
MONTH: JANUARY
YEAR: 2022
LATITUDE: 45 15 N
LONGITUDE: 122 46 W
[TEMPERATURE DATA] [PRECIPITATION DATA] SYMBOLS USED IN COLUMN 16
AVERAGE MONTHLY: 41.6 TOTAL FOR MONTH: 4.25 1 = FOG OR MIST
DPTR FM NORMAL: -0.8 DPTR FM NORMAL: -1.23 2 = FOG REDUCING VISIBILITY
HIGHEST: 58 ON 12,11 GRTST 24HR 1.66 ON 3- 3 TO 1/4 MILE OR LESS
LOWEST: 22 ON 1 3 = THUNDER
SNOW, ICE PELLETS, HAIL 4 = ICE PELLETS
TOTAL MONTH: M 5 = HAIL
GRTST 24HR M ON M 6 = FREEZING RAIN OR DRIZZLE
GRTST DEPTH: M ON M 7 = DUSTSTORM OR SANDSTORM:
VSBY 1/2 MILE OR LESS
8 = SMOKE OR HAZE
[NO. OF DAYS WITH] [WEATHER - DAYS WITH] 9 = BLOWING SNOW
X = TORNADO
MAX 32 OR BELOW: 0 0.01 INCH OR MORE: 14
MAX 90 OR ABOVE: 0 0.10 INCH OR MORE: 9
MIN 32 OR BELOW: 13 0.50 INCH OR MORE: 2
MIN 0 OR BELOW: 0 1.00 INCH OR MORE: 1
[HDD (BASE 65) ]
TOTAL THIS MO. 720 CLEAR (SCALE 0-3) 8
DPTR FM NORMAL 19 PTCLDY (SCALE 4-7) 9
TOTAL FM JUL 1 2336 CLOUDY (SCALE 8-10) 14
DPTR FM NORMAL -48
[CDD (BASE 65) ]
TOTAL THIS MO. 0
DPTR FM NORMAL 0 [PRESSURE DATA]
TOTAL FM JAN 1 0 HIGHEST SLP 30.66 ON 21
DPTR FM NORMAL 0 LOWEST SLP 29.28 ON 7
[REMARKS]
#FINAL-01-22#