000
CXUS55 KSEW 011030
CF6UIL
PRELIMINARY LOCAL CLIMATOLOGICAL DATA (WS FORM: F-6)
STATION: QUILLAYUTE WA AIRPORT
MONTH: DECEMBER
YEAR: 2021
LATITUDE: 47 57 N
LONGITUDE: 124 33 W
TEMPERATURE IN F: :PCPN: SNOW: WIND :SUNSHINE: SKY :PK WND
================================================================================
1 2 3 4 5 6A 6B 7 8 9 10 11 12 13 14 15 16 17 18
12Z AVG MX 2MIN
DY MAX MIN AVG DEP HDD CDD WTR SNW DPTH SPD SPD DIR MIN PSBL S-S WX SPD DR
================================================================================
1 52 48 50 8 15 0 0.87 M M 7.9 16 190 M M 10 1 29 190
2 48 31 40 -2 25 0 T M M 3.4 12 310 M M 5 1 18 290
3 45 29 37 -5 28 0 0.00 M M 3.2 14 50 M M 2 19 50
4 43 29 36 -6 29 0 0.22 M M 2.9 10 340 M M 7 1 15 340
5 41 25 33 -9 32 0 0.02 M M 2.0 9 160 M M 4 1 16 150
6 46 35 41 -1 24 0 0.19 M M 4.8 12 120 M M 10 1 20 130
7 50 39 45 4 20 0 0.46 M M 5.3 15 240 M M 10 1 22 180
8 46 34 40 -1 25 0 0.10 M M 5.2 21 290 M M 8 1 31 300
9 45 34 40 -1 25 0 0.38 M M 4.4 20 300 M M 8 1 31 280
10 48 32 40 -1 25 0 1.23 M M 9.6 26 210 M M 9 1 47 240
11 50 37 44 3 21 0 0.64 M M 11.7 28 260 M M 9 18 50 220
12 40 34 37 -4 28 0 0.63 M M 5.8 25 250 M M 9 1 38 230
13 39 34 37 -4 28 0 0.64 M M 4.8 15 140 M M 9 1 25 140
14 40 33 37 -4 28 0 0.48 M M 5.7 12 140 M M 9 1 18 150
15 43 37 40 -1 25 0 0.51 M M 6.6 20 140 M M 10 1 34 140
16 48 30 39 -2 26 0 0.07 M M 2.9 12 310 M M 8 12 18 320
17 42 30 36 -5 29 0 0.36 M M 6.9 17 150 M M 6 1 30 140
18 51 33 42 1 23 0 2.57 M M 9.2 25 260 M M 9 1 45 250
19 45 29 37 -4 28 0 0.00 M M 5.5 13 60 M M 1 1 19 60
20 40 33 37 -4 28 0 0.00 M M 7.3 13 50 M M 2 18 20 40
21 48 33 41 0 24 0 0.62 M M 6.7 22 230 M M 9 1 36 230
22 49 38 44 3 21 0 1.35 M M 10.3 22 180 M M 10 1 38 170
23 42 33 38 -3 27 0 0.97 M M 5.3 20 280 M M 9 1 32 290
24 38 29 34 -7 31 0 0.36 M M 4.4 10 90 M M 7 1 17 100
25 36 28 32 -9 33 0 0.26 M M 6.6 17 240 M M 9 126 27 280
26 30 19 25 -16 40 0 0.05 M M 12.8 22 60 M M 6 128 36 80
27 28 18 23 -18 42 0 0.08 M M 7.3 22 60 M M 5 18 36 60
28 30 23 27 -14 38 0 0.00 M M 5.3 10 50 M M 7 1 16 50
29 32 24 28 -13 37 0 0.01 M M 8.4 24 50 M M 3 1 37 40
30 40 24 32 -9 33 0 0.41 M M 5.0 20 290 M M 7 1 30 280
31 33 24 29 -12 36 0 0.00 M M 6.4 17 50 M M 3 23 40
================================================================================
SM 1308 959 874 0 13.48 M 193.6 M 220
================================================================================
AV 42.2 30.9 6.2 FASTST M M 7 MAX(MPH)
MISC ----> 28 260 50 220
================================================================================
NOTES:
# LAST OF SEVERAL OCCURRENCES
COLUMN 17 PEAK WIND IN M.P.H.
PRELIMINARY LOCAL CLIMATOLOGICAL DATA (WS FORM: F-6) , PAGE 2
STATION: QUILLAYUTE WA AIRPORT
MONTH: DECEMBER
YEAR: 2021
LATITUDE: 47 57 N
LONGITUDE: 124 33 W
[TEMPERATURE DATA] [PRECIPITATION DATA] SYMBOLS USED IN COLUMN 16
AVERAGE MONTHLY: 36.6 TOTAL FOR MONTH: 13.48 1 = FOG OR MIST
DPTR FM NORMAL: -4.4 DPTR FM NORMAL: -0.36 2 = FOG REDUCING VISIBILITY
HIGHEST: 52 ON 1 GRTST 24HR 2.90 ON 17-18 TO 1/4 MILE OR LESS
LOWEST: 18 ON 27 3 = THUNDER
SNOW, ICE PELLETS, HAIL 4 = ICE PELLETS
TOTAL MONTH: M 5 = HAIL
GRTST 24HR M ON M 6 = FREEZING RAIN OR DRIZZLE
GRTST DEPTH: M ON M 7 = DUSTSTORM OR SANDSTORM:
VSBY 1/2 MILE OR LESS
8 = SMOKE OR HAZE
[NO. OF DAYS WITH] [WEATHER - DAYS WITH] 9 = BLOWING SNOW
X = TORNADO
MAX 32 OR BELOW: 4 0.01 INCH OR MORE: 25
MAX 90 OR ABOVE: 0 0.10 INCH OR MORE: 20
MIN 32 OR BELOW: 16 0.50 INCH OR MORE: 10
MIN 0 OR BELOW: 0 1.00 INCH OR MORE: 3
[HDD (BASE 65) ]
TOTAL THIS MO. 874 CLEAR (SCALE 0-3) 3
DPTR FM NORMAL 130 PTCLDY (SCALE 4-7) 14
TOTAL FM JUL 1 2418 CLOUDY (SCALE 8-10) 14
DPTR FM NORMAL 34
[CDD (BASE 65) ]
TOTAL THIS MO. 0
DPTR FM NORMAL 0 [PRESSURE DATA]
TOTAL FM JAN 1 62 HIGHEST SLP 30.56 ON 5
DPTR FM NORMAL 40 LOWEST SLP 29.16 ON 24
[REMARKS]
#FINAL-12-21#