000
CXUS53 KLSX 021617 CCA
CLSUIN
CLIMATE REPORT
NATIONAL WEATHER SERVICE ST LOUIS MO
216 PM CDT THU JUN 01 2023
...................................
...THE QUINCY IL CLIMATE SUMMARY FOR THE SEASON, FROM
3/1/2023 TO 5/31/2023...
CLIMATE NORMAL PERIOD 1991 TO 2020
CLIMATE RECORD PERIOD 1901 TO 2023
WEATHER OBSERVED NORMAL DEPART LAST YEAR`S
VALUE DATE(S) VALUE FROM VALUE
NORMAL
..............................................................
TEMPERATURE (F)
RECORD
HIGH 103 05/30/1934
LOW -13 03/05/1960
HIGHEST 91 05/07
LOWEST 14 03/18
AVG. MAXIMUM 65.3 62.9 2.4
AVG. MINIMUM 42.6 43.0 -0.4
MEAN 53.9 53.0 0.9
DAYS MAX >= 90 1
DAYS MAX <= 32 1
DAYS MAX >= 100 0
DAYS MIN <= 32 16
DAYS MIN <= 0 0
PRECIPITATION (INCHES)
RECORD
MAXIMUM 25.78 1973
MINIMUM 4.20 1956
TOTALS 4.96 10.82 -5.86
DAYS >= .01 25
DAYS >= .10 18
DAYS >= .50 2
DAYS >= 1.00 0
GREATEST
24 HR. TOTAL 0.69 05/14 TO 05/15
DEGREE DAYS
HEATING TOTAL 1104 1211 -107
SINCE 7/1 4953 5474 -521
COOLING TOTAL 104 104 0
SINCE 1/1 104 103 1
..............................................................
WIND (MPH)
HIGHEST WIND SPEED/DIRECTION 40/040 DATE 05/07
HIGHEST GUST SPEED/DIRECTION 55/280 DATE 03/31
55/280 04/01
WEATHER CONDITIONS. NUMBER OF DAYS WITH
THUNDERSTORM 12 HAIL 0
FOG W/VIS <= 1/4 MILE 3
- INDICATES NEGATIVE NUMBERS.
R INDICATES RECORD WAS SET OR TIED.
MM INDICATES DATA IS MISSING.
T INDICATES TRACE AMOUNT.
...SEASONAL...
6TH DRIEST METEOROLOGICAL SPRING ON RECORD (4.96 INCHES).
TOP TEN LEAST OCCURRENCES WITH AT LEAST A HALF INCH OF
RAINFALL (2 DAYS).
...MONTHLY...
3RD DRIEST APRIL ON RECORD (0.92 INCHES).
...DAILY...
2 RECORD HIGH TEMPERATURES SET (05/07 AND 04/04).
RECORD LOW MAXIMUM TEMPERATURE OF 44 DEGREES TIED ON 04/22. ALSO SET
IN 1927.
$$