000
CXUS56 KEKA 020057
CF6UKI
PRELIMINARY LOCAL CLIMATOLOGICAL DATA (WS FORM: F-6)
STATION: UKIAH CA
MONTH: APRIL
YEAR: 2020
LATITUDE: 39 7 N
LONGITUDE: 123 12 W
TEMPERATURE IN F: :PCPN: SNOW: WIND :SUNSHINE: SKY :PK WND
================================================================================
1 2 3 4 5 6A 6B 7 8 9 10 11 12 13 14 15 16 17 18
12Z AVG MX 2MIN
DY MAX MIN AVG DEP HDD CDD WTR SNW DPTH SPD SPD DIR MIN PSBL S-S WX SPD DR
================================================================================
1 59 40 50 -2 15 0 0.00 0.0 0 6.3 17 310 M M 0 24 310
2 64 33 49 -4 16 0 0.00 0.0 0 3.9 16 310 M M 0 25 320
3 63 37 50 -3 15 0 0.00 0.0 0 6.1 15 300 M M 0 21 310
4 57 40 49 -4 16 0 0.47 0.0 0 4.2 13 180 M M 9 1 18 160
5 55 44 50 -3 15 0 0.35 0.0 0 6.4 18 240 M M 8 1 27 210
6 62 36 49 -4 16 0 T 0.0 0 3.6 20 330 M M 4 3 24 320
7 64 41 53 0 12 0 0.02 0.0 0 2.3 14 330 M M 5 1 20 350
8 81 39 60 6 5 0 0.00 0.0 0 3.8 15 160 M M 1 22 170
9 65 50 58 4 7 0 0.00 0.0 0 7.2 15 130 M M 10 21 150
10 68 52 60 6 5 0 0.00 0.0 0 4.4 13 340 M M 6 17 320
11 74 50 62 8 3 0 0.00 0.0 0 3.5 14 140 M M 5 17 140
12 76 48 62 8 3 0 0.00 0.0 0 3.5 14 130 M M 3 1 18 130
13 78 42 60 6 5 0 0.00 0.0 0 1.6 14 270 M M 0 21 250
14 80 41 61 6 4 0 0.00 0.0 0 2.4 15 300 M M 0 21 300
15 82 43 63 8 2 0 0.00 0.0 0 2.5 15 280 M M 0 20 280
16 79 49 64 9 1 0 0.00 0.0 0 4.9 14 100 M M 0 19 90
17 66 50 58 2 7 0 0.00 0.0 0 9.3 18 140 M M 5 1 25 140
18 65 51 58 2 7 0 0.00 0.0 0 5.7 12 350 M M 10 15 10
19 71 50 61 5 4 0 0.00 0.0 0 3.6 14 160 M M 4 21 150
20 63 49 56 0 9 0 T M 0 4.5 15 310 M M 6 19 310
21 75 51 63 7 2 0 0.00 0.0 0 5.7 16 310 M M 3 23 280
22 77 45 61 4 4 0 0.00 0.0 0 6.0 18 280 M M 1 26 290
23 79 53 66 9 0 1 0.00 0.0 0 6.3 21 320 M M 0 26 310
24 85 46 66 9 0 1 0.00 0.0 0 4.1 14 300 M M 0 19 320
25 83 52 68 10 0 3 0.00 0.0 0 3.9 14 340 M M 0 20 290
26 80 50 65 7 0 0 0.00 0.0 0 5.6 18 320 M M 0 30 320
27 78 50 64 6 1 0 0.00 0.0 0 5.9 18 300 M M 0 24 300
28 86 51 69 11 0 4 0.00 0.0 0 3.5 14 30 M M 0 21 30
29 77 53 65 6 0 0 0.00 0.0 0 6.4 17 360 M M 0 23 360
30 76 47 62 3 3 0 0.00 0.0 0 6.0 20 350 M M 0 25 340
================================================================================
SM 2168 1383 177 9 0.84 0.0 143.1 M 80
================================================================================
AV 72.3 46.1 4.8 FASTST M M 3 MAX(MPH)
MISC ----> # 21 320 # 30 320
================================================================================
NOTES:
# LAST OF SEVERAL OCCURRENCES
COLUMN 17 PEAK WIND IN M.P.H.
PRELIMINARY LOCAL CLIMATOLOGICAL DATA (WS FORM: F-6) , PAGE 2
STATION: UKIAH CA
MONTH: APRIL
YEAR: 2020
LATITUDE: 39 7 N
LONGITUDE: 123 12 W
[TEMPERATURE DATA] [PRECIPITATION DATA] SYMBOLS USED IN COLUMN 16
AVERAGE MONTHLY: 59.2 TOTAL FOR MONTH: 0.84 1 = FOG OR MIST
DPTR FM NORMAL: 3.9 DPTR FM NORMAL: -1.71 2 = FOG REDUCING VISIBILITY
HIGHEST: 86 ON 28 GRTST 24HR 0.55 ON 4- 5 TO 1/4 MILE OR LESS
LOWEST: 33 ON 2 3 = THUNDER
SNOW, ICE PELLETS, HAIL 4 = ICE PELLETS
TOTAL MONTH: 0.0 INCH 5 = HAIL
GRTST 24HR 0.0 6 = FREEZING RAIN OR DRIZZLE
GRTST DEPTH: 0 7 = DUSTSTORM OR SANDSTORM:
VSBY 1/2 MILE OR LESS
8 = SMOKE OR HAZE
[NO. OF DAYS WITH] [WEATHER - DAYS WITH] 9 = BLOWING SNOW
X = TORNADO
MAX 32 OR BELOW: 0 0.01 INCH OR MORE: 3
MAX 90 OR ABOVE: 0 0.10 INCH OR MORE: 2
MIN 32 OR BELOW: 0 0.50 INCH OR MORE: 0
MIN 0 OR BELOW: 0 1.00 INCH OR MORE: 0
[HDD (BASE 65) ]
TOTAL THIS MO. 177 CLEAR (SCALE 0-3) 17
DPTR FM NORMAL -122 PTCLDY (SCALE 4-7) 9
TOTAL FM JUL 1 2404 CLOUDY (SCALE 8-10) 4
DPTR FM NORMAL -542
[CDD (BASE 65) ]
TOTAL THIS MO. 9
DPTR FM NORMAL 1 [PRESSURE DATA]
TOTAL FM JAN 1 9 HIGHEST SLP 30.32 ON 22
DPTR FM NORMAL 1 LOWEST SLP 29.50 ON 5
[REMARKS]
#FINAL-04-20#