000
CXUS54 KCRP 011707
CF6VCT
PRELIMINARY LOCAL CLIMATOLOGICAL DATA (WS FORM: F-6)
STATION: VICTORIA
MONTH: OCTOBER
YEAR: 2023
LATITUDE: 28 51 N
LONGITUDE: 96 55 W
TEMPERATURE IN F: :PCPN: SNOW: WIND :SUNSHINE: SKY :PK WND
================================================================================
1 2 3 4 5 6A 6B 7 8 9 10 11 12 13 14 15 16 17 18
12Z AVG MX 2MIN
DY MAX MIN AVG DEP HDD CDD WTR SNW DPTH SPD SPD DIR MIN PSBL S-S WX SPD DR
================================================================================
1 94 74 84 7 0 19 0.00 0.0 0 8.9 20 130 M M 2 25 130
2 93 73 83 6 0 18 0.00 0.0 0 9.4 21 130 M M 1 30 110
3 95 72 84 8 0 19 0.30 0.0 0 6.3 22 80 M M 3 1 30 80
4 94 77 86 10 0 21 0.38 0.0 0 7.5 21 140 M M 4 13 28 80
5 82 70 76 0 0 11 1.35 0.0 0 6.2 39 350 M M 6 1 60 320
6 85 69 77 1 0 12 0.00 0.0 0 8.0 17 50 M M 1 1 23 40
7 78 65 72 -3 0 7 0.00 0.0 0 9.3 18 20 M M 2 26 30
8 74 57 66 -9 0 1 0.00 0.0 0 4.4 14 70 M M 0 18 60
9 79 59 69 -6 0 4 0.00 0.0 0 4.5 12 160 M M 4 16 200
10 78 66 72 -3 0 7 0.07 0.0 0 5.2 15 130 M M 6 20 130
11 74 64 69 -5 0 4 0.17 0.0 0 6.7 14 50 M M 7 1 18 50
12 85 61 73 -1 0 8 0.00 0.0 0 8.5 21 130 M M 2 1 26 130
13 93 71 82 8 0 17 T 0.0 0 4.5 14 20 M M 4 1 20 10
14 79 55 67 -6 0 2 0.00 0.0 0 10.6 21 20 M M 3 30 360
15 77 51 64 -9 1 0 0.00 0.0 0 10.2 24 350 M M 0 31 340
16 74 47 61 -12 4 0 0.00 0.0 0 9.5 22 10 M M 0 32 360
17 78 43 61 -11 4 0 0.00 0.0 0 4.4 8 160 M M 0 12 80
18 84 49 67 -5 0 2 0.00 0.0 0 6.8 20 150 M M 0 1 29 150
19 89 56 73 1 0 8 0.00 0.0 0 2.6 13 250 M M 1 128 17 270
20 95 57 76 5 0 11 0.00 0.0 0 5.1 9 250 M M 1 12 14 250
21 91 57 74 3 0 9 0.00 0.0 0 5.8 15 160 M M 0 1 18 150
22 85 67 76 5 0 11 0.01 0.0 0 8.0 22 130 M M 3 18 30 120
23 84 70 77 7 0 12 0.35 0.0 0 11.1 24 140 M M 6 18 33 140
24 85 74 80 10 0 15 0.43 0.0 0 14.9 28 150 M M 7 1 43 140
25 88 75 82 12 0 17 0.03 0.0 0 11.8 25 140 M M 8 18 36 140
26 88 77 83 14 0 18 0.01 0.0 0 12.3 25 170 M M 7 18 32 160
27 84 75 80 11 0 15 2.54 0.0 0 8.3 23 360 M M 6 123 38 20
28 88 74 81 12 0 16 T 0.0 0 10.2 21 160 M M 5 1 26 150
29 87 50 69 1 0 4 0.01 0.0 0 10.3 26 350 M M 10 1 36 350
30 50 44 47 -21 18 0 T 0.0 0 18.0 29 360 M M 10 48 360
31 60 39 50 -18 15 0 0.01 0.0 0 11.2 18 360 M M 7 27 350
================================================================================
SM 2570 1938 42 288 5.66 0.0 260.5 M 116
================================================================================
AV 82.9 62.5 8.4 FASTST M M 4 MAX(MPH)
MISC ----> 39 350 60 320
================================================================================
NOTES:
# LAST OF SEVERAL OCCURRENCES
COLUMN 17 PEAK WIND IN M.P.H.
PRELIMINARY LOCAL CLIMATOLOGICAL DATA (WS FORM: F-6) , PAGE 2
STATION: VICTORIA
MONTH: OCTOBER
YEAR: 2023
LATITUDE: 28 51 N
LONGITUDE: 96 55 W
[TEMPERATURE DATA] [PRECIPITATION DATA] SYMBOLS USED IN COLUMN 16
AVERAGE MONTHLY: 72.7 TOTAL FOR MONTH: 5.66 1 = FOG OR MIST
DPTR FM NORMAL: 0.1 DPTR FM NORMAL: 1.69 2 = FOG REDUCING VISIBILITY
HIGHEST: 95 ON 20, 3 GRTST 24HR 2.54 ON 27-27 TO 1/4 MILE OR LESS
LOWEST: 39 ON 31 3 = THUNDER
SNOW, ICE PELLETS, HAIL 4 = ICE PELLETS
TOTAL MONTH: 0.0 INCH 5 = HAIL
GRTST 24HR 0.0 6 = FREEZING RAIN OR DRIZZLE
GRTST DEPTH: 0 7 = DUSTSTORM OR SANDSTORM:
VSBY 1/2 MILE OR LESS
8 = SMOKE OR HAZE
[NO. OF DAYS WITH] [WEATHER - DAYS WITH] 9 = BLOWING SNOW
X = TORNADO
MAX 32 OR BELOW: 0 0.01 INCH OR MORE: 13
MAX 90 OR ABOVE: 7 0.10 INCH OR MORE: 7
MIN 32 OR BELOW: 0 0.50 INCH OR MORE: 2
MIN 0 OR BELOW: 0 1.00 INCH OR MORE: 2
[HDD (BASE 65) ]
TOTAL THIS MO. 42 CLEAR (SCALE 0-3) 16
DPTR FM NORMAL 19 PTCLDY (SCALE 4-7) 13
TOTAL FM JUL 1 42 CLOUDY (SCALE 8-10) 2
DPTR FM NORMAL 22
[CDD (BASE 65) ]
TOTAL THIS MO. 288
DPTR FM NORMAL 31 [PRESSURE DATA]
TOTAL FM JAN 1 3967 HIGHEST SLP 30.41 ON 31
DPTR FM NORMAL 787 LOWEST SLP 29.64 ON 12
[REMARKS]
#FINAL-10-23#