000
CXUS56 KLOX 011255
CF6VNY
PRELIMINARY LOCAL CLIMATOLOGICAL DATA (WS FORM: F-6)
STATION: VAN NUYS AIRPORT CA
MONTH: FEBRUARY
YEAR: 2023
LATITUDE: 34 13 N
LONGITUDE: 118 29 W
TEMPERATURE IN F: :PCPN: SNOW: WIND :SUNSHINE: SKY :PK WND
================================================================================
1 2 3 4 5 6A 6B 7 8 9 10 11 12 13 14 15 16 17 18
12Z AVG MX 2MIN
DY MAX MIN AVG DEP HDD CDD WTR SNW DPTH SPD SPD DIR MIN PSBL S-S WX SPD DR
================================================================================
1 72 48 60 3 5 0 0.00 M M 9.0 21 10 M M 0 28 20
2 70 39 55 -2 10 0 0.00 M M 2.0 8 140 M M 0 11 140
3 73 46 60 3 5 0 0.00 M M 2.9 12 170 M M 1 13 160
4 75 42 59 2 6 0 0.00 M M 2.2 10 160 M M 0 14 150
5 67 52 60 3 5 0 0.04 M M M M M M M 5 18 M M
6 68 49 59 2 6 0 0.00 M M 14.1 24 340 M M 0 30 340
7 73 54 64 7 1 0 0.00 M M 12.0 22 350 M M 0 28 340
8 78 44 61 4 4 0 0.00 M M 2.5 15 20 M M 0 19 340
9 80 50 65 8 0 0 0.00 M M 12.0 23 350 M M 0 28 10
10 76 55 66 9 0 1 0.00 M M 7.6 17 350 M M 0 22 340
11 61 45 53 -4 12 0 0.00 M M 5.2 18 150 M M 3 25 150
12 64 42 53 -4 12 0 0.00 M M 3.8 15 140 M M 1 19 90
13 63 44 54 -3 11 0 T M M 3.7 15 160 M M 6 17 160
14 61 45 53 -4 12 0 T M M 8.4 29 360 M M 6 38 10
15 62 41 52 -5 13 0 0.00 M M 10.3 24 20 M M 0 31 350
16 65 40 53 -4 12 0 0.00 M M 5.0 17 350 M M 0 23 340
17 69 42 56 -1 9 0 0.00 M M 6.1 18 360 M M 0 24 30
18 70 41 56 -2 9 0 0.00 M M 1.8 15 160 M M 1 17 160
19 71 40 56 -2 9 0 0.00 M M 3.3 16 150 M M 0 21 150
20 77 42 60 2 5 0 0.00 M M 3.7 14 300 M M 0 18 290
21 66 47 57 -1 8 0 T M M 8.0 18 140 M M 3 23 140
22 56 43 50 -8 15 0 T M M 6.8 20 260 M M 2 27 260
23 52 42 47 -11 18 0 0.28 M M 3.9 14 220 M M 9 3 20 220
24 54 44 49 -9 16 0 5.02 M M 16.9 33 150 M M 10 1 47 150
25 50 42 46 -12 19 0 1.62 M M 6.0 17 110 M M 10 13 23 110
26 52 42 47 -11 18 0 0.00 M M 4.6 10 190 M M 8 18 15 150
27 52 44 48 -11 17 0 0.32 M M 4.1 14 110 M M 10 18 19 110
28 60 43 52 -7 13 0 0.57 M M 4.2 13 190 M M 8 128 19 210
================================================================================
SM 1837 1248 270 1 7.85 M 170.0 M 83
================================================================================
AV 65.6 44.6 6.3 FASTST M M 3 MAX(MPH)
MISC ----> 33 150 47 150
================================================================================
NOTES:
# LAST OF SEVERAL OCCURRENCES
COLUMN 17 PEAK WIND IN M.P.H.
PRELIMINARY LOCAL CLIMATOLOGICAL DATA (WS FORM: F-6) , PAGE 2
STATION: VAN NUYS AIRPORT CA
MONTH: FEBRUARY
YEAR: 2023
LATITUDE: 34 13 N
LONGITUDE: 118 29 W
[TEMPERATURE DATA] [PRECIPITATION DATA] SYMBOLS USED IN COLUMN 16
AVERAGE MONTHLY: 55.1 TOTAL FOR MONTH: 7.85 1 = FOG OR MIST
DPTR FM NORMAL: -2.3 DPTR FM NORMAL: 4.06 2 = FOG REDUCING VISIBILITY
HIGHEST: 80 ON 9 GRTST 24HR 5.19 ON 24-25 TO 1/4 MILE OR LESS
LOWEST: 39 ON 2 3 = THUNDER
SNOW, ICE PELLETS, HAIL 4 = ICE PELLETS
TOTAL MONTH: M 5 = HAIL
GRTST 24HR M ON M 6 = FREEZING RAIN OR DRIZZLE
GRTST DEPTH: M ON M 7 = DUSTSTORM OR SANDSTORM:
VSBY 1/2 MILE OR LESS
8 = SMOKE OR HAZE
[NO. OF DAYS WITH] [WEATHER - DAYS WITH] 9 = BLOWING SNOW
X = TORNADO
MAX 32 OR BELOW: 0 0.01 INCH OR MORE: 6
MAX 90 OR ABOVE: 0 0.10 INCH OR MORE: 5
MIN 32 OR BELOW: 0 0.50 INCH OR MORE: 3
MIN 0 OR BELOW: 0 1.00 INCH OR MORE: 2
[HDD (BASE 65) ]
TOTAL THIS MO. 270 CLEAR (SCALE 0-3) 19
DPTR FM NORMAL 46 PTCLDY (SCALE 4-7) 4
TOTAL FM JUL 1 1006 CLOUDY (SCALE 8-10) 5
DPTR FM NORMAL 94
[CDD (BASE 65) ]
TOTAL THIS MO. 1
DPTR FM NORMAL -10 [PRESSURE DATA]
TOTAL FM JAN 1 1 HIGHEST SLP M ON M
DPTR FM NORMAL -9 LOWEST SLP 29.58 ON 21
[REMARKS]
#FINAL-02-23#